{"id":352,"date":"2024-07-11T17:04:06","date_gmt":"2024-07-11T17:04:06","guid":{"rendered":"https:\/\/escoladigital.madeira.gov.pt\/ebspdffbranco\/?page_id=352"},"modified":"2024-07-11T17:06:57","modified_gmt":"2024-07-11T17:06:57","slug":"conselho-administrativo","status":"publish","type":"page","link":"https:\/\/escoladigital.madeira.gov.pt\/ebspdffbranco\/conselho-administrativo\/","title":{"rendered":"Conselho Administrativo"},"content":{"rendered":"\n<div class=\"wp-block-columns is-layout-flex wp-container-core-columns-is-layout-28f84493 wp-block-columns-is-layout-flex\">\n<div class=\"wp-block-column is-layout-flow wp-block-column-is-layout-flow\" style=\"flex-basis:33.33%\">\n<figure class=\"wp-block-image aligncenter size-large is-resized\"><img fetchpriority=\"high\" decoding=\"async\" width=\"1024\" height=\"768\" src=\"https:\/\/escoladigital.madeira.gov.pt\/ebspdffbranco\/wp-content\/uploads\/sites\/19\/2024\/07\/conselhoadministrativo-1024x768.jpeg\" alt=\"\" class=\"wp-image-353\" style=\"object-fit:cover;width:248px;height:270px\" srcset=\"https:\/\/escoladigital.madeira.gov.pt\/ebspdffbranco\/wp-content\/uploads\/sites\/19\/2024\/07\/conselhoadministrativo-1024x768.jpeg 1024w, https:\/\/escoladigital.madeira.gov.pt\/ebspdffbranco\/wp-content\/uploads\/sites\/19\/2024\/07\/conselhoadministrativo-300x225.jpeg 300w, https:\/\/escoladigital.madeira.gov.pt\/ebspdffbranco\/wp-content\/uploads\/sites\/19\/2024\/07\/conselhoadministrativo-768x576.jpeg 768w, https:\/\/escoladigital.madeira.gov.pt\/ebspdffbranco\/wp-content\/uploads\/sites\/19\/2024\/07\/conselhoadministrativo-1536x1152.jpeg 1536w, https:\/\/escoladigital.madeira.gov.pt\/ebspdffbranco\/wp-content\/uploads\/sites\/19\/2024\/07\/conselhoadministrativo-2048x1536.jpeg 2048w\" sizes=\"(max-width: 1024px) 100vw, 1024px\" \/><\/figure>\n<\/div>\n\n\n\n<div class=\"wp-block-column is-vertically-aligned-center is-layout-flow wp-block-column-is-layout-flow\" style=\"flex-basis:66.66%\">\n<p class=\"has-text-align-center has-medium-font-size\"><strong>Presidente do Conselho Administrativo<\/strong><\/p>\n\n\n\n<p class=\"has-text-align-center has-medium-font-size\">&nbsp;Jos\u00e9 Ricardo Teixeira Vasconcelos<\/p>\n\n\n\n<hr class=\"wp-block-separator aligncenter has-alpha-channel-opacity\" \/>\n\n\n\n<p class=\"has-text-align-center has-medium-font-size\"><strong>Vice-Presidente<\/strong><\/p>\n\n\n\n<p class=\"has-text-align-center has-medium-font-size\">Paulo Manuel Esc\u00f3rcio<\/p>\n\n\n\n<hr class=\"wp-block-separator aligncenter has-alpha-channel-opacity\" \/>\n\n\n\n<p class=\"has-text-align-center has-medium-font-size\"><strong>Chefe de Departamento<\/strong><\/p>\n\n\n\n<p class=\"has-text-align-center has-medium-font-size\">H\u00e9lder Jos\u00e9 dos Santos Baptista&nbsp;<\/p>\n<\/div>\n<\/div>\n\n\n\n<div style=\"height:100px\" aria-hidden=\"true\" class=\"wp-block-spacer\"><\/div>\n\n\n\n<p><\/p>\n","protected":false},"excerpt":{"rendered":"<p>Presidente do Conselho Administrativo &nbsp;Jos\u00e9 Ricardo Teixeira Vasconcelos Vice-Presidente Paulo Manuel Esc\u00f3rcio Chefe de Departamento H\u00e9lder Jos\u00e9 dos Santos Baptista&nbsp;<\/p>\n","protected":false},"author":28,"featured_media":0,"parent":0,"menu_order":0,"comment_status":"closed","ping_status":"closed","template":"","meta":{"_themeisle_gutenberg_block_has_review":false,"footnotes":""},"class_list":["post-352","page","type-page","status-publish","hentry"],"_links":{"self":[{"href":"https:\/\/escoladigital.madeira.gov.pt\/ebspdffbranco\/wp-json\/wp\/v2\/pages\/352","targetHints":{"allow":["GET"]}}],"collection":[{"href":"https:\/\/escoladigital.madeira.gov.pt\/ebspdffbranco\/wp-json\/wp\/v2\/pages"}],"about":[{"href":"https:\/\/escoladigital.madeira.gov.pt\/ebspdffbranco\/wp-json\/wp\/v2\/types\/page"}],"author":[{"embeddable":true,"href":"https:\/\/escoladigital.madeira.gov.pt\/ebspdffbranco\/wp-json\/wp\/v2\/users\/28"}],"replies":[{"embeddable":true,"href":"https:\/\/escoladigital.madeira.gov.pt\/ebspdffbranco\/wp-json\/wp\/v2\/comments?post=352"}],"version-history":[{"count":2,"href":"https:\/\/escoladigital.madeira.gov.pt\/ebspdffbranco\/wp-json\/wp\/v2\/pages\/352\/revisions"}],"predecessor-version":[{"id":356,"href":"https:\/\/escoladigital.madeira.gov.pt\/ebspdffbranco\/wp-json\/wp\/v2\/pages\/352\/revisions\/356"}],"wp:attachment":[{"href":"https:\/\/escoladigital.madeira.gov.pt\/ebspdffbranco\/wp-json\/wp\/v2\/media?parent=352"}],"curies":[{"name":"wp","href":"https:\/\/api.w.org\/{rel}","templated":true}]}}

<div class="wp-block-columns is-layout-flex wp-container-core-columns-is-layout-28f84493 wp-block-columns-is-layout-flex">
<div class="wp-block-column is-layout-flow wp-block-column-is-layout-flow" style="flex-basis:33.33%">
<figure class="wp-block-image aligncenter size-large is-resized"><img fetchpriority="high" decoding="async" width="1024" height="768" src="https://escoladigital.madeira.gov.pt/ebspdffbranco/wp-content/uploads/sites/19/2024/07/conselhoadministrativo-1024x768.jpeg" alt="" class="wp-image-353" style="object-fit:cover;width:248px;height:270px" srcset="https://escoladigital.madeira.gov.pt/ebspdffbranco/wp-content/uploads/sites/19/2024/07/conselhoadministrativo-1024x768.jpeg 1024w, https://escoladigital.madeira.gov.pt/ebspdffbranco/wp-content/uploads/sites/19/2024/07/conselhoadministrativo-300x225.jpeg 300w, https://escoladigital.madeira.gov.pt/ebspdffbranco/wp-content/uploads/sites/19/2024/07/conselhoadministrativo-768x576.jpeg 768w, https://escoladigital.madeira.gov.pt/ebspdffbranco/wp-content/uploads/sites/19/2024/07/conselhoadministrativo-1536x1152.jpeg 1536w, https://escoladigital.madeira.gov.pt/ebspdffbranco/wp-content/uploads/sites/19/2024/07/conselhoadministrativo-2048x1536.jpeg 2048w" sizes="(max-width: 1024px) 100vw, 1024px" /></figure>
</div>



<div class="wp-block-column is-vertically-aligned-center is-layout-flow wp-block-column-is-layout-flow" style="flex-basis:66.66%">
<p class="has-text-align-center has-medium-font-size"><strong>Presidente do Conselho Administrativo</strong></p>



<p class="has-text-align-center has-medium-font-size">&nbsp;José Ricardo Teixeira Vasconcelos</p>



<hr class="wp-block-separator aligncenter has-alpha-channel-opacity" />



<p class="has-text-align-center has-medium-font-size"><strong>Vice-Presidente</strong></p>



<p class="has-text-align-center has-medium-font-size">Paulo Manuel Escórcio</p>



<hr class="wp-block-separator aligncenter has-alpha-channel-opacity" />



<p class="has-text-align-center has-medium-font-size"><strong>Chefe de Departamento</strong></p>



<p class="has-text-align-center has-medium-font-size">Hélder José dos Santos Baptista&nbsp;</p>
</div>
</div>



<div style="height:100px" aria-hidden="true" class="wp-block-spacer"></div>



<p></p>

<p>Presidente do Conselho Administrativo &nbsp;José Ricardo Teixeira Vasconcelos Vice-Presidente Paulo Manuel Escórcio Chefe de Departamento Hélder José dos Santos Baptista&nbsp;</p>
