{"id":369,"date":"2024-07-13T01:24:16","date_gmt":"2024-07-13T01:24:16","guid":{"rendered":"https:\/\/escoladigital.madeira.gov.pt\/ebspdffbranco\/?page_id=369"},"modified":"2024-10-30T09:44:09","modified_gmt":"2024-10-30T09:44:09","slug":"servicos","status":"publish","type":"page","link":"https:\/\/escoladigital.madeira.gov.pt\/ebspdffbranco\/servicos\/","title":{"rendered":"Servi\u00e7os"},"content":{"rendered":"\n<p class=\"has-accent-background-color has-background has-medium-font-size\"><strong>Hor\u00e1rio de funcionamento e de atendimento<\/strong><\/p>\n\n\n\n<div id=\"wp-block-themeisle-blocks-accordion-b8e74ee5\" class=\"wp-block-themeisle-blocks-accordion exclusive\">\n<details class=\"wp-block-themeisle-blocks-accordion-item\"><summary class=\"wp-block-themeisle-blocks-accordion-item__title\"><div><strong><span class=\"highlight\">Servi\u00e7os Administrativos\/Secretaria<\/span><\/strong><\/div><\/summary><div class=\"wp-block-themeisle-blocks-accordion-item__content\">\n<p><strong>De 2\u00aa feira a 6\u00aa feira:<\/strong><\/p>\n\n\n\n<p><strong><em>Hor\u00e1rio de Funcionamento:<\/em><\/strong><\/p>\n\n\n\n<p><strong><em>Per\u00edodo da manh\u00e3:<\/em>&nbsp;9<u>h 00m | 12h 30m<\/u><\/strong><\/p>\n\n\n\n<p><em><strong>Per\u00edodo da tarde<\/strong><\/em><strong>:&nbsp;<\/strong><strong>14h 00m | 17h 30m<\/strong><\/p>\n\n\n\n<p><strong><em>Hor\u00e1rio de Atendimento:<\/em><\/strong><\/p>\n\n\n\n<p><strong><em>Per\u00edodo da manh\u00e3:<\/em>&nbsp;10<u>h 0m | 12h 00m<\/u><\/strong><\/p>\n\n\n\n<p><em><strong>Per\u00edodo da tarde:<\/strong><\/em><strong>14h 00m | 16h 30m<\/strong><\/p>\n\n\n\n<p class=\"has-contrast-2-color has-text-color has-link-color wp-elements-9b77ae63f88c52df70585d455a95b916\"><strong>E-mai<\/strong>l: <strong>secretaria.ebspdffbranco@edu.madeira.gov.pt<\/strong><\/p>\n<\/div><\/details>\n\n\n\n<details class=\"wp-block-themeisle-blocks-accordion-item\"><summary class=\"wp-block-themeisle-blocks-accordion-item__title\"><div><strong><span class=\"highlight\">Servi\u00e7os de a\u00e7\u00e3o social escolar<\/span><\/strong><\/div><\/summary><div class=\"wp-block-themeisle-blocks-accordion-item__content\">\n<p><strong>De 2\u00aa feira a 6\u00aa feira:<\/strong><\/p>\n\n\n\n<p><strong><em>Hor\u00e1rio de Funcionamento:<\/em><\/strong><\/p>\n\n\n\n<p><strong><em>Per\u00edodo da manh\u00e3:<\/em>&nbsp;9<u>h 00m | 12h 30m<\/u><\/strong><\/p>\n\n\n\n<p><em><strong>Per\u00edodo da tarde:&nbsp;<\/strong><\/em><strong>14h 00m | 17h 30m<\/strong><\/p>\n\n\n\n<p><strong><em>Hor\u00e1rio de Atendimento:<\/em><\/strong><\/p>\n\n\n\n<p><strong><em>Per\u00edodo da manh\u00e3:<\/em>&nbsp;10<u>h 0m | 12h 00m<\/u><\/strong><\/p>\n<\/div><\/details>\n<\/div>\n\n\n\n<div id=\"wp-block-themeisle-blocks-accordion-c5ccf0df\" class=\"wp-block-themeisle-blocks-accordion exclusive\">\n<details class=\"wp-block-themeisle-blocks-accordion-item\"><summary class=\"wp-block-themeisle-blocks-accordion-item__title\"><div><strong><span class=\"highlight\">Servi\u00e7o de Reprografia<\/span><\/strong><\/div><\/summary><div class=\"wp-block-themeisle-blocks-accordion-item__content\">\n<p><strong>De 2\u00aa feira a 6\u00aa feira:<\/strong><\/p>\n\n\n\n<p><strong><em>Hor\u00e1rio de Atendimento e de<\/em><\/strong><\/p>\n\n\n\n<p><strong><em>Funcionamento:<\/em><\/strong><\/p>\n\n\n\n<p><strong><em>Per\u00edodo da manh\u00e3:<\/em>&nbsp;8<u>h 00m | 12h 00m<\/u><\/strong><\/p>\n\n\n\n<p><strong>Per\u00edodo da tarde:&nbsp;15h 30m | 17h 30m<\/strong><\/p>\n\n\n\n<p class=\"has-contrast-2-color has-text-color has-link-color wp-elements-b66fdccbc599b77794dd177511f68f6d\"><strong>E-mail<\/strong>:<strong> reprografia.ebspdffbranco@edu.madeira.gov.pt<\/strong><\/p>\n<\/div><\/details>\n\n\n\n<details class=\"wp-block-themeisle-blocks-accordion-item\"><summary class=\"wp-block-themeisle-blocks-accordion-item__title\"><div><strong><span class=\"highlight\">\u00a0\u00a0Servi\u00e7o de\u00a0Biblioteca\u00a0\u00a0<\/span><\/strong><\/div><\/summary><div class=\"wp-block-themeisle-blocks-accordion-item__content\">\n<p><strong>De 2\u00aa feira a 6\u00aa feira<\/strong><\/p>\n\n\n\n<p><strong><em>Hor\u00e1rio de Funcionamento e de <\/em><\/strong><\/p>\n\n\n\n<p><strong><em>Atendimento:<\/em><\/strong><\/p>\n\n\n\n<p><strong><em>Per\u00edodo da manh\u00e3:<\/em>&nbsp;9<u>h 00m | 13h 30m<\/u><\/strong><\/p>\n\n\n\n<p><em><strong>Per\u00edodo da tarde<\/strong><\/em><strong>:&nbsp;15h 00m | 17h 30m<\/strong><\/p>\n<\/div><\/details>\n<\/div>\n\n\n\n<div id=\"wp-block-themeisle-blocks-accordion-b79223c1\" class=\"wp-block-themeisle-blocks-accordion exclusive\">\n<details class=\"wp-block-themeisle-blocks-accordion-item\"><summary class=\"wp-block-themeisle-blocks-accordion-item__title\"><div><strong><span class=\"highlight\">Servi\u00e7o de Papelaria\/Economato<\/span><\/strong><\/div><\/summary><div class=\"wp-block-themeisle-blocks-accordion-item__content\">\n<p><strong>De 2\u00aa feira a 6\u00aa feira:<\/strong><\/p>\n\n\n\n<p><strong><em>Hor\u00e1rio de Atendimento e de<\/em><\/strong><\/p>\n\n\n\n<p><strong><em>Funcionamento:<\/em><\/strong><\/p>\n\n\n\n<p><strong><em>Per\u00edodo da manh\u00e3:<\/em>&nbsp;<u>9h 00m | 13h 30m<\/u><\/strong><\/p>\n\n\n\n<p><strong>Per\u00edodo da tarde:&nbsp;<\/strong><strong>15h 00m | 17h 30m<\/strong><\/p>\n<\/div><\/details>\n\n\n\n<details class=\"wp-block-themeisle-blocks-accordion-item\"><summary class=\"wp-block-themeisle-blocks-accordion-item__title\"><div><strong><span class=\"highlight\">Servi\u00e7o de Laborat\u00f3rio<\/span><\/strong><\/div><\/summary><div class=\"wp-block-themeisle-blocks-accordion-item__content\">\n<p><strong>De 2\u00aa feira e 3\u00aa feira:<\/strong><\/p>\n\n\n\n<p><strong><em>Hor\u00e1rio de Funcionamento e de Atendimento:<\/em><\/strong><\/p>\n\n\n\n<p><strong><em>Per\u00edodo da manh\u00e3:<\/em>&nbsp;9<u>h 00m | 12h 30m<\/u><\/strong><\/p>\n\n\n\n<p><em><strong>Per\u00edodo da tarde<\/strong><\/em><strong>:&nbsp;<\/strong><strong>15h 00m | 18h 30m<\/strong><\/p>\n\n\n\n<p><strong><em><strong>De 4\u00aa feira a 6\u00aa feira:<\/strong><\/em><\/strong><\/p>\n\n\n\n<p><strong><em><strong><em>Hor\u00e1rio de Funcionamento e de Atendimento:<\/em><\/strong><\/em><\/strong><\/p>\n\n\n\n<p><strong><em><strong><em>Per\u00edodo da manh\u00e3:<\/em>&nbsp;9<u>h 00m | 12h 30m<\/u><\/strong><\/em><\/strong><\/p>\n\n\n\n<p><strong><em><strong>Per\u00edodo da tarde<\/strong><strong>:&nbsp;<\/strong><u><strong>14h 30m | 18h 00m<\/strong><\/u><\/em><\/strong><\/p>\n<\/div><\/details>\n<\/div>\n\n\n\n<div id=\"wp-block-themeisle-blocks-accordion-a313d061\" class=\"wp-block-themeisle-blocks-accordion exclusive\">\n<details class=\"wp-block-themeisle-blocks-accordion-item\"><summary class=\"wp-block-themeisle-blocks-accordion-item__title\"><div><strong><span class=\"highlight\">Servi\u00e7os de Telefone<\/span><\/strong><\/div><\/summary><div class=\"wp-block-themeisle-blocks-accordion-item__content\">\n<p><strong>De 2\u00aa feira a 6\u00aa feira:<\/strong><\/p>\n\n\n\n<p><strong><em>Per\u00edodo da manh\u00e3<\/em><\/strong><strong>:&nbsp;<u>09h&nbsp;00m | 12h 30m<\/u><\/strong><\/p>\n\n\n\n<p><strong><em>Per\u00edodo da tarde<\/em>:&nbsp;&nbsp;<u>14h 00m |&nbsp;<\/u><u>17h&nbsp;30m<\/u><\/strong><\/p>\n<\/div><\/details>\n\n\n\n<details class=\"wp-block-themeisle-blocks-accordion-item\"><summary class=\"wp-block-themeisle-blocks-accordion-item__title\"><div><strong><span class=\"highlight\">Servi\u00e7os de Audiovisual<\/span><\/strong><\/div><\/summary><div class=\"wp-block-themeisle-blocks-accordion-item__content\">\n<p><strong>De 2\u00aa feira a 6\u00aa feira:<\/strong><\/p>\n\n\n\n<p><strong><em>Hor\u00e1rio de Funcionamento e de Atendimento:<\/em><\/strong><\/p>\n\n\n\n<p><strong><em>Per\u00edodo da manh\u00e3:<\/em>&nbsp;9<u>h 00m | 13h 30m<\/u><\/strong><\/p>\n\n\n\n<p><em><strong>Per\u00edodo da tarde<\/strong><\/em><strong>:&nbsp;<\/strong><strong>15h 00m | 17h 30m<\/strong><\/p>\n\n\n\n<p class=\"has-contrast-2-color has-text-color has-link-color has-small-font-size wp-elements-0f99a0eb273ba6040673df1d8bfca1fb\"><strong>E-mail: audiovisuais.ebspdffbranco@edu.madeira.gov.pt<\/strong><\/p>\n<\/div><\/details>\n<\/div>\n\n\n\n<div id=\"wp-block-themeisle-blocks-accordion-ec3c665b\" class=\"wp-block-themeisle-blocks-accordion exclusive\">\n<details class=\"wp-block-themeisle-blocks-accordion-item\"><summary class=\"wp-block-themeisle-blocks-accordion-item__title\"><div><strong><span class=\"highlight\">Servi\u00e7o de Cantina\/Bar<\/span><\/strong><\/div><\/summary><div class=\"wp-block-themeisle-blocks-accordion-item__content\">\n<p><strong>De 2\u00aa feira a 6\u00aa feira<\/strong><\/p>\n\n\n\n<p><em><strong>Hor\u00e1rio de Atendimento<\/strong><\/em><\/p>\n\n\n\n<p><strong><em>Abertura<\/em><\/strong><strong>:&nbsp;<u>07h 45m<\/u><\/strong><\/p>\n\n\n\n<p><strong><em>Encerramento<\/em><\/strong><strong>:&nbsp;<u>21h 00m<\/u><\/strong><\/p>\n<\/div><\/details>\n<\/div>\n\n\n\n<div style=\"height:100px\" aria-hidden=\"true\" class=\"wp-block-spacer\"><\/div>\n","protected":false},"excerpt":{"rendered":"<p>Hor\u00e1rio de funcionamento e de atendimento<\/p>\n","protected":false},"author":28,"featured_media":0,"parent":0,"menu_order":0,"comment_status":"closed","ping_status":"closed","template":"","meta":{"_themeisle_gutenberg_block_has_review":false,"footnotes":""},"class_list":["post-369","page","type-page","status-publish","hentry"],"_links":{"self":[{"href":"https:\/\/escoladigital.madeira.gov.pt\/ebspdffbranco\/wp-json\/wp\/v2\/pages\/369","targetHints":{"allow":["GET"]}}],"collection":[{"href":"https:\/\/escoladigital.madeira.gov.pt\/ebspdffbranco\/wp-json\/wp\/v2\/pages"}],"about":[{"href":"https:\/\/escoladigital.madeira.gov.pt\/ebspdffbranco\/wp-json\/wp\/v2\/types\/page"}],"author":[{"embeddable":true,"href":"https:\/\/escoladigital.madeira.gov.pt\/ebspdffbranco\/wp-json\/wp\/v2\/users\/28"}],"replies":[{"embeddable":true,"href":"https:\/\/escoladigital.madeira.gov.pt\/ebspdffbranco\/wp-json\/wp\/v2\/comments?post=369"}],"version-history":[{"count":5,"href":"https:\/\/escoladigital.madeira.gov.pt\/ebspdffbranco\/wp-json\/wp\/v2\/pages\/369\/revisions"}],"predecessor-version":[{"id":1523,"href":"https:\/\/escoladigital.madeira.gov.pt\/ebspdffbranco\/wp-json\/wp\/v2\/pages\/369\/revisions\/1523"}],"wp:attachment":[{"href":"https:\/\/escoladigital.madeira.gov.pt\/ebspdffbranco\/wp-json\/wp\/v2\/media?parent=369"}],"curies":[{"name":"wp","href":"https:\/\/api.w.org\/{rel}","templated":true}]}}

Serviços

<p class="has-accent-background-color has-background has-medium-font-size"><strong>Horário de funcionamento e de atendimento</strong></p>



<div id="wp-block-themeisle-blocks-accordion-b8e74ee5" class="wp-block-themeisle-blocks-accordion exclusive">
<details class="wp-block-themeisle-blocks-accordion-item"><summary class="wp-block-themeisle-blocks-accordion-item__title"><div><strong><span class="highlight">Serviços Administrativos/Secretaria</span></strong></div></summary><div class="wp-block-themeisle-blocks-accordion-item__content">
<p><strong>De 2ª feira a 6ª feira:</strong></p>



<p><strong><em>Horário de Funcionamento:</em></strong></p>



<p><strong><em>Período da manhã:</em>&nbsp;9<u>h 00m | 12h 30m</u></strong></p>



<p><em><strong>Período da tarde</strong></em><strong>:&nbsp;</strong><strong>14h 00m | 17h 30m</strong></p>



<p><strong><em>Horário de Atendimento:</em></strong></p>



<p><strong><em>Período da manhã:</em>&nbsp;10<u>h 0m | 12h 00m</u></strong></p>



<p><em><strong>Período da tarde:</strong></em><strong>14h 00m | 16h 30m</strong></p>



<p class="has-contrast-2-color has-text-color has-link-color wp-elements-9b77ae63f88c52df70585d455a95b916"><strong>E-mai</strong>l: <strong>secretaria.ebspdffbranco@edu.madeira.gov.pt</strong></p>
</div></details>



<details class="wp-block-themeisle-blocks-accordion-item"><summary class="wp-block-themeisle-blocks-accordion-item__title"><div><strong><span class="highlight">Serviços de ação social escolar</span></strong></div></summary><div class="wp-block-themeisle-blocks-accordion-item__content">
<p><strong>De 2ª feira a 6ª feira:</strong></p>



<p><strong><em>Horário de Funcionamento:</em></strong></p>



<p><strong><em>Período da manhã:</em>&nbsp;9<u>h 00m | 12h 30m</u></strong></p>



<p><em><strong>Período da tarde:&nbsp;</strong></em><strong>14h 00m | 17h 30m</strong></p>



<p><strong><em>Horário de Atendimento:</em></strong></p>



<p><strong><em>Período da manhã:</em>&nbsp;10<u>h 0m | 12h 00m</u></strong></p>
</div></details>
</div>



<div id="wp-block-themeisle-blocks-accordion-c5ccf0df" class="wp-block-themeisle-blocks-accordion exclusive">
<details class="wp-block-themeisle-blocks-accordion-item"><summary class="wp-block-themeisle-blocks-accordion-item__title"><div><strong><span class="highlight">Serviço de Reprografia</span></strong></div></summary><div class="wp-block-themeisle-blocks-accordion-item__content">
<p><strong>De 2ª feira a 6ª feira:</strong></p>



<p><strong><em>Horário de Atendimento e de</em></strong></p>



<p><strong><em>Funcionamento:</em></strong></p>



<p><strong><em>Período da manhã:</em>&nbsp;8<u>h 00m | 12h 00m</u></strong></p>



<p><strong>Período da tarde:&nbsp;15h 30m | 17h 30m</strong></p>



<p class="has-contrast-2-color has-text-color has-link-color wp-elements-b66fdccbc599b77794dd177511f68f6d"><strong>E-mail</strong>:<strong> reprografia.ebspdffbranco@edu.madeira.gov.pt</strong></p>
</div></details>



<details class="wp-block-themeisle-blocks-accordion-item"><summary class="wp-block-themeisle-blocks-accordion-item__title"><div><strong><span class="highlight">  Serviço de Biblioteca  </span></strong></div></summary><div class="wp-block-themeisle-blocks-accordion-item__content">
<p><strong>De 2ª feira a 6ª feira</strong></p>



<p><strong><em>Horário de Funcionamento e de </em></strong></p>



<p><strong><em>Atendimento:</em></strong></p>



<p><strong><em>Período da manhã:</em>&nbsp;9<u>h 00m | 13h 30m</u></strong></p>



<p><em><strong>Período da tarde</strong></em><strong>:&nbsp;15h 00m | 17h 30m</strong></p>
</div></details>
</div>



<div id="wp-block-themeisle-blocks-accordion-b79223c1" class="wp-block-themeisle-blocks-accordion exclusive">
<details class="wp-block-themeisle-blocks-accordion-item"><summary class="wp-block-themeisle-blocks-accordion-item__title"><div><strong><span class="highlight">Serviço de Papelaria/Economato</span></strong></div></summary><div class="wp-block-themeisle-blocks-accordion-item__content">
<p><strong>De 2ª feira a 6ª feira:</strong></p>



<p><strong><em>Horário de Atendimento e de</em></strong></p>



<p><strong><em>Funcionamento:</em></strong></p>



<p><strong><em>Período da manhã:</em>&nbsp;<u>9h 00m | 13h 30m</u></strong></p>



<p><strong>Período da tarde:&nbsp;</strong><strong>15h 00m | 17h 30m</strong></p>
</div></details>



<details class="wp-block-themeisle-blocks-accordion-item"><summary class="wp-block-themeisle-blocks-accordion-item__title"><div><strong><span class="highlight">Serviço de Laboratório</span></strong></div></summary><div class="wp-block-themeisle-blocks-accordion-item__content">
<p><strong>De 2ª feira e 3ª feira:</strong></p>



<p><strong><em>Horário de Funcionamento e de Atendimento:</em></strong></p>



<p><strong><em>Período da manhã:</em>&nbsp;9<u>h 00m | 12h 30m</u></strong></p>



<p><em><strong>Período da tarde</strong></em><strong>:&nbsp;</strong><strong>15h 00m | 18h 30m</strong></p>



<p><strong><em><strong>De 4ª feira a 6ª feira:</strong></em></strong></p>



<p><strong><em><strong><em>Horário de Funcionamento e de Atendimento:</em></strong></em></strong></p>



<p><strong><em><strong><em>Período da manhã:</em>&nbsp;9<u>h 00m | 12h 30m</u></strong></em></strong></p>



<p><strong><em><strong>Período da tarde</strong><strong>:&nbsp;</strong><u><strong>14h 30m | 18h 00m</strong></u></em></strong></p>
</div></details>
</div>



<div id="wp-block-themeisle-blocks-accordion-a313d061" class="wp-block-themeisle-blocks-accordion exclusive">
<details class="wp-block-themeisle-blocks-accordion-item"><summary class="wp-block-themeisle-blocks-accordion-item__title"><div><strong><span class="highlight">Serviços de Telefone</span></strong></div></summary><div class="wp-block-themeisle-blocks-accordion-item__content">
<p><strong>De 2ª feira a 6ª feira:</strong></p>



<p><strong><em>Período da manhã</em></strong><strong>:&nbsp;<u>09h&nbsp;00m | 12h 30m</u></strong></p>



<p><strong><em>Período da tarde</em>:&nbsp;&nbsp;<u>14h 00m |&nbsp;</u><u>17h&nbsp;30m</u></strong></p>
</div></details>



<details class="wp-block-themeisle-blocks-accordion-item"><summary class="wp-block-themeisle-blocks-accordion-item__title"><div><strong><span class="highlight">Serviços de Audiovisual</span></strong></div></summary><div class="wp-block-themeisle-blocks-accordion-item__content">
<p><strong>De 2ª feira a 6ª feira:</strong></p>



<p><strong><em>Horário de Funcionamento e de Atendimento:</em></strong></p>



<p><strong><em>Período da manhã:</em>&nbsp;9<u>h 00m | 13h 30m</u></strong></p>



<p><em><strong>Período da tarde</strong></em><strong>:&nbsp;</strong><strong>15h 00m | 17h 30m</strong></p>



<p class="has-contrast-2-color has-text-color has-link-color has-small-font-size wp-elements-0f99a0eb273ba6040673df1d8bfca1fb"><strong>E-mail: audiovisuais.ebspdffbranco@edu.madeira.gov.pt</strong></p>
</div></details>
</div>



<div id="wp-block-themeisle-blocks-accordion-ec3c665b" class="wp-block-themeisle-blocks-accordion exclusive">
<details class="wp-block-themeisle-blocks-accordion-item"><summary class="wp-block-themeisle-blocks-accordion-item__title"><div><strong><span class="highlight">Serviço de Cantina/Bar</span></strong></div></summary><div class="wp-block-themeisle-blocks-accordion-item__content">
<p><strong>De 2ª feira a 6ª feira</strong></p>



<p><em><strong>Horário de Atendimento</strong></em></p>



<p><strong><em>Abertura</em></strong><strong>:&nbsp;<u>07h 45m</u></strong></p>



<p><strong><em>Encerramento</em></strong><strong>:&nbsp;<u>21h 00m</u></strong></p>
</div></details>
</div>



<div style="height:100px" aria-hidden="true" class="wp-block-spacer"></div>

<p>Horário de funcionamento e de atendimento</p>
