{"id":377,"date":"2024-07-13T01:42:00","date_gmt":"2024-07-13T01:42:00","guid":{"rendered":"https:\/\/escoladigital.madeira.gov.pt\/ebspdffbranco\/?page_id=377"},"modified":"2025-05-05T12:30:20","modified_gmt":"2025-05-05T12:30:20","slug":"plano-de-gestao-de-riscos-de-corrupcao-e-infracoes-conexas","status":"publish","type":"page","link":"https:\/\/escoladigital.madeira.gov.pt\/ebspdffbranco\/plano-de-gestao-de-riscos-de-corrupcao-e-infracoes-conexas\/","title":{"rendered":"Plano de Gest\u00e3o de Riscos de Corrup\u00e7\u00e3o e Infra\u00e7\u00f5es Conexas"},"content":{"rendered":"\n<p class=\"has-medium-font-size\">A Lei n. \u00ba 54\/2008, de 4 de setembro, cria o Conselho de Preven\u00e7\u00e3o da Corrup\u00e7\u00e3o (CPC), entidade administrativa independente, a funcionar junto do Tribunal de Contas, que desenvolve uma atividade de \u00e2mbito nacional no dom\u00ednio da preven\u00e7\u00e3o da corrup\u00e7\u00e3o e infra\u00e7\u00f5es conexas. De acordo com o ponto 1, do artigo 2\u00ba da lei supracitada, a atividade do CPC est\u00e1 exclusivamente orientada \u00e0 preven\u00e7\u00e3o da corrup\u00e7\u00e3o.<\/p>\n\n\n\n<div data-wp-interactive=\"core\/file\" class=\"wp-block-file\"><object data-wp-bind--hidden=\"!state.hasPdfPreview\" hidden class=\"wp-block-file__embed\" data=\"https:\/\/escoladigital.madeira.gov.pt\/ebspdffbranco\/wp-content\/uploads\/sites\/19\/2025\/05\/PPR-EBScPECPDFFB-Porto-Santo.pdf\" type=\"application\/pdf\" style=\"width:100%;height:600px\" aria-label=\"Incorpora\u00e7\u00e3o de PPR EBScPECPDFFB Porto Santo.\"><\/object><a id=\"wp-block-file--media-d547dcc3-1246-48b4-9df9-5442d4eebf2b\" href=\"https:\/\/escoladigital.madeira.gov.pt\/ebspdffbranco\/wp-content\/uploads\/sites\/19\/2025\/05\/PPR-EBScPECPDFFB-Porto-Santo.pdf\">PPR EBScPECPDFFB Porto Santo<\/a><a href=\"https:\/\/escoladigital.madeira.gov.pt\/ebspdffbranco\/wp-content\/uploads\/sites\/19\/2025\/05\/PPR-EBScPECPDFFB-Porto-Santo.pdf\" class=\"wp-block-file__button wp-element-button\" download aria-describedby=\"wp-block-file--media-d547dcc3-1246-48b4-9df9-5442d4eebf2b\">Descarregar<\/a><\/div>\n\n\n\n<div style=\"height:100px\" aria-hidden=\"true\" class=\"wp-block-spacer\"><\/div>\n","protected":false},"excerpt":{"rendered":"<p>A Lei n. \u00ba 54\/2008, de 4 de setembro, cria o Conselho de Preven\u00e7\u00e3o da Corrup\u00e7\u00e3o (CPC), entidade administrativa independente, a funcionar junto do Tribunal de Contas, que desenvolve uma atividade de \u00e2mbito nacional no dom\u00ednio da preven\u00e7\u00e3o da corrup\u00e7\u00e3o e infra\u00e7\u00f5es conexas. De acordo com o ponto 1, do artigo 2\u00ba da lei supracitada, [&hellip;]<\/p>\n","protected":false},"author":28,"featured_media":0,"parent":0,"menu_order":0,"comment_status":"closed","ping_status":"closed","template":"","meta":{"_themeisle_gutenberg_block_has_review":false,"footnotes":""},"class_list":["post-377","page","type-page","status-publish","hentry"],"_links":{"self":[{"href":"https:\/\/escoladigital.madeira.gov.pt\/ebspdffbranco\/wp-json\/wp\/v2\/pages\/377","targetHints":{"allow":["GET"]}}],"collection":[{"href":"https:\/\/escoladigital.madeira.gov.pt\/ebspdffbranco\/wp-json\/wp\/v2\/pages"}],"about":[{"href":"https:\/\/escoladigital.madeira.gov.pt\/ebspdffbranco\/wp-json\/wp\/v2\/types\/page"}],"author":[{"embeddable":true,"href":"https:\/\/escoladigital.madeira.gov.pt\/ebspdffbranco\/wp-json\/wp\/v2\/users\/28"}],"replies":[{"embeddable":true,"href":"https:\/\/escoladigital.madeira.gov.pt\/ebspdffbranco\/wp-json\/wp\/v2\/comments?post=377"}],"version-history":[{"count":2,"href":"https:\/\/escoladigital.madeira.gov.pt\/ebspdffbranco\/wp-json\/wp\/v2\/pages\/377\/revisions"}],"predecessor-version":[{"id":3878,"href":"https:\/\/escoladigital.madeira.gov.pt\/ebspdffbranco\/wp-json\/wp\/v2\/pages\/377\/revisions\/3878"}],"wp:attachment":[{"href":"https:\/\/escoladigital.madeira.gov.pt\/ebspdffbranco\/wp-json\/wp\/v2\/media?parent=377"}],"curies":[{"name":"wp","href":"https:\/\/api.w.org\/{rel}","templated":true}]}}