{"id":571,"date":"2024-08-02T13:56:33","date_gmt":"2024-08-02T13:56:33","guid":{"rendered":"https:\/\/escoladigital.madeira.gov.pt\/ebspdffbranco\/?page_id=571"},"modified":"2024-08-02T13:58:06","modified_gmt":"2024-08-02T13:58:06","slug":"balanco-social","status":"publish","type":"page","link":"https:\/\/escoladigital.madeira.gov.pt\/ebspdffbranco\/balanco-social\/","title":{"rendered":"Balan\u00e7o Social"},"content":{"rendered":"\n<p>De acordo com o disposto no n.\u00ba 2 do artigo 4.\u00ba do Decreto Legislativo Regional n.\u00ba 40\/2008\/M, de 10 de dezembro, que adapta \u00e0 Regi\u00e3o Aut\u00f3noma da Madeira o Decreto -Lei n.\u00ba 190\/96, de 9 de outubro, que aprovou o&nbsp;<strong>Regime do Balan\u00e7o Social,&nbsp;<\/strong>&nbsp;a escola vem desta forma publicitar o balan\u00e7o social referente ao ano 2020.<\/p>\n\n\n\n<div class=\"wp-block-file aligncenter\"><a id=\"wp-block-file--media-1cc1884a-9694-424e-9437-f509947314d3\" href=\"https:\/\/escoladigital.madeira.gov.pt\/ebspdffbranco\/wp-content\/uploads\/sites\/19\/2024\/08\/Balanco-Social-2020.xlsx\">Balanco-Social-2020<\/a><a href=\"https:\/\/escoladigital.madeira.gov.pt\/ebspdffbranco\/wp-content\/uploads\/sites\/19\/2024\/08\/Balanco-Social-2020.xlsx\" class=\"wp-block-file__button wp-element-button\" download aria-describedby=\"wp-block-file--media-1cc1884a-9694-424e-9437-f509947314d3\">Descarregar<\/a><\/div>\n\n\n\n<div style=\"height:74px\" aria-hidden=\"true\" class=\"wp-block-spacer\"><\/div>\n","protected":false},"excerpt":{"rendered":"<p>De acordo com o disposto no n.\u00ba 2 do artigo 4.\u00ba do Decreto Legislativo Regional n.\u00ba 40\/2008\/M, de 10 de dezembro, que adapta \u00e0 Regi\u00e3o Aut\u00f3noma da Madeira o Decreto -Lei n.\u00ba 190\/96, de 9 de outubro, que aprovou o&nbsp;Regime do Balan\u00e7o Social,&nbsp;&nbsp;a escola vem desta forma publicitar o balan\u00e7o social referente ao ano 2020.<\/p>\n","protected":false},"author":28,"featured_media":0,"parent":0,"menu_order":0,"comment_status":"closed","ping_status":"closed","template":"","meta":{"_themeisle_gutenberg_block_has_review":false,"footnotes":""},"class_list":["post-571","page","type-page","status-publish","hentry"],"_links":{"self":[{"href":"https:\/\/escoladigital.madeira.gov.pt\/ebspdffbranco\/wp-json\/wp\/v2\/pages\/571","targetHints":{"allow":["GET"]}}],"collection":[{"href":"https:\/\/escoladigital.madeira.gov.pt\/ebspdffbranco\/wp-json\/wp\/v2\/pages"}],"about":[{"href":"https:\/\/escoladigital.madeira.gov.pt\/ebspdffbranco\/wp-json\/wp\/v2\/types\/page"}],"author":[{"embeddable":true,"href":"https:\/\/escoladigital.madeira.gov.pt\/ebspdffbranco\/wp-json\/wp\/v2\/users\/28"}],"replies":[{"embeddable":true,"href":"https:\/\/escoladigital.madeira.gov.pt\/ebspdffbranco\/wp-json\/wp\/v2\/comments?post=571"}],"version-history":[{"count":2,"href":"https:\/\/escoladigital.madeira.gov.pt\/ebspdffbranco\/wp-json\/wp\/v2\/pages\/571\/revisions"}],"predecessor-version":[{"id":575,"href":"https:\/\/escoladigital.madeira.gov.pt\/ebspdffbranco\/wp-json\/wp\/v2\/pages\/571\/revisions\/575"}],"wp:attachment":[{"href":"https:\/\/escoladigital.madeira.gov.pt\/ebspdffbranco\/wp-json\/wp\/v2\/media?parent=571"}],"curies":[{"name":"wp","href":"https:\/\/api.w.org\/{rel}","templated":true}]}}

Balanço Social

<p>De acordo com o disposto no n.º 2 do artigo 4.º do Decreto Legislativo Regional n.º 40/2008/M, de 10 de dezembro, que adapta à Região Autónoma da Madeira o Decreto -Lei n.º 190/96, de 9 de outubro, que aprovou o&nbsp;<strong>Regime do Balanço Social,&nbsp;</strong>&nbsp;a escola vem desta forma publicitar o balanço social referente ao ano 2020.</p>



<div class="wp-block-file aligncenter"><a id="wp-block-file--media-1cc1884a-9694-424e-9437-f509947314d3" href="https://escoladigital.madeira.gov.pt/ebspdffbranco/wp-content/uploads/sites/19/2024/08/Balanco-Social-2020.xlsx">Balanco-Social-2020</a><a href="https://escoladigital.madeira.gov.pt/ebspdffbranco/wp-content/uploads/sites/19/2024/08/Balanco-Social-2020.xlsx" class="wp-block-file__button wp-element-button" download aria-describedby="wp-block-file--media-1cc1884a-9694-424e-9437-f509947314d3">Descarregar</a></div>



<div style="height:74px" aria-hidden="true" class="wp-block-spacer"></div>

<p>De acordo com o disposto no n.º 2 do artigo 4.º do Decreto Legislativo Regional n.º 40/2008/M, de 10 de dezembro, que adapta à Região Autónoma da Madeira o Decreto -Lei n.º 190/96, de 9 de outubro, que aprovou o&nbsp;Regime do Balanço Social,&nbsp;&nbsp;a escola vem desta forma publicitar o balanço social referente ao ano 2020.</p>
