{"id":632,"date":"2024-08-30T09:38:58","date_gmt":"2024-08-30T09:38:58","guid":{"rendered":"https:\/\/escoladigital.madeira.gov.pt\/ebspdffbranco\/?page_id=632"},"modified":"2025-12-11T15:31:43","modified_gmt":"2025-12-11T15:31:43","slug":"add","status":"publish","type":"page","link":"https:\/\/escoladigital.madeira.gov.pt\/ebspdffbranco\/add\/","title":{"rendered":"ADD"},"content":{"rendered":"\n<div class=\"wp-block-group alignfull has-background has-large-font-size is-nowrap is-layout-flex wp-container-core-group-is-layout-9a3e514d wp-block-group-is-layout-flex\" style=\"background-color:#d7e1cd;margin-top:0;margin-bottom:0;padding-top:var(--wp--preset--spacing--20);padding-right:var(--wp--preset--spacing--60);padding-bottom:var(--wp--preset--spacing--20);padding-left:var(--wp--preset--spacing--60)\">\n<div class=\"wp-block-columns alignwide is-layout-flex wp-container-core-columns-is-layout-1da03c2a wp-block-columns-is-layout-flex\">\n<div class=\"wp-block-column is-layout-flow wp-block-column-is-layout-flow\">\n<p>Documentos referente \u00e0 Avalia\u00e7\u00e3o do Desempenho Docente<\/p>\n<\/div>\n<\/div>\n<\/div>\n\n\n\n<div class=\"wp-block-group alignfull has-base-background-color has-background is-nowrap is-layout-flex wp-container-core-group-is-layout-4ffd6b58 wp-block-group-is-layout-flex\" style=\"min-height:80px;margin-top:0;margin-bottom:0;padding-top:var(--wp--preset--spacing--50);padding-right:var(--wp--preset--spacing--20);padding-bottom:var(--wp--preset--spacing--50);padding-left:var(--wp--preset--spacing--20)\">\n<div class=\"wp-block-columns alignwide is-layout-flex wp-container-core-columns-is-layout-549b0c86 wp-block-columns-is-layout-flex\">\n<div class=\"wp-block-column is-vertically-aligned-top has-global-padding is-content-justification-left is-layout-constrained wp-container-core-column-is-layout-db8a5927 wp-block-column-is-layout-constrained\" style=\"flex-basis:40%\">\n<figure class=\"wp-block-image alignright size-full is-resized\"><img fetchpriority=\"high\" decoding=\"async\" width=\"261\" height=\"250\" src=\"https:\/\/escoladigital.madeira.gov.pt\/ebspdffbranco\/wp-content\/uploads\/sites\/19\/2024\/08\/lapisverde.png\" alt=\"\" class=\"wp-image-634\" style=\"width:161px;height:auto\" \/><\/figure>\n<\/div>\n\n\n\n<div class=\"wp-block-column is-layout-flow wp-container-core-column-is-layout-66871598 wp-block-column-is-layout-flow\" style=\"padding-top:var(--wp--preset--spacing--10);padding-right:0;padding-bottom:var(--wp--preset--spacing--10);padding-left:0;line-height:2.5;flex-basis:100%\">\n<ul class=\"wp-block-list\">\n<li><a href=\"https:\/\/escoladigital.madeira.gov.pt\/ebspdffbranco\/wp-content\/uploads\/sites\/19\/2025\/12\/0-Dimensoes-e-Parametros-da-avaliacao-docente-25-26.pdf\" target=\"_blank\" rel=\"noreferrer noopener\"><strong>Dimens\u00f5es e Par\u00e2metros da avalia\u00e7\u00e3o docente<\/strong> <\/a>(aprovado na reuni\u00e3o do CP do dia 28-11-2025)<\/li>\n\n\n\n<li style=\"padding-top:0;padding-bottom:0\"><strong>Anexo I <\/strong>\u2013 <a href=\"https:\/\/escoladigital.madeira.gov.pt\/ebspdffbranco\/wp-content\/uploads\/sites\/19\/2025\/12\/Anexo-I-Calendarizacao-ADD-2025-2026.pdf\" target=\"_blank\" rel=\"noreferrer noopener\">Calendariza\u00e7\u00e3o do processo de avalia\u00e7\u00e3o do desempenho do pessoal docente<\/a><\/li>\n\n\n\n<li><strong>Anexo II<\/strong> \u2013 <a href=\"https:\/\/escoladigital.madeira.gov.pt\/ebspdffbranco\/wp-content\/uploads\/sites\/19\/2025\/12\/Anexo-II_Requerimento-para-integracao-no-regime-geral.docx\" target=\"_blank\" rel=\"noreferrer noopener\">Requerimento de aplica\u00e7\u00e3o do regime geral de avalia\u00e7\u00e3o<\/a><\/li>\n\n\n\n<li><strong>Anexo III <\/strong>\u2013 <a href=\"https:\/\/escoladigital.madeira.gov.pt\/ebspdffbranco\/wp-content\/uploads\/sites\/19\/2025\/12\/Anexo-III-Projeto_Docente-25-26.docx\" target=\"_blank\" rel=\"noreferrer noopener\">Projeto docente<\/a><\/li>\n\n\n\n<li><strong>Anexo IV<\/strong> \u2013 <a href=\"https:\/\/escoladigital.madeira.gov.pt\/ebspdffbranco\/wp-content\/uploads\/sites\/19\/2025\/12\/Anexo-IV-Parecer-do-projeto-docente-25-26.docx\" target=\"_blank\" rel=\"noreferrer noopener\">Parecer do projeto docente<\/a><\/li>\n\n\n\n<li><strong>Anexo\u00a0V<\/strong> \u2013\u00a0<a href=\"https:\/\/escoladigital.madeira.gov.pt\/ebspdffbranco\/wp-content\/uploads\/sites\/19\/2025\/12\/Anexo-V-Relatorio-Autoavaliacao-25-26.docx\" target=\"_blank\" rel=\"noreferrer noopener\">Relat\u00f3rio de autoavalia\u00e7\u00e3o<\/a><\/li>\n\n\n\n<li><strong>Anexo VI <\/strong>\u2013 <a href=\"https:\/\/escoladigital.madeira.gov.pt\/ebspdffbranco\/wp-content\/uploads\/sites\/19\/2025\/12\/Anexo-VI-Ficha-Registo-ADD_Reg-Geral-25-26.xlsx\" target=\"_blank\" rel=\"noreferrer noopener\">Ficha de registo de avalia\u00e7\u00e3o interna do desempenho docente <\/a>(regime geral)<\/li>\n\n\n\n<li><strong>Anexo VII<\/strong> \u2013 <a href=\"https:\/\/escoladigital.madeira.gov.pt\/ebspdffbranco\/wp-content\/uploads\/sites\/19\/2025\/12\/Anexo-VII-Ficha-Registo-ADD_Reg-Geral-Contratados-25-26.xlsx\" target=\"_blank\" rel=\"noreferrer noopener\">Ficha de registo de avalia\u00e7\u00e3o interna do desempenho docente<\/a> (regime geral \u2013 docentes contratados)<\/li>\n\n\n\n<li><strong>Anexo VIII<\/strong> \u2013 <a href=\"https:\/\/escoladigital.madeira.gov.pt\/ebspdffbranco\/wp-content\/uploads\/sites\/19\/2025\/12\/Anexo-VIII-Ficha-Registo-ADD_Reg-Especial-25-26.xlsx\" target=\"_blank\" rel=\"noreferrer noopener\">Ficha de registo de avalia\u00e7\u00e3o interna do desempenho docente<\/a> (Procedimento especial)<\/li>\n\n\n\n<li><strong>Anexo IX<\/strong> \u2013 <a href=\"https:\/\/escoladigital.madeira.gov.pt\/ebspdffbranco\/wp-content\/uploads\/sites\/19\/2025\/12\/Despacho_281_2014_PonderacaoCurricular.pdf\" target=\"_blank\" rel=\"noreferrer noopener\">Ficha de registo de Avalia\u00e7\u00e3o por Pondera\u00e7\u00e3o Curricular do Pessoal Docente<\/a><\/li>\n<\/ul>\n<\/div>\n<\/div>\n<\/div>\n","protected":false},"excerpt":{"rendered":"<p>Documentos referente \u00e0 Avalia\u00e7\u00e3o do Desempenho Docente<\/p>\n","protected":false},"author":28,"featured_media":0,"parent":0,"menu_order":0,"comment_status":"closed","ping_status":"closed","template":"","meta":{"_themeisle_gutenberg_block_has_review":false,"footnotes":""},"class_list":["post-632","page","type-page","status-publish","hentry"],"_links":{"self":[{"href":"https:\/\/escoladigital.madeira.gov.pt\/ebspdffbranco\/wp-json\/wp\/v2\/pages\/632","targetHints":{"allow":["GET"]}}],"collection":[{"href":"https:\/\/escoladigital.madeira.gov.pt\/ebspdffbranco\/wp-json\/wp\/v2\/pages"}],"about":[{"href":"https:\/\/escoladigital.madeira.gov.pt\/ebspdffbranco\/wp-json\/wp\/v2\/types\/page"}],"author":[{"embeddable":true,"href":"https:\/\/escoladigital.madeira.gov.pt\/ebspdffbranco\/wp-json\/wp\/v2\/users\/28"}],"replies":[{"embeddable":true,"href":"https:\/\/escoladigital.madeira.gov.pt\/ebspdffbranco\/wp-json\/wp\/v2\/comments?post=632"}],"version-history":[{"count":35,"href":"https:\/\/escoladigital.madeira.gov.pt\/ebspdffbranco\/wp-json\/wp\/v2\/pages\/632\/revisions"}],"predecessor-version":[{"id":4709,"href":"https:\/\/escoladigital.madeira.gov.pt\/ebspdffbranco\/wp-json\/wp\/v2\/pages\/632\/revisions\/4709"}],"wp:attachment":[{"href":"https:\/\/escoladigital.madeira.gov.pt\/ebspdffbranco\/wp-json\/wp\/v2\/media?parent=632"}],"curies":[{"name":"wp","href":"https:\/\/api.w.org\/{rel}","templated":true}]}}

<div class="wp-block-group alignfull has-background has-large-font-size is-nowrap is-layout-flex wp-container-core-group-is-layout-9a3e514d wp-block-group-is-layout-flex" style="background-color:#d7e1cd;margin-top:0;margin-bottom:0;padding-top:var(--wp--preset--spacing--20);padding-right:var(--wp--preset--spacing--60);padding-bottom:var(--wp--preset--spacing--20);padding-left:var(--wp--preset--spacing--60)">
<div class="wp-block-columns alignwide is-layout-flex wp-container-core-columns-is-layout-1da03c2a wp-block-columns-is-layout-flex">
<div class="wp-block-column is-layout-flow wp-block-column-is-layout-flow">
<p>Documentos referente à Avaliação do Desempenho Docente</p>
</div>
</div>
</div>



<div class="wp-block-group alignfull has-base-background-color has-background is-nowrap is-layout-flex wp-container-core-group-is-layout-4ffd6b58 wp-block-group-is-layout-flex" style="min-height:80px;margin-top:0;margin-bottom:0;padding-top:var(--wp--preset--spacing--50);padding-right:var(--wp--preset--spacing--20);padding-bottom:var(--wp--preset--spacing--50);padding-left:var(--wp--preset--spacing--20)">
<div class="wp-block-columns alignwide is-layout-flex wp-container-core-columns-is-layout-549b0c86 wp-block-columns-is-layout-flex">
<div class="wp-block-column is-vertically-aligned-top has-global-padding is-content-justification-left is-layout-constrained wp-container-core-column-is-layout-db8a5927 wp-block-column-is-layout-constrained" style="flex-basis:40%">
<figure class="wp-block-image alignright size-full is-resized"><img fetchpriority="high" decoding="async" width="261" height="250" src="https://escoladigital.madeira.gov.pt/ebspdffbranco/wp-content/uploads/sites/19/2024/08/lapisverde.png" alt="" class="wp-image-634" style="width:161px;height:auto" /></figure>
</div>



<div class="wp-block-column is-layout-flow wp-container-core-column-is-layout-66871598 wp-block-column-is-layout-flow" style="padding-top:var(--wp--preset--spacing--10);padding-right:0;padding-bottom:var(--wp--preset--spacing--10);padding-left:0;line-height:2.5;flex-basis:100%">
<ul class="wp-block-list">
<li><a href="https://escoladigital.madeira.gov.pt/ebspdffbranco/wp-content/uploads/sites/19/2025/12/0-Dimensoes-e-Parametros-da-avaliacao-docente-25-26.pdf" target="_blank" rel="noreferrer noopener"><strong>Dimensões e Parâmetros da avaliação docente</strong> </a>(aprovado na reunião do CP do dia 28-11-2025)</li>



<li style="padding-top:0;padding-bottom:0"><strong>Anexo I </strong>– <a href="https://escoladigital.madeira.gov.pt/ebspdffbranco/wp-content/uploads/sites/19/2025/12/Anexo-I-Calendarizacao-ADD-2025-2026.pdf" target="_blank" rel="noreferrer noopener">Calendarização do processo de avaliação do desempenho do pessoal docente</a></li>



<li><strong>Anexo II</strong> – <a href="https://escoladigital.madeira.gov.pt/ebspdffbranco/wp-content/uploads/sites/19/2025/12/Anexo-II_Requerimento-para-integracao-no-regime-geral.docx" target="_blank" rel="noreferrer noopener">Requerimento de aplicação do regime geral de avaliação</a></li>



<li><strong>Anexo III </strong>– <a href="https://escoladigital.madeira.gov.pt/ebspdffbranco/wp-content/uploads/sites/19/2025/12/Anexo-III-Projeto_Docente-25-26.docx" target="_blank" rel="noreferrer noopener">Projeto docente</a></li>



<li><strong>Anexo IV</strong> – <a href="https://escoladigital.madeira.gov.pt/ebspdffbranco/wp-content/uploads/sites/19/2025/12/Anexo-IV-Parecer-do-projeto-docente-25-26.docx" target="_blank" rel="noreferrer noopener">Parecer do projeto docente</a></li>



<li><strong>Anexo V</strong> – <a href="https://escoladigital.madeira.gov.pt/ebspdffbranco/wp-content/uploads/sites/19/2025/12/Anexo-V-Relatorio-Autoavaliacao-25-26.docx" target="_blank" rel="noreferrer noopener">Relatório de autoavaliação</a></li>



<li><strong>Anexo VI </strong>– <a href="https://escoladigital.madeira.gov.pt/ebspdffbranco/wp-content/uploads/sites/19/2025/12/Anexo-VI-Ficha-Registo-ADD_Reg-Geral-25-26.xlsx" target="_blank" rel="noreferrer noopener">Ficha de registo de avaliação interna do desempenho docente </a>(regime geral)</li>



<li><strong>Anexo VII</strong> – <a href="https://escoladigital.madeira.gov.pt/ebspdffbranco/wp-content/uploads/sites/19/2025/12/Anexo-VII-Ficha-Registo-ADD_Reg-Geral-Contratados-25-26.xlsx" target="_blank" rel="noreferrer noopener">Ficha de registo de avaliação interna do desempenho docente</a> (regime geral – docentes contratados)</li>



<li><strong>Anexo VIII</strong> – <a href="https://escoladigital.madeira.gov.pt/ebspdffbranco/wp-content/uploads/sites/19/2025/12/Anexo-VIII-Ficha-Registo-ADD_Reg-Especial-25-26.xlsx" target="_blank" rel="noreferrer noopener">Ficha de registo de avaliação interna do desempenho docente</a> (Procedimento especial)</li>



<li><strong>Anexo IX</strong> – <a href="https://escoladigital.madeira.gov.pt/ebspdffbranco/wp-content/uploads/sites/19/2025/12/Despacho_281_2014_PonderacaoCurricular.pdf" target="_blank" rel="noreferrer noopener">Ficha de registo de Avaliação por Ponderação Curricular do Pessoal Docente</a></li>
</ul>
</div>
</div>
</div>

<p>Documentos referente à Avaliação do Desempenho Docente</p>
