{"id":666,"date":"2024-08-30T10:28:48","date_gmt":"2024-08-30T10:28:48","guid":{"rendered":"https:\/\/escoladigital.madeira.gov.pt\/ebspdffbranco\/?page_id=666"},"modified":"2025-09-29T16:25:15","modified_gmt":"2025-09-29T16:25:15","slug":"delegados-e-representantes","status":"publish","type":"page","link":"https:\/\/escoladigital.madeira.gov.pt\/ebspdffbranco\/delegados-e-representantes\/","title":{"rendered":"Delegados e Representantes"},"content":{"rendered":"\n<div id=\"wp-block-themeisle-blocks-accordion-c5c00fd3\" class=\"wp-block-themeisle-blocks-accordion exclusive\">\n<details class=\"wp-block-themeisle-blocks-accordion-item\"><summary class=\"wp-block-themeisle-blocks-accordion-item__title\"><div><strong>2.\u00ba Ciclo<\/strong><\/div><\/summary><div class=\"wp-block-themeisle-blocks-accordion-item__content\">\n<figure class=\"wp-block-table is-style-stripes\"><table><tbody><tr><td class=\"has-text-align-center\" data-align=\"center\"><strong>Grupos<\/strong><\/td><td class=\"has-text-align-center\" data-align=\"center\"><strong>Disciplinas<\/strong><\/td><td class=\"has-text-align-center\" data-align=\"center\"><strong>Nomes<\/strong><\/td><\/tr><tr><td class=\"has-text-align-center\" data-align=\"center\" rowspan=\"2\"><strong>200<\/strong><\/td><td class=\"has-text-align-center\" data-align=\"center\">Portugu\u00eas<\/td><td class=\"has-text-align-center\" data-align=\"center\"><em>Ant\u00f3nio Constantino Pereira F. Duro<\/em><\/td><\/tr><tr><td class=\"has-text-align-center\" data-align=\"center\">Estudos Sociais \/ Hist\u00f3ria<\/td><td class=\"has-text-align-center\" data-align=\"center\"><em>Roberto Jos\u00e9 da Silva Le\u00e3o<\/em><\/td><\/tr><tr><td class=\"has-text-align-center\" data-align=\"center\"><strong>220<\/strong><\/td><td class=\"has-text-align-center\" data-align=\"center\">Ingl\u00eas<\/td><td class=\"has-text-align-center\" data-align=\"center\"><em>Armando Santos Marques Neves<\/em><\/td><\/tr><tr><td class=\"has-text-align-center\" data-align=\"center\" rowspan=\"2\"><strong>230<\/strong><\/td><td class=\"has-text-align-center\" data-align=\"center\">Matem\u00e1tica<\/td><td class=\"has-text-align-center\" data-align=\"center\"><em>Pedro Miguel Martins Couto<\/em><\/td><\/tr><tr><td class=\"has-text-align-center\" data-align=\"center\">Ci\u00eancias Naturais<\/td><td class=\"has-text-align-center\" data-align=\"center\"><em>Isabel Gl\u00f3ria P. M. Caldeira de Freitas<\/em><\/td><\/tr><tr><td class=\"has-text-align-center\" data-align=\"center\" rowspan=\"2\"><strong>240<\/strong><\/td><td class=\"has-text-align-center\" data-align=\"center\">Educa\u00e7\u00e3o Visual<\/td><td class=\"has-text-align-center\" data-align=\"center\"><em>Ant\u00f3nio Manuel Lopes Serr\u00e3o Igl\u00e9sias<\/em><\/td><\/tr><tr><td class=\"has-text-align-center\" data-align=\"center\">Educa\u00e7\u00e3o Tecnol\u00f3gica<\/td><td class=\"has-text-align-center\" data-align=\"center\"><em>Dulce dos Anjos Gomes Agostinho <\/em><\/td><\/tr><tr><td class=\"has-text-align-center\" data-align=\"center\"><strong>250<\/strong><\/td><td class=\"has-text-align-center\" data-align=\"center\">Educa\u00e7\u00e3o M\u00fasical<\/td><td class=\"has-text-align-center\" data-align=\"center\"><em>Maria de F\u00e1tima Garcia Borges Guerra<\/em><\/td><\/tr><tr><td class=\"has-text-align-center\" data-align=\"center\"><strong>260<\/strong><\/td><td class=\"has-text-align-center\" data-align=\"center\">Educa\u00e7\u00e3o F\u00edsica<\/td><td class=\"has-text-align-center\" data-align=\"center\"><em>Isabel Maria Santos Estrela<\/em><\/td><\/tr><tr><td class=\"has-text-align-center\" data-align=\"center\"><strong>290<\/strong><\/td><td class=\"has-text-align-center\" data-align=\"center\">Educa\u00e7\u00e3o Moral e Religiosa<\/td><td class=\"has-text-align-center\" data-align=\"center\"><em>Emanuel Jos\u00e9 Faria Almada<\/em><\/td><\/tr><\/tbody><\/table><\/figure>\n<\/div><\/details>\n\n\n\n<details class=\"wp-block-themeisle-blocks-accordion-item\"><summary class=\"wp-block-themeisle-blocks-accordion-item__title\"><div><strong>3.\u00ba Ciclo e Secund\u00e1rio<\/strong><\/div><\/summary><div class=\"wp-block-themeisle-blocks-accordion-item__content\">\n<figure class=\"wp-block-table is-style-stripes\"><table><tbody><tr><td class=\"has-text-align-center\" data-align=\"center\"><strong>Grupo<\/strong><\/td><td class=\"has-text-align-center\" data-align=\"center\"><strong>Disciplina<\/strong><\/td><td class=\"has-text-align-center\" data-align=\"center\"><strong>Nomes<\/strong><\/td><\/tr><tr><td class=\"has-text-align-center\" data-align=\"center\"><strong>300<\/strong><\/td><td class=\"has-text-align-center\" data-align=\"center\">Portugu\u00eas<\/td><td class=\"has-text-align-center\" data-align=\"center\"><em>Roberto Paulo Reinolds Nascimento<\/em><\/td><\/tr><tr><td class=\"has-text-align-center\" data-align=\"center\"><strong>320<\/strong><\/td><td class=\"has-text-align-center\" data-align=\"center\">Franc\u00eas<\/td><td class=\"has-text-align-center\" data-align=\"center\"><em>Susana Maria Vieira Pontes<\/em><\/td><\/tr><tr><td class=\"has-text-align-center\" data-align=\"center\"><strong>330<\/strong><\/td><td class=\"has-text-align-center\" data-align=\"center\">Ingl\u00eas<\/td><td class=\"has-text-align-center\" data-align=\"center\"><em>Maria Susana da Silva Rodrigues<\/em><\/td><\/tr><tr><td class=\"has-text-align-center\" data-align=\"center\"><strong>340<\/strong><\/td><td class=\"has-text-align-center\" data-align=\"center\">Alem\u00e3o<\/td><td class=\"has-text-align-center\" data-align=\"center\"><em>Maria Jos\u00e9 Ferreira Velosa<\/em><\/td><\/tr><tr><td class=\"has-text-align-center\" data-align=\"center\"><strong>360<\/strong><\/td><td class=\"has-text-align-center\" data-align=\"center\">L\u00edngua Gestual Portuguesa<\/td><td class=\"has-text-align-center\" data-align=\"center\"><em>N\u00e1dia Sofia Freitas Duarte<\/em><\/td><\/tr><tr><td class=\"has-text-align-center\" data-align=\"center\"><strong>400<\/strong><\/td><td class=\"has-text-align-center\" data-align=\"center\">Hist\u00f3ria<\/td><td class=\"has-text-align-center\" data-align=\"center\"><em>Zulmira de Jesus Ornelas Rocha Ruivo<\/em><\/td><\/tr><tr><td class=\"has-text-align-center\" data-align=\"center\"><strong>410<\/strong><\/td><td class=\"has-text-align-center\" data-align=\"center\">Filosofia<\/td><td class=\"has-text-align-center\" data-align=\"center\"><em>Jos\u00e9 Cardoso Perfeito<\/em><\/td><\/tr><tr><td class=\"has-text-align-center\" data-align=\"center\"><strong>420<\/strong><\/td><td class=\"has-text-align-center\" data-align=\"center\">Geografia<\/td><td class=\"has-text-align-center\" data-align=\"center\"><em>Andreia Moreira Mota&nbsp;<\/em><\/td><\/tr><tr><td class=\"has-text-align-center\" data-align=\"center\"><strong>430<\/strong><\/td><td class=\"has-text-align-center\" data-align=\"center\">Economia e Contabilidade<\/td><td class=\"has-text-align-center\" data-align=\"center\"><em>N\u00e9lio C\u00e2mara Viveiros<\/em><\/td><\/tr><tr><td class=\"has-text-align-center\" data-align=\"center\"><strong>500<\/strong><\/td><td class=\"has-text-align-center\" data-align=\"center\">Matem\u00e1tica<\/td><td class=\"has-text-align-center\" data-align=\"center\"><em>Ramiro Ab\u00edlio Correia<\/em><\/td><\/tr><tr><td class=\"has-text-align-center\" data-align=\"center\"><strong>510<\/strong><\/td><td class=\"has-text-align-center\" data-align=\"center\">F\u00edsico-Qu\u00edmica<\/td><td class=\"has-text-align-center\" data-align=\"center\"><em>Elisabete Rodrigues dos Santos<\/em><\/td><\/tr><tr><td class=\"has-text-align-center\" data-align=\"center\"><strong>520<\/strong><\/td><td class=\"has-text-align-center\" data-align=\"center\">Biologia e Geologia<\/td><td class=\"has-text-align-center\" data-align=\"center\"><em>Duarte Filipe Ramos do Ros\u00e1rio<\/em><\/td><\/tr><tr><td class=\"has-text-align-center\" data-align=\"center\"><strong>530<\/strong><\/td><td class=\"has-text-align-center\" data-align=\"center\">Educa\u00e7\u00e3o Tecnol\u00f3gica<\/td><td class=\"has-text-align-center\" data-align=\"center\"><em>Maria de F\u00e1tima Neves Rodrigues Diogo<\/em><\/td><\/tr><tr><td class=\"has-text-align-center\" data-align=\"center\"><strong>550<\/strong><\/td><td class=\"has-text-align-center\" data-align=\"center\">Inform\u00e1tica<\/td><td class=\"has-text-align-center\" data-align=\"center\"><em>R\u00faben Filipe Melim de N\u00f3brega<\/em><\/td><\/tr><tr><td class=\"has-text-align-center\" data-align=\"center\"><strong>600<\/strong><\/td><td class=\"has-text-align-center\" data-align=\"center\">Artes Visuais&nbsp;<\/td><td class=\"has-text-align-center\" data-align=\"center\"><em>Solana Cristina de Sousa Rodrigues<\/em><\/td><\/tr><tr><td class=\"has-text-align-center\" data-align=\"center\"><strong>620<\/strong><\/td><td class=\"has-text-align-center\" data-align=\"center\">Educa\u00e7\u00e3o F\u00edsica<\/td><td class=\"has-text-align-center\" data-align=\"center\"><em>Ana Isabel Abreu Faria Bettencourt<\/em><\/td><\/tr><tr><td class=\"has-text-align-center\" data-align=\"center\"><strong>700 E.E.<\/strong><\/td><td class=\"has-text-align-center\" data-align=\"center\">Educa\u00e7\u00e3o&nbsp;Especial<\/td><td class=\"has-text-align-center\" data-align=\"center\"><em>Joana de Jesus Rodrigues de Moura<\/em><\/td><\/tr><\/tbody><\/table><\/figure>\n\n\n\n<p><\/p>\n<\/div><\/details>\n<\/div>\n\n\n\n<div style=\"height:100px\" aria-hidden=\"true\" class=\"wp-block-spacer\"><\/div>\n","protected":false},"excerpt":{"rendered":"","protected":false},"author":28,"featured_media":0,"parent":0,"menu_order":0,"comment_status":"closed","ping_status":"closed","template":"","meta":{"_themeisle_gutenberg_block_has_review":false,"footnotes":""},"class_list":["post-666","page","type-page","status-publish","hentry"],"_links":{"self":[{"href":"https:\/\/escoladigital.madeira.gov.pt\/ebspdffbranco\/wp-json\/wp\/v2\/pages\/666","targetHints":{"allow":["GET"]}}],"collection":[{"href":"https:\/\/escoladigital.madeira.gov.pt\/ebspdffbranco\/wp-json\/wp\/v2\/pages"}],"about":[{"href":"https:\/\/escoladigital.madeira.gov.pt\/ebspdffbranco\/wp-json\/wp\/v2\/types\/page"}],"author":[{"embeddable":true,"href":"https:\/\/escoladigital.madeira.gov.pt\/ebspdffbranco\/wp-json\/wp\/v2\/users\/28"}],"replies":[{"embeddable":true,"href":"https:\/\/escoladigital.madeira.gov.pt\/ebspdffbranco\/wp-json\/wp\/v2\/comments?post=666"}],"version-history":[{"count":13,"href":"https:\/\/escoladigital.madeira.gov.pt\/ebspdffbranco\/wp-json\/wp\/v2\/pages\/666\/revisions"}],"predecessor-version":[{"id":4356,"href":"https:\/\/escoladigital.madeira.gov.pt\/ebspdffbranco\/wp-json\/wp\/v2\/pages\/666\/revisions\/4356"}],"wp:attachment":[{"href":"https:\/\/escoladigital.madeira.gov.pt\/ebspdffbranco\/wp-json\/wp\/v2\/media?parent=666"}],"curies":[{"name":"wp","href":"https:\/\/api.w.org\/{rel}","templated":true}]}}