{"id":668,"date":"2024-08-30T10:38:53","date_gmt":"2024-08-30T10:38:53","guid":{"rendered":"https:\/\/escoladigital.madeira.gov.pt\/ebspdffbranco\/?page_id=668"},"modified":"2025-07-21T16:58:40","modified_gmt":"2025-07-21T16:58:40","slug":"coordenadores","status":"publish","type":"page","link":"https:\/\/escoladigital.madeira.gov.pt\/ebspdffbranco\/coordenadores\/","title":{"rendered":"Departamentos"},"content":{"rendered":"\n<div id=\"wp-block-themeisle-blocks-flip-7654c419\" class=\"wp-block-themeisle-blocks-flip anim flipY has-light-front-bg\"><div class=\"o-flip-inner\"><div class=\"o-flip-front\"><div class=\"o-flip-content\"><h3><strong>Departamento <br>de<br>L\u00ednguas<\/strong><\/h3><p><\/p><\/div><\/div><div class=\"o-flip-back\">\n<p class=\"has-text-align-left has-small-font-size\" style=\"margin-top:0;margin-right:11px;margin-bottom:0;margin-left:11px;padding-top:2px;padding-bottom:2px\"><strong>Grupo 200 &#8211; Portugu\u00eas<\/strong>&nbsp;&#8211;&nbsp; Ant\u00f3nio Constantino Pereira F. Duro<\/p>\n\n\n\n<p class=\"has-text-align-left has-small-font-size\" style=\"margin-top:0;margin-right:11px;margin-bottom:0;margin-left:11px;padding-top:2px;padding-bottom:2px\"><strong>Grupo 220 &#8211; Ingl\u00eas&nbsp;<\/strong>&#8211; Armando Santos Marques Neves<\/p>\n\n\n\n<p class=\"has-text-align-left has-small-font-size\" style=\"margin-top:0;margin-right:11px;margin-bottom:0;margin-left:11px;padding-top:2px;padding-bottom:2px\"><strong>Grupo 300 &#8211; Portugu\u00eas<\/strong>&nbsp;&#8211; Roberto Paulo Reinold&#8217;s Nascimento<\/p>\n\n\n\n<p class=\"has-text-align-left has-small-font-size\" style=\"margin-top:0;margin-right:11px;margin-bottom:0;margin-left:11px;padding-top:2px;padding-bottom:2px\"><strong>Grupo 320 &#8211; Franc\u00eas<\/strong>&nbsp;&#8211; Susana Maria Vieira Pontes<\/p>\n\n\n\n<p class=\"has-text-align-left has-small-font-size\" style=\"margin-top:0;margin-right:11px;margin-bottom:0;margin-left:11px;padding-top:2px;padding-bottom:2px\"><strong>Grupo 330 &#8211; Ingl\u00eas<\/strong>&nbsp;&#8211; Maria Susana da Silva Rodrigues<\/p>\n\n\n\n<p class=\"has-text-align-left has-small-font-size\" style=\"margin-top:0;margin-right:11px;margin-bottom:0;margin-left:11px;padding-top:2px;padding-bottom:2px\"><strong>Grupo 340 &#8211; Alem\u00e3o<\/strong>&nbsp;&#8211; Maria Jos\u00e9 Ferreira Velosa<\/p>\n<\/div><\/div><\/div>\n\n\n\n<div id=\"wp-block-themeisle-blocks-flip-7fef5fab\" class=\"wp-block-themeisle-blocks-flip anim flipY has-light-front-bg\"><div class=\"o-flip-inner\"><div class=\"o-flip-front\"><div class=\"o-flip-content\"><h3><strong>Departamento de <\/strong><br><strong>Ci\u00eancias Exatas e <\/strong><br><strong>da Natureza e Tecnologias<\/strong><\/h3><p><\/p><\/div><\/div><div class=\"o-flip-back\">\n<p class=\"has-text-align-left has-small-font-size\" style=\"margin-top:0;margin-bottom:0;padding-top:2px;padding-bottom:2px\"><strong>Grupo 230 &#8211; &nbsp;Matem\u00e1tica &#8211;<\/strong>&nbsp;Pedro Miguel Martins Couto<\/p>\n\n\n\n<p class=\"has-text-align-left has-small-font-size\" style=\"margin-top:0;margin-bottom:0;padding-top:2px;padding-bottom:2px\"><strong>Grupo 230 &#8211; Ci\u00eancias Naturais &#8211;&nbsp;<\/strong>Isabel Gl\u00f3ria Pereira de M. Caldeira de Freitas<\/p>\n\n\n\n<p class=\"has-text-align-left has-small-font-size\" style=\"margin-top:0;margin-bottom:0;padding-top:2px;padding-bottom:2px\"><strong>Grupo 240 &#8211; Educa\u00e7\u00e3o Tecnol\u00f3gica &#8211;\u00a0<\/strong>Dulce dos Anjos Gomes Agostinho<\/p>\n\n\n\n<p class=\"has-text-align-left has-small-font-size\" style=\"margin-top:0;margin-bottom:0;padding-top:2px;padding-bottom:2px\"><strong>Grupo 500 &#8211; Matem\u00e1tica &#8211;&nbsp;<\/strong>L\u00eddia Maria O. Ornelas Vasconcelos<\/p>\n\n\n\n<p class=\"has-text-align-left has-small-font-size\" style=\"margin-top:0;margin-bottom:0;padding-top:2px;padding-bottom:2px\"><strong>Grupo 510 &#8211; F\u00edsica &#8211; Qu\u00edmica &#8211;&nbsp;<\/strong>Elisabete Rodrigues dos Santos<\/p>\n\n\n\n<p class=\"has-text-align-left has-small-font-size\" style=\"margin-top:0;margin-bottom:0;padding-top:2px;padding-bottom:2px\"><strong>Grupo 520 &#8211; Biologia e Geologia &#8211;\u00a0<\/strong>Duarte Filipe Ramos do Ros\u00e1rio<\/p>\n\n\n\n<p class=\"has-text-align-left has-small-font-size\" style=\"margin-top:0;margin-bottom:0;padding-top:2px;padding-bottom:2px\"><strong>Grupo 530 &#8211; Educa\u00e7\u00e3o Tecnol\u00f3gica &#8211;<\/strong>&nbsp;Maria de F\u00e1tima Neves Rodrigues Diogo<\/p>\n\n\n\n<p class=\"has-text-align-left has-small-font-size\" style=\"margin-top:0;margin-bottom:0;padding-top:2px;padding-bottom:2px\"><strong>Grupo 550 &#8211; Inform\u00e1tica &#8211;<\/strong>R\u00faben Filipe Melim de N\u00f3brega<\/p>\n<\/div><\/div><\/div>\n\n\n\n<div id=\"wp-block-themeisle-blocks-flip-e0c6e6b5\" class=\"wp-block-themeisle-blocks-flip anim flipY has-light-front-bg\"><div class=\"o-flip-inner\"><div class=\"o-flip-front\"><div class=\"o-flip-content\"><h3><strong>Departamento <\/strong><br><strong>de <\/strong><br><strong>Express\u00f5es<\/strong><\/h3><p><\/p><\/div><\/div><div class=\"o-flip-back\">\n<p class=\"has-text-align-left\"><strong>Grupo 240 &#8211; Educa\u00e7\u00e3o Visual &#8211;&nbsp;<\/strong>Dulce dos Anjos G. Agostinho<\/p>\n\n\n\n<p class=\"has-text-align-left\"><strong>Grupo 250 &#8211; Educa\u00e7\u00e3o Musical &#8211;&nbsp;<\/strong>Maria de F\u00e1tima Garcia Borges Guerra<\/p>\n\n\n\n<p class=\"has-text-align-left\"><strong>Grupo 260 &#8211; Educa\u00e7\u00e3o F\u00edsica (2EB) &#8211;&nbsp;<\/strong>&nbsp;Isabel Maria Santos Estrela<\/p>\n\n\n\n<p class=\"has-text-align-left\"><strong>Grupo 600 &#8211; Artes Visuais &#8211;<\/strong>&nbsp;Solana Cristina de Sousa Rodrigues<\/p>\n\n\n\n<p class=\"has-text-align-left\"><strong>Grupo 620 &#8211; Educa\u00e7\u00e3o F\u00edsica (3C\/S) &#8211;&nbsp;<\/strong>Ana Isabel Abreu Faria Bettencourt<\/p>\n<\/div><\/div><\/div>\n\n\n\n<div id=\"wp-block-themeisle-blocks-flip-d87189d3\" class=\"wp-block-themeisle-blocks-flip anim flipY has-light-front-bg\"><div class=\"o-flip-inner\"><div class=\"o-flip-front\"><div class=\"o-flip-content\"><h3><strong>Departamento<\/strong> <strong>de <\/strong><br><strong>Ci\u00eancias Socias<\/strong><br><strong>e Humanas<\/strong><\/h3><p><\/p><\/div><\/div><div class=\"o-flip-back\">\n<p class=\"has-text-align-left\" style=\"margin-right:0;margin-left:0\"><strong>Grupo 200 &#8211; Estudos Sociais\/Hist\u00f3ria &#8211;&nbsp;<\/strong>Roberto Jos\u00e9 da Silva Le\u00e3o<\/p>\n\n\n\n<p class=\"has-text-align-left\" style=\"margin-right:0;margin-left:0\"><strong>Grupo 290 &#8211; E.M.R.C. &#8211;&nbsp;<\/strong>Emanuel Jos\u00e9 Faria Almada<\/p>\n\n\n\n<p class=\"has-text-align-left\" style=\"margin-right:0;margin-left:0\"><strong>Grupo 400 &#8211; Hist\u00f3ria &#8211;&nbsp;<\/strong>Zulmira de Jesus Ornelas Rocha Ruivo<\/p>\n\n\n\n<p class=\"has-text-align-left\" style=\"margin-right:0;margin-left:0\"><strong>Grupo 410 &#8211; Filosofia &#8211;&nbsp;<\/strong>Jos\u00e9 Cardoso Perfeito&nbsp;<\/p>\n\n\n\n<p class=\"has-text-align-left\" style=\"margin-right:0;margin-left:0\"><strong>Grupo 420 &#8211; Geografia &#8211;&nbsp;<\/strong>Andreia Moreira Mota<\/p>\n\n\n\n<p class=\"has-text-align-left\" style=\"margin-right:0;margin-left:0\"><strong>Grupo 430 &#8211; Economia e Contabilidade &#8211;&nbsp;<\/strong>V\u00edtor Lib\u00f3rio<\/p>\n\n\n\n<p class=\"has-text-align-left\" style=\"margin-right:0;margin-left:0\"><strong>Grupo 700 &#8211; EE Educa\u00e7\u00e3o Especial &#8211;&nbsp;<\/strong>Joana de Jesus Rodrigues de Moura<\/p>\n<\/div><\/div><\/div>\n\n\n\n<p><\/p>\n","protected":false},"excerpt":{"rendered":"","protected":false},"author":28,"featured_media":0,"parent":0,"menu_order":0,"comment_status":"closed","ping_status":"closed","template":"","meta":{"_themeisle_gutenberg_block_has_review":false,"footnotes":""},"class_list":["post-668","page","type-page","status-publish","hentry"],"_links":{"self":[{"href":"https:\/\/escoladigital.madeira.gov.pt\/ebspdffbranco\/wp-json\/wp\/v2\/pages\/668","targetHints":{"allow":["GET"]}}],"collection":[{"href":"https:\/\/escoladigital.madeira.gov.pt\/ebspdffbranco\/wp-json\/wp\/v2\/pages"}],"about":[{"href":"https:\/\/escoladigital.madeira.gov.pt\/ebspdffbranco\/wp-json\/wp\/v2\/types\/page"}],"author":[{"embeddable":true,"href":"https:\/\/escoladigital.madeira.gov.pt\/ebspdffbranco\/wp-json\/wp\/v2\/users\/28"}],"replies":[{"embeddable":true,"href":"https:\/\/escoladigital.madeira.gov.pt\/ebspdffbranco\/wp-json\/wp\/v2\/comments?post=668"}],"version-history":[{"count":33,"href":"https:\/\/escoladigital.madeira.gov.pt\/ebspdffbranco\/wp-json\/wp\/v2\/pages\/668\/revisions"}],"predecessor-version":[{"id":4255,"href":"https:\/\/escoladigital.madeira.gov.pt\/ebspdffbranco\/wp-json\/wp\/v2\/pages\/668\/revisions\/4255"}],"wp:attachment":[{"href":"https:\/\/escoladigital.madeira.gov.pt\/ebspdffbranco\/wp-json\/wp\/v2\/media?parent=668"}],"curies":[{"name":"wp","href":"https:\/\/api.w.org\/{rel}","templated":true}]}}

<div id="wp-block-themeisle-blocks-flip-7654c419" class="wp-block-themeisle-blocks-flip anim flipY has-light-front-bg"><div class="o-flip-inner"><div class="o-flip-front"><div class="o-flip-content"><h3><strong>Departamento <br>de<br>Línguas</strong></h3><p></p></div></div><div class="o-flip-back">
<p class="has-text-align-left has-small-font-size" style="margin-top:0;margin-right:11px;margin-bottom:0;margin-left:11px;padding-top:2px;padding-bottom:2px"><strong>Grupo 200 &#8211; Português</strong>&nbsp;&#8211;&nbsp; António Constantino Pereira F. Duro</p>



<p class="has-text-align-left has-small-font-size" style="margin-top:0;margin-right:11px;margin-bottom:0;margin-left:11px;padding-top:2px;padding-bottom:2px"><strong>Grupo 220 &#8211; Inglês&nbsp;</strong>&#8211; Armando Santos Marques Neves</p>



<p class="has-text-align-left has-small-font-size" style="margin-top:0;margin-right:11px;margin-bottom:0;margin-left:11px;padding-top:2px;padding-bottom:2px"><strong>Grupo 300 &#8211; Português</strong>&nbsp;&#8211; Roberto Paulo Reinold&#8217;s Nascimento</p>



<p class="has-text-align-left has-small-font-size" style="margin-top:0;margin-right:11px;margin-bottom:0;margin-left:11px;padding-top:2px;padding-bottom:2px"><strong>Grupo 320 &#8211; Francês</strong>&nbsp;&#8211; Susana Maria Vieira Pontes</p>



<p class="has-text-align-left has-small-font-size" style="margin-top:0;margin-right:11px;margin-bottom:0;margin-left:11px;padding-top:2px;padding-bottom:2px"><strong>Grupo 330 &#8211; Inglês</strong>&nbsp;&#8211; Maria Susana da Silva Rodrigues</p>



<p class="has-text-align-left has-small-font-size" style="margin-top:0;margin-right:11px;margin-bottom:0;margin-left:11px;padding-top:2px;padding-bottom:2px"><strong>Grupo 340 &#8211; Alemão</strong>&nbsp;&#8211; Maria José Ferreira Velosa</p>
</div></div></div>



<div id="wp-block-themeisle-blocks-flip-7fef5fab" class="wp-block-themeisle-blocks-flip anim flipY has-light-front-bg"><div class="o-flip-inner"><div class="o-flip-front"><div class="o-flip-content"><h3><strong>Departamento de </strong><br><strong>Ciências Exatas e </strong><br><strong>da Natureza e Tecnologias</strong></h3><p></p></div></div><div class="o-flip-back">
<p class="has-text-align-left has-small-font-size" style="margin-top:0;margin-bottom:0;padding-top:2px;padding-bottom:2px"><strong>Grupo 230 &#8211; &nbsp;Matemática &#8211;</strong>&nbsp;Pedro Miguel Martins Couto</p>



<p class="has-text-align-left has-small-font-size" style="margin-top:0;margin-bottom:0;padding-top:2px;padding-bottom:2px"><strong>Grupo 230 &#8211; Ciências Naturais &#8211;&nbsp;</strong>Isabel Glória Pereira de M. Caldeira de Freitas</p>



<p class="has-text-align-left has-small-font-size" style="margin-top:0;margin-bottom:0;padding-top:2px;padding-bottom:2px"><strong>Grupo 240 &#8211; Educação Tecnológica &#8211; </strong>Dulce dos Anjos Gomes Agostinho</p>



<p class="has-text-align-left has-small-font-size" style="margin-top:0;margin-bottom:0;padding-top:2px;padding-bottom:2px"><strong>Grupo 500 &#8211; Matemática &#8211;&nbsp;</strong>Lídia Maria O. Ornelas Vasconcelos</p>



<p class="has-text-align-left has-small-font-size" style="margin-top:0;margin-bottom:0;padding-top:2px;padding-bottom:2px"><strong>Grupo 510 &#8211; Física &#8211; Química &#8211;&nbsp;</strong>Elisabete Rodrigues dos Santos</p>



<p class="has-text-align-left has-small-font-size" style="margin-top:0;margin-bottom:0;padding-top:2px;padding-bottom:2px"><strong>Grupo 520 &#8211; Biologia e Geologia &#8211; </strong>Duarte Filipe Ramos do Rosário</p>



<p class="has-text-align-left has-small-font-size" style="margin-top:0;margin-bottom:0;padding-top:2px;padding-bottom:2px"><strong>Grupo 530 &#8211; Educação Tecnológica &#8211;</strong>&nbsp;Maria de Fátima Neves Rodrigues Diogo</p>



<p class="has-text-align-left has-small-font-size" style="margin-top:0;margin-bottom:0;padding-top:2px;padding-bottom:2px"><strong>Grupo 550 &#8211; Informática &#8211;</strong>Rúben Filipe Melim de Nóbrega</p>
</div></div></div>



<div id="wp-block-themeisle-blocks-flip-e0c6e6b5" class="wp-block-themeisle-blocks-flip anim flipY has-light-front-bg"><div class="o-flip-inner"><div class="o-flip-front"><div class="o-flip-content"><h3><strong>Departamento </strong><br><strong>de </strong><br><strong>Expressões</strong></h3><p></p></div></div><div class="o-flip-back">
<p class="has-text-align-left"><strong>Grupo 240 &#8211; Educação Visual &#8211;&nbsp;</strong>Dulce dos Anjos G. Agostinho</p>



<p class="has-text-align-left"><strong>Grupo 250 &#8211; Educação Musical &#8211;&nbsp;</strong>Maria de Fátima Garcia Borges Guerra</p>



<p class="has-text-align-left"><strong>Grupo 260 &#8211; Educação Física (2EB) &#8211;&nbsp;</strong>&nbsp;Isabel Maria Santos Estrela</p>



<p class="has-text-align-left"><strong>Grupo 600 &#8211; Artes Visuais &#8211;</strong>&nbsp;Solana Cristina de Sousa Rodrigues</p>



<p class="has-text-align-left"><strong>Grupo 620 &#8211; Educação Física (3C/S) &#8211;&nbsp;</strong>Ana Isabel Abreu Faria Bettencourt</p>
</div></div></div>



<div id="wp-block-themeisle-blocks-flip-d87189d3" class="wp-block-themeisle-blocks-flip anim flipY has-light-front-bg"><div class="o-flip-inner"><div class="o-flip-front"><div class="o-flip-content"><h3><strong>Departamento</strong> <strong>de </strong><br><strong>Ciências Socias</strong><br><strong>e Humanas</strong></h3><p></p></div></div><div class="o-flip-back">
<p class="has-text-align-left" style="margin-right:0;margin-left:0"><strong>Grupo 200 &#8211; Estudos Sociais/História &#8211;&nbsp;</strong>Roberto José da Silva Leão</p>



<p class="has-text-align-left" style="margin-right:0;margin-left:0"><strong>Grupo 290 &#8211; E.M.R.C. &#8211;&nbsp;</strong>Emanuel José Faria Almada</p>



<p class="has-text-align-left" style="margin-right:0;margin-left:0"><strong>Grupo 400 &#8211; História &#8211;&nbsp;</strong>Zulmira de Jesus Ornelas Rocha Ruivo</p>



<p class="has-text-align-left" style="margin-right:0;margin-left:0"><strong>Grupo 410 &#8211; Filosofia &#8211;&nbsp;</strong>José Cardoso Perfeito&nbsp;</p>



<p class="has-text-align-left" style="margin-right:0;margin-left:0"><strong>Grupo 420 &#8211; Geografia &#8211;&nbsp;</strong>Andreia Moreira Mota</p>



<p class="has-text-align-left" style="margin-right:0;margin-left:0"><strong>Grupo 430 &#8211; Economia e Contabilidade &#8211;&nbsp;</strong>Vítor Libório</p>



<p class="has-text-align-left" style="margin-right:0;margin-left:0"><strong>Grupo 700 &#8211; EE Educação Especial &#8211;&nbsp;</strong>Joana de Jesus Rodrigues de Moura</p>
</div></div></div>



<p></p>
