{"id":728,"date":"2024-08-30T11:49:13","date_gmt":"2024-08-30T11:49:13","guid":{"rendered":"https:\/\/escoladigital.madeira.gov.pt\/ebspdffbranco\/?page_id=728"},"modified":"2025-11-09T22:23:15","modified_gmt":"2025-11-09T22:23:15","slug":"coordenadores-2","status":"publish","type":"page","link":"https:\/\/escoladigital.madeira.gov.pt\/ebspdffbranco\/coordenadores-2\/","title":{"rendered":"Coordenadores"},"content":{"rendered":"\n<p class=\"has-text-align-center has-background\" style=\"background-color:#dde9d3\"><strong>Coordenadora do Pr\u00e9-escolar e Creche<\/strong><\/p>\n\n\n\n<p class=\"has-text-align-center\">Maria Julieta Ribeiro Queiroz Mendon\u00e7a<\/p>\n\n\n\n<p class=\"has-text-align-center has-background\" style=\"background-color:#dde9d3\"><strong>Coordenador do 1.\u00ba Ciclo do Ensino B\u00e1sico<\/strong><\/p>\n\n\n\n<p class=\"has-text-align-center\">\u00c9lvio Rui Teixeira de Sousa<\/p>\n\n\n\n<p class=\"has-text-align-center has-background\" style=\"background-color:#dde9d3\"><strong>Coordenador do 2.\u00ba Ciclo do Ensino B\u00e1sico<\/strong><\/p>\n\n\n\n<p class=\"has-text-align-center\">&nbsp;Armando Santos Marques Neves&nbsp;<\/p>\n\n\n\n<p class=\"has-text-align-center has-background\" style=\"background-color:#dde9d3\"><strong>Coordenador Manuais Digitais &#8211; 2.\u00ba Ciclo<\/strong> <\/p>\n\n\n\n<p class=\"has-text-align-center\">&nbsp;Armando Santos Marques Neves&nbsp;<\/p>\n\n\n\n<p class=\"has-text-align-center has-background\" style=\"background-color:#dde9d3\">&nbsp;<strong>Coordenador do 3.\u00ba Ciclo do Ensino B\u00e1sico<\/strong><\/p>\n\n\n\n<p class=\"has-text-align-center\">Jo\u00e3o Carlos Henrique da Silva<\/p>\n\n\n\n<p class=\"has-text-align-center has-background\" style=\"background-color:#dde9d3\"><strong>Coordenador Manuais Digitais &#8211; 3.\u00ba Ciclo e Secund\u00e1rio<\/strong><\/p>\n\n\n\n<p class=\"has-text-align-center\">R\u00faben Filipe Melim N\u00f3brega<\/p>\n\n\n\n<p class=\"has-text-align-center has-background\" style=\"background-color:#dde9d3\"><strong>Coordenadora do Ensino Secund\u00e1rio<\/strong><\/p>\n\n\n\n<p class=\"has-text-align-center\">&nbsp;Gina Maria de Oliveira de Brito e Mendes<\/p>\n\n\n\n<p class=\"has-text-align-center has-background\" style=\"background-color:#dde9d3\"><strong>Coordenadora do Departamento de L\u00ednguas<\/strong><\/p>\n\n\n\n<p class=\"has-text-align-center\">Ant\u00f3nio Constantino P. F. Duro<\/p>\n\n\n\n<p class=\"has-text-align-center has-background\" style=\"background-color:#dde9d3\"><strong>Coordenadora do Departamento de Express\u00f5es<\/strong><\/p>\n\n\n\n<p class=\"has-text-align-center\">&nbsp;Isabel Maria Santos Estrela<\/p>\n\n\n\n<p class=\"has-text-align-center has-background\" style=\"background-color:#dde9d3\"><strong>Coordenador do Departamento de Ci\u00eancias Exatas e da Natureza e Tecnologias<\/strong><\/p>\n\n\n\n<p class=\"has-text-align-center\">&nbsp;Duarte Filipe Ramos do Ros\u00e1rio<\/p>\n\n\n\n<p class=\"has-text-align-center has-background\" style=\"background-color:#dde9d3\"><strong>Coordenador do Departamento de Ci\u00eancias Sociais e Humanas<\/strong><\/p>\n\n\n\n<p class=\"has-text-align-center\">Andreia Moreira Mota<\/p>\n\n\n\n<p class=\"has-text-align-center has-background\" style=\"background-color:#dde9d3\"><strong>Coordenador TIC<\/strong><\/p>\n\n\n\n<p class=\"has-text-align-center\">&nbsp;&nbsp;Artur Francisco Baixinho Pereira<\/p>\n\n\n\n<p class=\"has-text-align-center has-background\" style=\"background-color:#dde9d3\">&nbsp;<strong>Coordenador da Forma\u00e7\u00e3o Cont\u00ednua<\/strong><\/p>\n\n\n\n<p class=\"has-text-align-center\">Carlos Alberto Mourinha da Silva Rapoula<\/p>\n\n\n\n<p class=\"has-text-align-center has-background\" style=\"background-color:#dde9d3\"><strong>Coordenador das Atividades de Complemento Curricular<\/strong><\/p>\n\n\n\n<p class=\"has-text-align-center\">&nbsp;Ana Filipa Gouveia Abreu<\/p>\n\n\n\n<p class=\"has-text-align-center has-background\" style=\"background-color:#dde9d3\">&nbsp;<strong>Coordenadora do Eco-Escolas<\/strong><\/p>\n\n\n\n<p class=\"has-text-align-center\">C\u00e1tia Cristina Menezes de Ornelas<\/p>\n\n\n\n<p class=\"has-text-align-center has-background\" style=\"background-color:#dde9d3\"><strong>Coordenadora da Escola Azul<\/strong><\/p>\n\n\n\n<p class=\"has-text-align-center\">Maria de F\u00e1tima Fernandes Gon\u00e7alves<\/p>\n\n\n\n<p class=\"has-text-align-center has-background\" style=\"background-color:#dde9d3\"><strong>Coordenadora do Desporto Escolar<\/strong><\/p>\n\n\n\n<p class=\"has-text-align-center\">Isabel Maria Santos Estrela<\/p>\n\n\n\n<div style=\"height:100px\" aria-hidden=\"true\" class=\"wp-block-spacer\"><\/div>\n","protected":false},"excerpt":{"rendered":"<p>Coordenadora do Pr\u00e9-escolar e Creche Maria Julieta Ribeiro Queiroz Mendon\u00e7a Coordenador do 1.\u00ba Ciclo do Ensino B\u00e1sico \u00c9lvio Rui Teixeira de Sousa Coordenador do 2.\u00ba Ciclo do Ensino B\u00e1sico &nbsp;Armando Santos Marques Neves&nbsp; Coordenador Manuais Digitais &#8211; 2.\u00ba Ciclo &nbsp;Armando Santos Marques Neves&nbsp; &nbsp;Coordenador do 3.\u00ba Ciclo do Ensino B\u00e1sico Jo\u00e3o Carlos Henrique da Silva [&hellip;]<\/p>\n","protected":false},"author":28,"featured_media":0,"parent":0,"menu_order":0,"comment_status":"closed","ping_status":"closed","template":"","meta":{"_themeisle_gutenberg_block_has_review":false,"footnotes":""},"class_list":["post-728","page","type-page","status-publish","hentry"],"_links":{"self":[{"href":"https:\/\/escoladigital.madeira.gov.pt\/ebspdffbranco\/wp-json\/wp\/v2\/pages\/728","targetHints":{"allow":["GET"]}}],"collection":[{"href":"https:\/\/escoladigital.madeira.gov.pt\/ebspdffbranco\/wp-json\/wp\/v2\/pages"}],"about":[{"href":"https:\/\/escoladigital.madeira.gov.pt\/ebspdffbranco\/wp-json\/wp\/v2\/types\/page"}],"author":[{"embeddable":true,"href":"https:\/\/escoladigital.madeira.gov.pt\/ebspdffbranco\/wp-json\/wp\/v2\/users\/28"}],"replies":[{"embeddable":true,"href":"https:\/\/escoladigital.madeira.gov.pt\/ebspdffbranco\/wp-json\/wp\/v2\/comments?post=728"}],"version-history":[{"count":6,"href":"https:\/\/escoladigital.madeira.gov.pt\/ebspdffbranco\/wp-json\/wp\/v2\/pages\/728\/revisions"}],"predecessor-version":[{"id":4538,"href":"https:\/\/escoladigital.madeira.gov.pt\/ebspdffbranco\/wp-json\/wp\/v2\/pages\/728\/revisions\/4538"}],"wp:attachment":[{"href":"https:\/\/escoladigital.madeira.gov.pt\/ebspdffbranco\/wp-json\/wp\/v2\/media?parent=728"}],"curies":[{"name":"wp","href":"https:\/\/api.w.org\/{rel}","templated":true}]}}

<p class="has-text-align-center has-background" style="background-color:#dde9d3"><strong>Coordenadora do Pré-escolar e Creche</strong></p>



<p class="has-text-align-center">Maria Julieta Ribeiro Queiroz Mendonça</p>



<p class="has-text-align-center has-background" style="background-color:#dde9d3"><strong>Coordenador do 1.º Ciclo do Ensino Básico</strong></p>



<p class="has-text-align-center">Élvio Rui Teixeira de Sousa</p>



<p class="has-text-align-center has-background" style="background-color:#dde9d3"><strong>Coordenador do 2.º Ciclo do Ensino Básico</strong></p>



<p class="has-text-align-center">&nbsp;Armando Santos Marques Neves&nbsp;</p>



<p class="has-text-align-center has-background" style="background-color:#dde9d3"><strong>Coordenador Manuais Digitais &#8211; 2.º Ciclo</strong> </p>



<p class="has-text-align-center">&nbsp;Armando Santos Marques Neves&nbsp;</p>



<p class="has-text-align-center has-background" style="background-color:#dde9d3">&nbsp;<strong>Coordenador do 3.º Ciclo do Ensino Básico</strong></p>



<p class="has-text-align-center">João Carlos Henrique da Silva</p>



<p class="has-text-align-center has-background" style="background-color:#dde9d3"><strong>Coordenador Manuais Digitais &#8211; 3.º Ciclo e Secundário</strong></p>



<p class="has-text-align-center">Rúben Filipe Melim Nóbrega</p>



<p class="has-text-align-center has-background" style="background-color:#dde9d3"><strong>Coordenadora do Ensino Secundário</strong></p>



<p class="has-text-align-center">&nbsp;Gina Maria de Oliveira de Brito e Mendes</p>



<p class="has-text-align-center has-background" style="background-color:#dde9d3"><strong>Coordenadora do Departamento de Línguas</strong></p>



<p class="has-text-align-center">António Constantino P. F. Duro</p>



<p class="has-text-align-center has-background" style="background-color:#dde9d3"><strong>Coordenadora do Departamento de Expressões</strong></p>



<p class="has-text-align-center">&nbsp;Isabel Maria Santos Estrela</p>



<p class="has-text-align-center has-background" style="background-color:#dde9d3"><strong>Coordenador do Departamento de Ciências Exatas e da Natureza e Tecnologias</strong></p>



<p class="has-text-align-center">&nbsp;Duarte Filipe Ramos do Rosário</p>



<p class="has-text-align-center has-background" style="background-color:#dde9d3"><strong>Coordenador do Departamento de Ciências Sociais e Humanas</strong></p>



<p class="has-text-align-center">Andreia Moreira Mota</p>



<p class="has-text-align-center has-background" style="background-color:#dde9d3"><strong>Coordenador TIC</strong></p>



<p class="has-text-align-center">&nbsp;&nbsp;Artur Francisco Baixinho Pereira</p>



<p class="has-text-align-center has-background" style="background-color:#dde9d3">&nbsp;<strong>Coordenador da Formação Contínua</strong></p>



<p class="has-text-align-center">Carlos Alberto Mourinha da Silva Rapoula</p>



<p class="has-text-align-center has-background" style="background-color:#dde9d3"><strong>Coordenador das Atividades de Complemento Curricular</strong></p>



<p class="has-text-align-center">&nbsp;Ana Filipa Gouveia Abreu</p>



<p class="has-text-align-center has-background" style="background-color:#dde9d3">&nbsp;<strong>Coordenadora do Eco-Escolas</strong></p>



<p class="has-text-align-center">Cátia Cristina Menezes de Ornelas</p>



<p class="has-text-align-center has-background" style="background-color:#dde9d3"><strong>Coordenadora da Escola Azul</strong></p>



<p class="has-text-align-center">Maria de Fátima Fernandes Gonçalves</p>



<p class="has-text-align-center has-background" style="background-color:#dde9d3"><strong>Coordenadora do Desporto Escolar</strong></p>



<p class="has-text-align-center">Isabel Maria Santos Estrela</p>



<div style="height:100px" aria-hidden="true" class="wp-block-spacer"></div>

<p>Coordenadora do Pré-escolar e Creche Maria Julieta Ribeiro Queiroz Mendonça Coordenador do 1.º Ciclo do Ensino Básico Élvio Rui Teixeira de Sousa Coordenador do 2.º Ciclo do Ensino Básico &nbsp;Armando Santos Marques Neves&nbsp; Coordenador Manuais Digitais &#8211; 2.º Ciclo &nbsp;Armando Santos Marques Neves&nbsp; &nbsp;Coordenador do 3.º Ciclo do Ensino Básico João Carlos Henrique da Silva [&hellip;]</p>
