{"id":775,"date":"2024-09-03T10:11:07","date_gmt":"2024-09-03T10:11:07","guid":{"rendered":"https:\/\/escoladigital.madeira.gov.pt\/ebspdffbranco\/?page_id=775"},"modified":"2025-09-09T15:12:55","modified_gmt":"2025-09-09T15:12:55","slug":"acoes-de-formacao","status":"publish","type":"page","link":"https:\/\/escoladigital.madeira.gov.pt\/ebspdffbranco\/acoes-de-formacao\/","title":{"rendered":"A\u00e7\u00f5es de Forma\u00e7\u00e3o"},"content":{"rendered":"\n<hr class=\"wp-block-separator has-alpha-channel-opacity\" \/>\n\n\n\n<hr class=\"wp-block-separator has-alpha-channel-opacity is-style-dots\" \/>\n\n\n\n<p>Consulte o plano de forma\u00e7\u00e3o na <strong>plataforma Interagir<\/strong>, para outras a\u00e7\u00f5es de forma\u00e7\u00e3o.<\/p>\n\n\n\n<figure data-wp-context=\"{&quot;imageId&quot;:&quot;69eec86581048&quot;}\" data-wp-interactive=\"core\/image\" data-wp-key=\"69eec86581048\" class=\"wp-block-image size-large wp-lightbox-container\"><img fetchpriority=\"high\" decoding=\"async\" width=\"1024\" height=\"401\" data-wp-class--hide=\"state.isContentHidden\" data-wp-class--show=\"state.isContentVisible\" data-wp-init=\"callbacks.setButtonStyles\" data-wp-on--click=\"actions.showLightbox\" data-wp-on--load=\"callbacks.setButtonStyles\" data-wp-on-window--resize=\"callbacks.setButtonStyles\" src=\"https:\/\/escoladigital.madeira.gov.pt\/ebspdffbranco\/wp-content\/uploads\/sites\/19\/2025\/09\/image-1024x401.png\" alt=\"\" class=\"wp-image-4312\" srcset=\"https:\/\/escoladigital.madeira.gov.pt\/ebspdffbranco\/wp-content\/uploads\/sites\/19\/2025\/09\/image-1024x401.png 1024w, https:\/\/escoladigital.madeira.gov.pt\/ebspdffbranco\/wp-content\/uploads\/sites\/19\/2025\/09\/image-300x118.png 300w, https:\/\/escoladigital.madeira.gov.pt\/ebspdffbranco\/wp-content\/uploads\/sites\/19\/2025\/09\/image-768x301.png 768w, https:\/\/escoladigital.madeira.gov.pt\/ebspdffbranco\/wp-content\/uploads\/sites\/19\/2025\/09\/image.png 1232w\" sizes=\"(max-width: 1024px) 100vw, 1024px\" \/><button\n\t\t\tclass=\"lightbox-trigger\"\n\t\t\ttype=\"button\"\n\t\t\taria-haspopup=\"dialog\"\n\t\t\taria-label=\"Ampliar\"\n\t\t\tdata-wp-init=\"callbacks.initTriggerButton\"\n\t\t\tdata-wp-on--click=\"actions.showLightbox\"\n\t\t\tdata-wp-style--right=\"state.imageButtonRight\"\n\t\t\tdata-wp-style--top=\"state.imageButtonTop\"\n\t\t>\n\t\t\t<svg xmlns=\"http:\/\/www.w3.org\/2000\/svg\" width=\"12\" height=\"12\" fill=\"none\" viewBox=\"0 0 12 12\">\n\t\t\t\t<path fill=\"#fff\" d=\"M2 0a2 2 0 0 0-2 2v2h1.5V2a.5.5 0 0 1 .5-.5h2V0H2Zm2 10.5H2a.5.5 0 0 1-.5-.5V8H0v2a2 2 0 0 0 2 2h2v-1.5ZM8 12v-1.5h2a.5.5 0 0 0 .5-.5V8H12v2a2 2 0 0 1-2 2H8Zm2-12a2 2 0 0 1 2 2v2h-1.5V2a.5.5 0 0 0-.5-.5H8V0h2Z\" \/>\n\t\t\t<\/svg>\n\t\t<\/button><\/figure>\n\n\n\n<p>Para realizar a inscri\u00e7\u00e3o aceda \u00e0 plataforma Interagir ou <a href=\"https:\/\/digital.madeira.gov.pt\/interagir\/Forma%c3%a7%c3%a3o\/tabid\/212\/mid\/805\/m494f\/c355l0-0ic522li5847-617-0\/Default.aspx?ctl=Crud.Acoes&amp;ContainerSrc=%5bG%5dContainers%2fGRM_Interagir_CntLaranja%2fCnt_Inf_D1_Edicao\" target=\"_blank\" rel=\"noreferrer noopener\">clique aqui.<\/a><\/p>\n\n\n\n<figure class=\"wp-block-image aligncenter size-medium\"><a href=\"https:\/\/digital.madeira.gov.pt\/interagir\/Forma%c3%a7%c3%a3o.aspx\" target=\"_blank\" rel=\"noreferrer noopener\"><img decoding=\"async\" width=\"300\" height=\"88\" src=\"https:\/\/escoladigital.madeira.gov.pt\/ebspdffbranco\/wp-content\/uploads\/sites\/19\/2024\/09\/logointeragir-300x88.png\" alt=\"\" class=\"wp-image-776\" srcset=\"https:\/\/escoladigital.madeira.gov.pt\/ebspdffbranco\/wp-content\/uploads\/sites\/19\/2024\/09\/logointeragir-300x88.png 300w, https:\/\/escoladigital.madeira.gov.pt\/ebspdffbranco\/wp-content\/uploads\/sites\/19\/2024\/09\/logointeragir.png 677w\" sizes=\"(max-width: 300px) 100vw, 300px\" \/><\/a><\/figure>\n\n\n\n<p><\/p>\n\n\n\n<p><\/p>\n\n\n\n<p class=\"has-text-align-center has-contrast-2-color has-text-color has-link-color wp-elements-3347bcefefe13a1a31e151370b77c934\"><strong>E-mail: formacao.ebspdffbranco@edu.madeira.gov.pt<\/strong><\/p>\n\n\n\n<div style=\"height:100px\" aria-hidden=\"true\" class=\"wp-block-spacer\"><\/div>\n","protected":false},"excerpt":{"rendered":"<p>Consulte o plano de forma\u00e7\u00e3o na plataforma Interagir, para outras a\u00e7\u00f5es de forma\u00e7\u00e3o. Para realizar a inscri\u00e7\u00e3o aceda \u00e0 plataforma Interagir ou clique aqui. E-mail: formacao.ebspdffbranco@edu.madeira.gov.pt<\/p>\n","protected":false},"author":28,"featured_media":0,"parent":0,"menu_order":0,"comment_status":"closed","ping_status":"closed","template":"","meta":{"_themeisle_gutenberg_block_has_review":false,"footnotes":""},"class_list":["post-775","page","type-page","status-publish","hentry"],"_links":{"self":[{"href":"https:\/\/escoladigital.madeira.gov.pt\/ebspdffbranco\/wp-json\/wp\/v2\/pages\/775","targetHints":{"allow":["GET"]}}],"collection":[{"href":"https:\/\/escoladigital.madeira.gov.pt\/ebspdffbranco\/wp-json\/wp\/v2\/pages"}],"about":[{"href":"https:\/\/escoladigital.madeira.gov.pt\/ebspdffbranco\/wp-json\/wp\/v2\/types\/page"}],"author":[{"embeddable":true,"href":"https:\/\/escoladigital.madeira.gov.pt\/ebspdffbranco\/wp-json\/wp\/v2\/users\/28"}],"replies":[{"embeddable":true,"href":"https:\/\/escoladigital.madeira.gov.pt\/ebspdffbranco\/wp-json\/wp\/v2\/comments?post=775"}],"version-history":[{"count":11,"href":"https:\/\/escoladigital.madeira.gov.pt\/ebspdffbranco\/wp-json\/wp\/v2\/pages\/775\/revisions"}],"predecessor-version":[{"id":4316,"href":"https:\/\/escoladigital.madeira.gov.pt\/ebspdffbranco\/wp-json\/wp\/v2\/pages\/775\/revisions\/4316"}],"wp:attachment":[{"href":"https:\/\/escoladigital.madeira.gov.pt\/ebspdffbranco\/wp-json\/wp\/v2\/media?parent=775"}],"curies":[{"name":"wp","href":"https:\/\/api.w.org\/{rel}","templated":true}]}}

Ações de Formação

<hr class="wp-block-separator has-alpha-channel-opacity" />



<hr class="wp-block-separator has-alpha-channel-opacity is-style-dots" />



<p>Consulte o plano de formação na <strong>plataforma Interagir</strong>, para outras ações de formação.</p>



<figure data-wp-context="{&quot;imageId&quot;:&quot;69eec86581048&quot;}" data-wp-interactive="core/image" data-wp-key="69eec86581048" class="wp-block-image size-large wp-lightbox-container"><img fetchpriority="high" decoding="async" width="1024" height="401" data-wp-class--hide="state.isContentHidden" data-wp-class--show="state.isContentVisible" data-wp-init="callbacks.setButtonStyles" data-wp-on--click="actions.showLightbox" data-wp-on--load="callbacks.setButtonStyles" data-wp-on-window--resize="callbacks.setButtonStyles" src="https://escoladigital.madeira.gov.pt/ebspdffbranco/wp-content/uploads/sites/19/2025/09/image-1024x401.png" alt="" class="wp-image-4312" srcset="https://escoladigital.madeira.gov.pt/ebspdffbranco/wp-content/uploads/sites/19/2025/09/image-1024x401.png 1024w, https://escoladigital.madeira.gov.pt/ebspdffbranco/wp-content/uploads/sites/19/2025/09/image-300x118.png 300w, https://escoladigital.madeira.gov.pt/ebspdffbranco/wp-content/uploads/sites/19/2025/09/image-768x301.png 768w, https://escoladigital.madeira.gov.pt/ebspdffbranco/wp-content/uploads/sites/19/2025/09/image.png 1232w" sizes="(max-width: 1024px) 100vw, 1024px" /><button
			class="lightbox-trigger"
			type="button"
			aria-haspopup="dialog"
			aria-label="Ampliar"
			data-wp-init="callbacks.initTriggerButton"
			data-wp-on--click="actions.showLightbox"
			data-wp-style--right="state.imageButtonRight"
			data-wp-style--top="state.imageButtonTop"
		>
			<svg xmlns="http://www.w3.org/2000/svg" width="12" height="12" fill="none" viewBox="0 0 12 12">
				<path fill="#fff" d="M2 0a2 2 0 0 0-2 2v2h1.5V2a.5.5 0 0 1 .5-.5h2V0H2Zm2 10.5H2a.5.5 0 0 1-.5-.5V8H0v2a2 2 0 0 0 2 2h2v-1.5ZM8 12v-1.5h2a.5.5 0 0 0 .5-.5V8H12v2a2 2 0 0 1-2 2H8Zm2-12a2 2 0 0 1 2 2v2h-1.5V2a.5.5 0 0 0-.5-.5H8V0h2Z" />
			</svg>
		</button></figure>



<p>Para realizar a inscrição aceda à plataforma Interagir ou <a href="https://digital.madeira.gov.pt/interagir/Forma%c3%a7%c3%a3o/tabid/212/mid/805/m494f/c355l0-0ic522li5847-617-0/Default.aspx?ctl=Crud.Acoes&amp;ContainerSrc=%5bG%5dContainers%2fGRM_Interagir_CntLaranja%2fCnt_Inf_D1_Edicao" target="_blank" rel="noreferrer noopener">clique aqui.</a></p>



<figure class="wp-block-image aligncenter size-medium"><a href="https://digital.madeira.gov.pt/interagir/Forma%c3%a7%c3%a3o.aspx" target="_blank" rel="noreferrer noopener"><img decoding="async" width="300" height="88" src="https://escoladigital.madeira.gov.pt/ebspdffbranco/wp-content/uploads/sites/19/2024/09/logointeragir-300x88.png" alt="" class="wp-image-776" srcset="https://escoladigital.madeira.gov.pt/ebspdffbranco/wp-content/uploads/sites/19/2024/09/logointeragir-300x88.png 300w, https://escoladigital.madeira.gov.pt/ebspdffbranco/wp-content/uploads/sites/19/2024/09/logointeragir.png 677w" sizes="(max-width: 300px) 100vw, 300px" /></a></figure>



<p></p>



<p></p>



<p class="has-text-align-center has-contrast-2-color has-text-color has-link-color wp-elements-3347bcefefe13a1a31e151370b77c934"><strong>E-mail: formacao.ebspdffbranco@edu.madeira.gov.pt</strong></p>



<div style="height:100px" aria-hidden="true" class="wp-block-spacer"></div>

<p>Consulte o plano de formação na plataforma Interagir, para outras ações de formação. Para realizar a inscrição aceda à plataforma Interagir ou clique aqui. E-mail: formacao.ebspdffbranco@edu.madeira.gov.pt</p>
