{"id":190,"date":"2024-02-13T18:10:51","date_gmt":"2024-02-13T18:10:51","guid":{"rendered":"https:\/\/escoladigital.madeira.gov.pt\/ebspecalheta\/?page_id=190"},"modified":"2025-02-07T12:51:24","modified_gmt":"2025-02-07T12:51:24","slug":"criterios-de-avaliacao","status":"publish","type":"page","link":"https:\/\/escoladigital.madeira.gov.pt\/ebspecalheta\/alunos\/criterios-de-avaliacao\/","title":{"rendered":"Crit\u00e9rios de avalia\u00e7\u00e3o"},"content":{"rendered":"\t\t<div data-elementor-type=\"wp-page\" data-elementor-id=\"190\" class=\"elementor elementor-190\">\n\t\t\t\t<div class=\"elementor-element elementor-element-411be01 e-flex e-con-boxed e-con e-parent\" data-id=\"411be01\" data-element_type=\"container\" data-e-type=\"container\">\n\t\t\t\t\t<div class=\"e-con-inner\">\n\t\t\t\t<div class=\"elementor-element elementor-element-6d3f20a elementor-widget elementor-widget-heading\" data-id=\"6d3f20a\" data-element_type=\"widget\" data-e-type=\"widget\" data-widget_type=\"heading.default\">\n\t\t\t\t<div class=\"elementor-widget-container\">\n\t\t\t\t\t<h2 class=\"elementor-heading-title elementor-size-default\">Crit\u00e9rios de Avalia\u00e7\u00e3o<\/h2>\t\t\t\t<\/div>\n\t\t\t\t<\/div>\n\t\t\t\t\t<\/div>\n\t\t\t\t<\/div>\n\t\t<div class=\"elementor-element elementor-element-5939c29 e-flex e-con-boxed e-con e-parent\" data-id=\"5939c29\" data-element_type=\"container\" data-e-type=\"container\">\n\t\t\t\t\t<div class=\"e-con-inner\">\n\t\t\t\t<div class=\"elementor-element elementor-element-8c387e7 elementor-widget elementor-widget-text-editor\" data-id=\"8c387e7\" data-element_type=\"widget\" data-e-type=\"widget\" data-widget_type=\"text-editor.default\">\n\t\t\t\t<div class=\"elementor-widget-container\">\n\t\t\t\t\t\t\t\t\t<div class=\"shared-files-embed-69defd8419acb shared-files-main-container\" data-elem-class=\"shared-files-embed-69defd8419acb\" data-search-type=\"0\" data-post-id=\"190\"><div class=\"shared-files-search\"><ul class=\"shared-files-main-file-list\"><li class=\"shared-files-card-719\"><div class=\"shared-files-main-elements\"><div class=\"shared-files-main-elements-left\" style=\"background-image: url(https:\/\/escoladigital.madeira.gov.pt\/ebspecalheta\/wp-content\/plugins\/shared-files\/img\/2020\/pdf.svg);\"><\/div><div class=\"shared-files-main-elements-right\"><a class=\"shared-files-file-title\"  data-file-type=\"\"  data-file-url=\"\/ebspecalheta\/shared-files\/719\/?plano_cur_escola_parteI_2024-25.pdf\"  data-external-url=\"\"  data-image-url=\"\" href=\"\/ebspecalheta\/shared-files\/719\/?plano_cur_escola_parteI_2024-25.pdf\" target=\"_blank\">Plano Curricular de Escola &#8211; PARTE I &#8211; Introdu\u00e7\u00e3o \/ Alunos &#8211; Oferta curricular \/ Avalia\u00e7\u00e3o<\/a><span class=\"shared-file-size\">754.48 KB<\/span><a href=\"https:\/\/escoladigital.madeira.gov.pt\/ebspecalheta\/shared-files\/719\/?plano_cur_escola_parteI_2024-25.pdf\" target=\"_blank\" class=\"shared-files-preview-button\">Visualiza\u00e7\u00e3o<\/a><span class=\"shared-file-date\">27 de Mar\u00e7o, 2024<\/span><div class=\"shared-files-download-counter\"><span>Downloads: 300<\/span><\/div><div class=\"shared-files-tags-container\"><span>PCE<\/span><\/div><div class=\"shared-files-download-button-container\"><a href=\"\/ebspecalheta\/shared-files\/719\/?plano_cur_escola_parteI_2024-25.pdf&#038;download=1\" class=\"shared-files-download-button\"  download>Download<\/a><\/div><div class=\"shared-files-edit-actions\"><\/div><\/div><\/div><\/li><\/ul><\/div><\/div><div class=\"shared-files-embed-69defd841b79c shared-files-main-container\" data-elem-class=\"shared-files-embed-69defd841b79c\" data-search-type=\"0\" data-post-id=\"719\"><div class=\"shared-files-search\"><ul class=\"shared-files-main-file-list\"><li class=\"shared-files-card-721\"><div class=\"shared-files-main-elements\"><div class=\"shared-files-main-elements-left\" style=\"background-image: url(https:\/\/escoladigital.madeira.gov.pt\/ebspecalheta\/wp-content\/plugins\/shared-files\/img\/2020\/pdf.svg);\"><\/div><div class=\"shared-files-main-elements-right\"><a class=\"shared-files-file-title\"  data-file-type=\"\"  data-file-url=\"\/ebspecalheta\/shared-files\/721\/?plano_cur_escola_%20parteII_2024-25.pdf\"  data-external-url=\"\"  data-image-url=\"\" href=\"\/ebspecalheta\/shared-files\/721\/?plano_cur_escola_%20parteII_2024-25.pdf\" target=\"_blank\">Plano Curricular de Escola &#8211; PARTE II &#8211; Pr\u00e9-escolar e 1.\u00ba Ciclo<\/a><span class=\"shared-file-size\">1.87 MB<\/span><a href=\"https:\/\/escoladigital.madeira.gov.pt\/ebspecalheta\/shared-files\/721\/?plano_cur_escola_%20parteII_2024-25.pdf\" target=\"_blank\" class=\"shared-files-preview-button\">Visualiza\u00e7\u00e3o<\/a><span class=\"shared-file-date\">27 de Mar\u00e7o, 2024<\/span><div class=\"shared-files-download-counter\"><span>Downloads: 277<\/span><\/div><div class=\"shared-files-tags-container\"><span>PCE<\/span><\/div><div class=\"shared-files-download-button-container\"><a href=\"\/ebspecalheta\/shared-files\/721\/?plano_cur_escola_%20parteII_2024-25.pdf&#038;download=1\" class=\"shared-files-download-button\"  download>Download<\/a><\/div><div class=\"shared-files-edit-actions\"><\/div><\/div><\/div><\/li><\/ul><\/div><\/div><div class=\"shared-files-embed-69defd841cfb8 shared-files-main-container\" data-elem-class=\"shared-files-embed-69defd841cfb8\" data-search-type=\"0\" data-post-id=\"721\"><div class=\"shared-files-search\"><ul class=\"shared-files-main-file-list\"><li class=\"shared-files-card-1393\"><div class=\"shared-files-main-elements\"><div class=\"shared-files-main-elements-left\" style=\"background-image: url(https:\/\/escoladigital.madeira.gov.pt\/ebspecalheta\/wp-content\/plugins\/shared-files\/img\/2020\/pdf.svg);\"><\/div><div class=\"shared-files-main-elements-right\"><a class=\"shared-files-file-title\"  data-file-type=\"\"  data-file-url=\"\/ebspecalheta\/shared-files\/1393\/?plano_cur_escola_%20parteIII_2024-25.pdf\"  data-external-url=\"\"  data-image-url=\"\" href=\"\/ebspecalheta\/shared-files\/1393\/?plano_cur_escola_%20parteIII_2024-25.pdf\" target=\"_blank\">Plano Curricular de Escola &#8211; PARTE III &#8211; 2.\u00ba Ciclo<\/a><span class=\"shared-file-size\">1.45 MB<\/span><a href=\"https:\/\/escoladigital.madeira.gov.pt\/ebspecalheta\/shared-files\/1393\/?plano_cur_escola_%20parteIII_2024-25.pdf\" target=\"_blank\" class=\"shared-files-preview-button\">Visualiza\u00e7\u00e3o<\/a><span class=\"shared-file-date\">8 de Janeiro, 2025<\/span><div class=\"shared-files-download-counter\"><span>Downloads: 285<\/span><\/div><div class=\"shared-files-tags-container\"><span>PCE<\/span><\/div><div class=\"shared-files-download-button-container\"><a href=\"\/ebspecalheta\/shared-files\/1393\/?plano_cur_escola_%20parteIII_2024-25.pdf&#038;download=1\" class=\"shared-files-download-button\"  download>Download<\/a><\/div><div class=\"shared-files-edit-actions\"><\/div><\/div><\/div><\/li><\/ul><\/div><\/div><div class=\"shared-files-embed-69defd841de9a shared-files-main-container\" data-elem-class=\"shared-files-embed-69defd841de9a\" data-search-type=\"0\" data-post-id=\"1393\"><div class=\"shared-files-search\"><ul class=\"shared-files-main-file-list\"><li class=\"shared-files-card-1395\"><div class=\"shared-files-main-elements\"><div class=\"shared-files-main-elements-left\" style=\"background-image: url(https:\/\/escoladigital.madeira.gov.pt\/ebspecalheta\/wp-content\/plugins\/shared-files\/img\/2020\/pdf.svg);\"><\/div><div class=\"shared-files-main-elements-right\"><a class=\"shared-files-file-title\"  data-file-type=\"\"  data-file-url=\"\/ebspecalheta\/shared-files\/1395\/?plano_cur_escola_%20parteIV_2024-25.pdf\"  data-external-url=\"\"  data-image-url=\"\" href=\"\/ebspecalheta\/shared-files\/1395\/?plano_cur_escola_%20parteIV_2024-25.pdf\" target=\"_blank\">Plano Curricular de Escola &#8211; PARTE IV &#8211; 3.\u00ba Ciclo<\/a><span class=\"shared-file-size\">2.33 MB<\/span><a href=\"https:\/\/escoladigital.madeira.gov.pt\/ebspecalheta\/shared-files\/1395\/?plano_cur_escola_%20parteIV_2024-25.pdf\" target=\"_blank\" class=\"shared-files-preview-button\">Visualiza\u00e7\u00e3o<\/a><span class=\"shared-file-date\">8 de Janeiro, 2025<\/span><div class=\"shared-files-download-counter\"><span>Downloads: 174<\/span><\/div><div class=\"shared-files-tags-container\"><span>PCE<\/span><\/div><div class=\"shared-files-download-button-container\"><a href=\"\/ebspecalheta\/shared-files\/1395\/?plano_cur_escola_%20parteIV_2024-25.pdf&#038;download=1\" class=\"shared-files-download-button\"  download>Download<\/a><\/div><div class=\"shared-files-edit-actions\"><\/div><\/div><\/div><\/li><\/ul><\/div><\/div><div class=\"shared-files-embed-69defd841e86d shared-files-main-container\" data-elem-class=\"shared-files-embed-69defd841e86d\" data-search-type=\"0\" data-post-id=\"1395\"><div class=\"shared-files-search\"><ul class=\"shared-files-main-file-list\"><li class=\"shared-files-card-1396\"><div class=\"shared-files-main-elements\"><div class=\"shared-files-main-elements-left\" style=\"background-image: url(https:\/\/escoladigital.madeira.gov.pt\/ebspecalheta\/wp-content\/plugins\/shared-files\/img\/2020\/pdf.svg);\"><\/div><div class=\"shared-files-main-elements-right\"><a class=\"shared-files-file-title\"  data-file-type=\"\"  data-file-url=\"\/ebspecalheta\/shared-files\/1396\/?plano_cur_escola_%20parteV_2024-25.pdf\"  data-external-url=\"\"  data-image-url=\"\" href=\"\/ebspecalheta\/shared-files\/1396\/?plano_cur_escola_%20parteV_2024-25.pdf\" target=\"_blank\">Plano Curricular de Escola &#8211; PARTE V &#8211; Secund\u00e1rio &#8211; CCH<\/a><span class=\"shared-file-size\">2.84 MB<\/span><a href=\"https:\/\/escoladigital.madeira.gov.pt\/ebspecalheta\/shared-files\/1396\/?plano_cur_escola_%20parteV_2024-25.pdf\" target=\"_blank\" class=\"shared-files-preview-button\">Visualiza\u00e7\u00e3o<\/a><span class=\"shared-file-date\">8 de Janeiro, 2025<\/span><div class=\"shared-files-download-counter\"><span>Downloads: 232<\/span><\/div><div class=\"shared-files-tags-container\"><span>PCE<\/span><\/div><div class=\"shared-files-download-button-container\"><a href=\"\/ebspecalheta\/shared-files\/1396\/?plano_cur_escola_%20parteV_2024-25.pdf&#038;download=1\" class=\"shared-files-download-button\"  download>Download<\/a><\/div><div class=\"shared-files-edit-actions\"><\/div><\/div><\/div><\/li><\/ul><\/div><\/div><div class=\"shared-files-embed-69defd841f1a7 shared-files-main-container\" data-elem-class=\"shared-files-embed-69defd841f1a7\" data-search-type=\"0\" data-post-id=\"1396\"><div class=\"shared-files-search\"><ul class=\"shared-files-main-file-list\"><li class=\"shared-files-card-1397\"><div class=\"shared-files-main-elements\"><div class=\"shared-files-main-elements-left\" style=\"background-image: url(https:\/\/escoladigital.madeira.gov.pt\/ebspecalheta\/wp-content\/plugins\/shared-files\/img\/2020\/pdf.svg);\"><\/div><div class=\"shared-files-main-elements-right\"><a class=\"shared-files-file-title\"  data-file-type=\"\"  data-file-url=\"\/ebspecalheta\/shared-files\/1397\/?plano_cur_escola_%20parteVI_2024-25.pdf\"  data-external-url=\"\"  data-image-url=\"\" href=\"\/ebspecalheta\/shared-files\/1397\/?plano_cur_escola_%20parteVI_2024-25.pdf\" target=\"_blank\">Plano Curricular de Escola &#8211; PARTE VI &#8211; Ensino Profissional \/ Educa\u00e7\u00e3o e Forma\u00e7\u00e3o de Adultos<\/a><span class=\"shared-file-size\">2.87 MB<\/span><a href=\"https:\/\/escoladigital.madeira.gov.pt\/ebspecalheta\/shared-files\/1397\/?plano_cur_escola_%20parteVI_2024-25.pdf\" target=\"_blank\" class=\"shared-files-preview-button\">Visualiza\u00e7\u00e3o<\/a><span class=\"shared-file-date\">8 de Janeiro, 2025<\/span><div class=\"shared-files-download-counter\"><span>Downloads: 192<\/span><\/div><div class=\"shared-files-tags-container\"><span>PCE<\/span><\/div><div class=\"shared-files-download-button-container\"><a href=\"\/ebspecalheta\/shared-files\/1397\/?plano_cur_escola_%20parteVI_2024-25.pdf&#038;download=1\" class=\"shared-files-download-button\"  download>Download<\/a><\/div><div class=\"shared-files-edit-actions\"><\/div><\/div><\/div><\/li><\/ul><\/div><\/div>\t\t\t\t\t\t\t\t<\/div>\n\t\t\t\t<\/div>\n\t\t\t\t\t<\/div>\n\t\t\t\t<\/div>\n\t\t\t\t<\/div>\n\t\t","protected":false},"excerpt":{"rendered":"<p>Crit\u00e9rios de Avalia\u00e7\u00e3o<\/p>\n","protected":false},"author":4,"featured_media":0,"parent":104,"menu_order":0,"comment_status":"closed","ping_status":"closed","template":"","meta":{"site-sidebar-layout":"no-sidebar","site-content-layout":"","ast-site-content-layout":"full-width-container","site-content-style":"default","site-sidebar-style":"default","ast-global-header-display":"","ast-banner-title-visibility":"","ast-main-header-display":"","ast-hfb-above-header-display":"","ast-hfb-below-header-display":"","ast-hfb-mobile-header-display":"","site-post-title":"disabled","ast-breadcrumbs-content":"","ast-featured-img":"disabled","footer-sml-layout":"","ast-disable-related-posts":"","theme-transparent-header-meta":"","adv-header-id-meta":"","stick-header-meta":"","header-above-stick-meta":"","header-main-stick-meta":"","header-below-stick-meta":"","astra-migrate-meta-layouts":"default","ast-page-background-enabled":"default","ast-page-background-meta":{"desktop":{"background-color":"var(--ast-global-color-4)","background-image":"","background-repeat":"repeat","background-position":"center center","background-size":"auto","background-attachment":"scroll","background-type":"","background-media":"","overlay-type":"","overlay-color":"","overlay-opacity":"","overlay-gradient":""},"tablet":{"background-color":"","background-image":"","background-repeat":"repeat","background-position":"center center","background-size":"auto","background-attachment":"scroll","background-type":"","background-media":"","overlay-type":"","overlay-color":"","overlay-opacity":"","overlay-gradient":""},"mobile":{"background-color":"","background-image":"","background-repeat":"repeat","background-position":"center center","background-size":"auto","background-attachment":"scroll","background-type":"","background-media":"","overlay-type":"","overlay-color":"","overlay-opacity":"","overlay-gradient":""}},"ast-content-background-meta":{"desktop":{"background-color":"var(--ast-global-color-5)","background-image":"","background-repeat":"repeat","background-position":"center center","background-size":"auto","background-attachment":"scroll","background-type":"","background-media":"","overlay-type":"","overlay-color":"","overlay-opacity":"","overlay-gradient":""},"tablet":{"background-color":"var(--ast-global-color-5)","background-image":"","background-repeat":"repeat","background-position":"center center","background-size":"auto","background-attachment":"scroll","background-type":"","background-media":"","overlay-type":"","overlay-color":"","overlay-opacity":"","overlay-gradient":""},"mobile":{"background-color":"var(--ast-global-color-5)","background-image":"","background-repeat":"repeat","background-position":"center center","background-size":"auto","background-attachment":"scroll","background-type":"","background-media":"","overlay-type":"","overlay-color":"","overlay-opacity":"","overlay-gradient":""}},"_themeisle_gutenberg_block_has_review":false,"footnotes":""},"class_list":["post-190","page","type-page","status-publish","hentry"],"_links":{"self":[{"href":"https:\/\/escoladigital.madeira.gov.pt\/ebspecalheta\/wp-json\/wp\/v2\/pages\/190","targetHints":{"allow":["GET"]}}],"collection":[{"href":"https:\/\/escoladigital.madeira.gov.pt\/ebspecalheta\/wp-json\/wp\/v2\/pages"}],"about":[{"href":"https:\/\/escoladigital.madeira.gov.pt\/ebspecalheta\/wp-json\/wp\/v2\/types\/page"}],"author":[{"embeddable":true,"href":"https:\/\/escoladigital.madeira.gov.pt\/ebspecalheta\/wp-json\/wp\/v2\/users\/4"}],"replies":[{"embeddable":true,"href":"https:\/\/escoladigital.madeira.gov.pt\/ebspecalheta\/wp-json\/wp\/v2\/comments?post=190"}],"version-history":[{"count":4,"href":"https:\/\/escoladigital.madeira.gov.pt\/ebspecalheta\/wp-json\/wp\/v2\/pages\/190\/revisions"}],"predecessor-version":[{"id":2600,"href":"https:\/\/escoladigital.madeira.gov.pt\/ebspecalheta\/wp-json\/wp\/v2\/pages\/190\/revisions\/2600"}],"up":[{"embeddable":true,"href":"https:\/\/escoladigital.madeira.gov.pt\/ebspecalheta\/wp-json\/wp\/v2\/pages\/104"}],"wp:attachment":[{"href":"https:\/\/escoladigital.madeira.gov.pt\/ebspecalheta\/wp-json\/wp\/v2\/media?parent=190"}],"curies":[{"name":"wp","href":"https:\/\/api.w.org\/{rel}","templated":true}]}}