{"id":1347,"date":"2024-11-20T15:57:09","date_gmt":"2024-11-20T15:57:09","guid":{"rendered":"https:\/\/escoladigital.madeira.gov.pt\/ebsscruz\/?page_id=1347"},"modified":"2025-09-19T07:27:40","modified_gmt":"2025-09-19T07:27:40","slug":"projeto-desporto-escolar","status":"publish","type":"page","link":"https:\/\/escoladigital.madeira.gov.pt\/ebsscruz\/projeto-desporto-escolar\/","title":{"rendered":"\ud83c\udfbdProjeto Desporto Escolar"},"content":{"rendered":"\n<div id=\"wp-block-themeisle-blocks-advanced-columns-01772a5c\" class=\"wp-block-themeisle-blocks-advanced-columns has-2-columns has-desktop-oneTwo-layout has-tablet-equal-layout has-mobile-collapsedRows-layout has-vertical-unset\"><div class=\"wp-block-themeisle-blocks-advanced-columns-overlay\"><\/div><div class=\"innerblocks-wrap\">\n<div id=\"wp-block-themeisle-blocks-advanced-column-69c83ddd\" class=\"wp-block-themeisle-blocks-advanced-column\">\n<div id=\"wp-block-themeisle-blocks-advanced-columns-e28b5f9a\" class=\"wp-block-themeisle-blocks-advanced-columns has-1-columns has-desktop-equal-layout has-tablet-equal-layout has-mobile-collapsedRows-layout has-vertical-unset\"><div class=\"wp-block-themeisle-blocks-advanced-columns-overlay\"><\/div><div class=\"innerblocks-wrap\">\n<div id=\"wp-block-themeisle-blocks-advanced-column-1d89eece\" class=\"wp-block-themeisle-blocks-advanced-column\">\n<figure class=\"wp-block-image aligncenter size-full is-resized\"><img fetchpriority=\"high\" decoding=\"async\" width=\"225\" height=\"225\" src=\"https:\/\/escoladigital.madeira.gov.pt\/ebsscruz\/wp-content\/uploads\/sites\/6\/2024\/10\/Logo.png\" alt=\"\" class=\"wp-image-1132\" style=\"width:225px;height:auto\" srcset=\"https:\/\/escoladigital.madeira.gov.pt\/ebsscruz\/wp-content\/uploads\/sites\/6\/2024\/10\/Logo.png 225w, https:\/\/escoladigital.madeira.gov.pt\/ebsscruz\/wp-content\/uploads\/sites\/6\/2024\/10\/Logo-150x150.png 150w\" sizes=\"(max-width: 225px) 100vw, 225px\" \/><\/figure>\n\n\n\n<p><\/p>\n\n\n\n<h4 class=\"wp-block-heading\">Coordena\u00e7\u00e3o<\/h4>\n\n\n\n<p>Desporto Escolar: Lu\u00eds Miguel Vieira <br>Atividade Interna:<strong> <\/strong>Diogo Sousa<\/p>\n\n\n\n<h4 class=\"wp-block-heading\">Documenta\u00e7\u00e3o<\/h4>\n\n\n\n<p><a href=\"https:\/\/escoladigital.madeira.gov.pt\/ebsscruz\/wp-content\/uploads\/sites\/6\/2024\/11\/AtividadeInterna_Planificacao_Pancac-24_25.pdf\" data-type=\"link\" data-id=\"https:\/\/escoladigital.madeira.gov.pt\/ebsscruz\/wp-content\/uploads\/sites\/6\/2024\/11\/AtividadeInterna_Planificacao_Pancac-24_25.pdf\" target=\"_blank\" rel=\"noreferrer noopener\">Planifica\u00e7\u00e3o Anual 2024-25<\/a><\/p>\n\n\n\n<h4 class=\"wp-block-heading\">Informa\u00e7\u00f5es<\/h4>\n\n\n\n<h6 class=\"wp-block-heading\"><a href=\"https:\/\/escoladigital.madeira.gov.pt\/ebsscruz\/projeto-desporto-escolar-modalidades2\/\" data-type=\"page\" data-id=\"1402\" target=\"_blank\" rel=\"noreferrer noopener\">Modalidades<\/a><\/h6>\n<\/div>\n<\/div><\/div>\n<\/div>\n\n\n\n<div id=\"wp-block-themeisle-blocks-advanced-column-49f089fc\" class=\"wp-block-themeisle-blocks-advanced-column\">\n<p>A Dire\u00e7\u00e3o de Servi\u00e7os do Desporto Escolar pretende fazer com que todos os alunos integrados no sistema educativo da Regi\u00e3o Aut\u00f3noma da Madeira pratiquem atividades f\u00edsicas e desportivas de forma regular.<br><strong>Miss\u00e3o<\/strong>&nbsp;<br>Utilizar as pr\u00e1ticas f\u00edsicas e desportivas como meio de forma\u00e7\u00e3o integral das crian\u00e7as e jovens em idade escolar, de inclus\u00e3o, de aquisi\u00e7\u00e3o de h\u00e1bitos de vida saud\u00e1veis e de combate ao insucesso e ao abandono escolar.<\/p>\n\n\n\n<h3 class=\"wp-block-heading\">Not\u00edcias do Desporto Escolar 25-26<\/h3>\n\n\n\n<div class=\"wp-block-query is-layout-flow wp-block-query-is-layout-flow\"><ul class=\"wp-block-post-template is-layout-flow wp-block-post-template-is-layout-flow\"><li class=\"wp-block-post post-5970 post type-post status-publish format-standard hentry category-projeto-desporto-escolar category-pp\">\n<h2 style=\"text-transform:none; padding-top:var(--wp--preset--spacing--20);padding-bottom:var(--wp--preset--spacing--20);padding-left:var(--wp--preset--spacing--20);padding-right:var(--wp--preset--spacing--20);margin-top:0;margin-bottom:0;margin-left:0;margin-right:0;\" class=\"has-link-color ticss-8292264e wp-elements-99cd3e407278882b8c98e70b0545a0f9 wp-block-post-title has-text-color has-ast-global-color-2-color has-medium-font-size\"><a href=\"https:\/\/escoladigital.madeira.gov.pt\/ebsscruz\/2026\/04\/19\/%f0%9f%8f%86-resultados-desporto-escolar\/\" target=\"_self\" >\ud83c\udfc6 Resultados \u2013 Desporto Escolar<\/a><\/h2>\n\n<div class=\"wp-block-post-excerpt\"><p class=\"wp-block-post-excerpt__excerpt\">\u00c9 com grande orgulho que partilhamos os resultados alcan\u00e7ados pelos nossos alunos nas competi\u00e7\u00f5es regionais na modalidade de Gin\u00e1stica \ud83d\udd39 [&hellip;] <\/p><\/div>\n<\/li><li class=\"wp-block-post post-5963 post type-post status-publish format-standard hentry category-projeto-desporto-escolar category-pp\">\n<h2 style=\"text-transform:none; padding-top:var(--wp--preset--spacing--20);padding-bottom:var(--wp--preset--spacing--20);padding-left:var(--wp--preset--spacing--20);padding-right:var(--wp--preset--spacing--20);margin-top:0;margin-bottom:0;margin-left:0;margin-right:0;\" class=\"has-link-color ticss-8292264e wp-elements-99cd3e407278882b8c98e70b0545a0f9 wp-block-post-title has-text-color has-ast-global-color-2-color has-medium-font-size\"><a href=\"https:\/\/escoladigital.madeira.gov.pt\/ebsscruz\/2026\/04\/19\/desporto-escolar-modalidades-de-%f0%9f%8f%90-voleibol-%f0%9f%8f%83-atletismo-%e2%9a%bd-futsal-e-%f0%9f%a4%b8-ginastica\/\" target=\"_self\" >Desporto Escolar &#8211; Modalidades de \ud83c\udfd0 Voleibol, \ud83c\udfc3 Atletismo, \u26bd Futsal e \ud83e\udd38 Gin\u00e1stica<\/a><\/h2>\n\n<div class=\"wp-block-post-excerpt\"><p class=\"wp-block-post-excerpt__excerpt\">No passado dia 18 de Abril a nossa escola participou nas atividades dinamizadas pela Direc\u00e7\u00e3o de Servi\u00e7os do Desporto Escolar [&hellip;] <\/p><\/div>\n<\/li><li class=\"wp-block-post post-5930 post type-post status-publish format-standard hentry category-projeto-desporto-escolar category-pp\">\n<h2 style=\"text-transform:none; padding-top:var(--wp--preset--spacing--20);padding-bottom:var(--wp--preset--spacing--20);padding-left:var(--wp--preset--spacing--20);padding-right:var(--wp--preset--spacing--20);margin-top:0;margin-bottom:0;margin-left:0;margin-right:0;\" class=\"has-link-color ticss-8292264e wp-elements-99cd3e407278882b8c98e70b0545a0f9 wp-block-post-title has-text-color has-ast-global-color-2-color has-medium-font-size\"><a href=\"https:\/\/escoladigital.madeira.gov.pt\/ebsscruz\/2026\/04\/16\/desporto-escolar-nas-modalidades-de%f0%9f%8f%b8-badminton%e2%9b%b8%ef%b8%8f-patinagem%f0%9f%8f%93-tenis-de-mesa\/\" target=\"_self\" >Desporto Escolar nas modalidades de\ud83c\udff8 Badminton\u26f8\ufe0f Patinagem\ud83c\udfd3 T\u00e9nis de Mesa<\/a><\/h2>\n\n<div class=\"wp-block-post-excerpt\"><p class=\"wp-block-post-excerpt__excerpt\">No passado dia 20 de Mar\u00e7o a nossa escola participou nas atividades dinamizadas pela Direc\u00e7\u00e3o de Servi\u00e7os do Desporto Escolar [&hellip;] <\/p><\/div>\n<\/li><li class=\"wp-block-post post-5799 post type-post status-publish format-standard hentry category-projeto-desporto-escolar category-pp\">\n<h2 style=\"text-transform:none; padding-top:var(--wp--preset--spacing--20);padding-bottom:var(--wp--preset--spacing--20);padding-left:var(--wp--preset--spacing--20);padding-right:var(--wp--preset--spacing--20);margin-top:0;margin-bottom:0;margin-left:0;margin-right:0;\" class=\"has-link-color ticss-8292264e wp-elements-99cd3e407278882b8c98e70b0545a0f9 wp-block-post-title has-text-color has-ast-global-color-2-color has-medium-font-size\"><a href=\"https:\/\/escoladigital.madeira.gov.pt\/ebsscruz\/2026\/03\/22\/desporto-escolar-modalidades-de%f0%9f%8f%b8-badminton-%e2%9b%b8%ef%b8%8f-patinagem-%f0%9f%8f%93-tenis-de-mesa\/\" target=\"_self\" >Desporto Escolar &#8211; Modalidades de\ud83c\udff8 Badminton | \u26f8\ufe0f Patinagem | \ud83c\udfd3 T\u00e9nis de Mesa<\/a><\/h2>\n\n<div class=\"wp-block-post-excerpt\"><p class=\"wp-block-post-excerpt__excerpt\">No passado dia 20 de Mar\u00e7o a nossa escola participou nas atividades dinamizadas pela Direc\u00e7\u00e3o de Servi\u00e7os do Desporto Escolar [&hellip;] <\/p><\/div>\n<\/li><li class=\"wp-block-post post-5718 post type-post status-publish format-standard hentry category-projeto-desporto-escolar category-pp\">\n<h2 style=\"text-transform:none; padding-top:var(--wp--preset--spacing--20);padding-bottom:var(--wp--preset--spacing--20);padding-left:var(--wp--preset--spacing--20);padding-right:var(--wp--preset--spacing--20);margin-top:0;margin-bottom:0;margin-left:0;margin-right:0;\" class=\"has-link-color ticss-8292264e wp-elements-99cd3e407278882b8c98e70b0545a0f9 wp-block-post-title has-text-color has-ast-global-color-2-color has-medium-font-size\"><a href=\"https:\/\/escoladigital.madeira.gov.pt\/ebsscruz\/2026\/03\/14\/desporto-escolar-modalidades-de-%f0%9f%a4%b8%e2%99%80%ef%b8%8fginastica-%f0%9f%8f%83%e2%99%82%ef%b8%8fatletismo-e-%f0%9f%8f%90voleibol\/\" target=\"_self\" >Desporto Escolar -Modalidades de \ud83e\udd38\u200d\u2640\ufe0fGin\u00e1stica, \ud83c\udfc3\u200d\u2642\ufe0fAtletismo e \ud83c\udfd0Voleibol<\/a><\/h2>\n\n<div class=\"wp-block-post-excerpt\"><p class=\"wp-block-post-excerpt__excerpt\">Durante a manh\u00e3 de hoje, os alunos da nossa escola participaram em diversas atividades desportivas dinamizadas pela Dire\u00e7\u00e3o de Servi\u00e7os [&hellip;] <\/p><\/div>\n<\/li><li class=\"wp-block-post post-5693 post type-post status-publish format-standard hentry category-projeto-desporto-escolar category-pp\">\n<h2 style=\"text-transform:none; padding-top:var(--wp--preset--spacing--20);padding-bottom:var(--wp--preset--spacing--20);padding-left:var(--wp--preset--spacing--20);padding-right:var(--wp--preset--spacing--20);margin-top:0;margin-bottom:0;margin-left:0;margin-right:0;\" class=\"has-link-color ticss-8292264e wp-elements-99cd3e407278882b8c98e70b0545a0f9 wp-block-post-title has-text-color has-ast-global-color-2-color has-medium-font-size\"><a href=\"https:\/\/escoladigital.madeira.gov.pt\/ebsscruz\/2026\/03\/10\/corta-mato-regional-reune-alunos-de-toda-a-regiao\/\" target=\"_self\" >Corta-Mato Regional re\u00fane alunos de toda a Regi\u00e3o<\/a><\/h2>\n\n<div class=\"wp-block-post-excerpt\"><p class=\"wp-block-post-excerpt__excerpt\">Hoje, a nossa escola participou no Corta-Mato Regional, organizado pela Dire\u00e7\u00e3o de Servi\u00e7os do Desporto Escolar. Este evento contou com [&hellip;] <\/p><\/div>\n<\/li><li class=\"wp-block-post post-5602 post type-post status-publish format-standard hentry category-projeto-desporto-escolar category-pp\">\n<h2 style=\"text-transform:none; padding-top:var(--wp--preset--spacing--20);padding-bottom:var(--wp--preset--spacing--20);padding-left:var(--wp--preset--spacing--20);padding-right:var(--wp--preset--spacing--20);margin-top:0;margin-bottom:0;margin-left:0;margin-right:0;\" class=\"has-link-color ticss-8292264e wp-elements-99cd3e407278882b8c98e70b0545a0f9 wp-block-post-title has-text-color has-ast-global-color-2-color has-medium-font-size\"><a href=\"https:\/\/escoladigital.madeira.gov.pt\/ebsscruz\/2026\/03\/02\/desporto-escolar-modalidades-ginastica-%f0%9f%a4%b8%e2%99%80%ef%b8%8f-atletismo-%f0%9f%8f%83%e2%99%82%ef%b8%8f%f0%9f%8f%ab-futsal-%e2%9a%bd-e-voleibol-%f0%9f%8f%90\/\" target=\"_self\" >Desporto Escolar -Modalidades Gin\u00e1stica \ud83e\udd38\u200d\u2640\ufe0f | Atletismo \ud83c\udfc3\u200d\u2642\ufe0f\ud83c\udfeb| Futsal \u26bd e Voleibol \ud83c\udfd0<\/a><\/h2>\n\n<div class=\"wp-block-post-excerpt\"><p class=\"wp-block-post-excerpt__excerpt\">No passado dia 28 de Fevereiro a nossa escola participou nas atividades dinamizadas pela Direc\u00e7\u00e3o de Servi\u00e7os do Desporto Escolar [&hellip;] <\/p><\/div>\n<\/li><li class=\"wp-block-post post-5096 post type-post status-publish format-standard hentry category-projeto-desporto-escolar category-pp\">\n<h2 style=\"text-transform:none; padding-top:var(--wp--preset--spacing--20);padding-bottom:var(--wp--preset--spacing--20);padding-left:var(--wp--preset--spacing--20);padding-right:var(--wp--preset--spacing--20);margin-top:0;margin-bottom:0;margin-left:0;margin-right:0;\" class=\"has-link-color ticss-8292264e wp-elements-99cd3e407278882b8c98e70b0545a0f9 wp-block-post-title has-text-color has-ast-global-color-2-color has-medium-font-size\"><a href=\"https:\/\/escoladigital.madeira.gov.pt\/ebsscruz\/2025\/12\/08\/desporto-escolar-modalidades-%e2%9a%bd%ef%b8%8ffutsal-%f0%9f%a4%b8%e2%99%80%ef%b8%8fginastica-e-%f0%9f%8f%90voleibol\/\" target=\"_self\" >Desporto Escolar &#8211; Modalidades \u26bd\ufe0fFutsal, \ud83e\udd38\u200d\u2640\ufe0fGin\u00e1stica e \ud83c\udfd0Voleibol<\/a><\/h2>\n\n<div class=\"wp-block-post-excerpt\"><p class=\"wp-block-post-excerpt__excerpt\">No dia 6 de Dezembro a nossa escola participou nas atividades dinamizadas pela Direc\u00e7\u00e3o de Servi\u00e7os do Desporto Escolar nas [&hellip;] <\/p><\/div>\n<\/li><li class=\"wp-block-post post-4995 post type-post status-publish format-standard hentry category-projeto-desporto-escolar category-pp\">\n<h2 style=\"text-transform:none; padding-top:var(--wp--preset--spacing--20);padding-bottom:var(--wp--preset--spacing--20);padding-left:var(--wp--preset--spacing--20);padding-right:var(--wp--preset--spacing--20);margin-top:0;margin-bottom:0;margin-left:0;margin-right:0;\" class=\"has-link-color ticss-8292264e wp-elements-99cd3e407278882b8c98e70b0545a0f9 wp-block-post-title has-text-color has-ast-global-color-2-color has-medium-font-size\"><a href=\"https:\/\/escoladigital.madeira.gov.pt\/ebsscruz\/2025\/11\/28\/atividade-do-desporto-escolar-nas-modalidades-de-nauticas-%f0%9f%8c%8a-patinagem-%e2%9b%b8%ef%b8%8f%f0%9f%9b%bc-e-padel-%f0%9f%8e%be\/\" target=\"_self\" >Atividade do Desporto Escolar nas modalidades de N\u00e1uticas \ud83c\udf0a, Patinagem \u26f8\ufe0f\ud83d\udefc e Padel \ud83c\udfbe<\/a><\/h2>\n\n<div class=\"wp-block-post-excerpt\"><p class=\"wp-block-post-excerpt__excerpt\">No passado dia 28 de Novembro a nossa escola participou nas atividades dinamizadas pela Dire\u00e7\u00e3o de Servi\u00e7os do Desporto Escolar [&hellip;] <\/p><\/div>\n<\/li><li class=\"wp-block-post post-4933 post type-post status-publish format-standard hentry category-projeto-desporto-escolar category-pp\">\n<h2 style=\"text-transform:none; padding-top:var(--wp--preset--spacing--20);padding-bottom:var(--wp--preset--spacing--20);padding-left:var(--wp--preset--spacing--20);padding-right:var(--wp--preset--spacing--20);margin-top:0;margin-bottom:0;margin-left:0;margin-right:0;\" class=\"has-link-color ticss-8292264e wp-elements-99cd3e407278882b8c98e70b0545a0f9 wp-block-post-title has-text-color has-ast-global-color-2-color has-medium-font-size\"><a href=\"https:\/\/escoladigital.madeira.gov.pt\/ebsscruz\/2025\/11\/23\/atividade-do-desporto-escolar-nas-modalidades-de-ginastica-atletismo-e-voleibol\/\" target=\"_self\" >Desporto Escolar nas modalidades de Gin\u00e1stica \ud83e\udd38\u200d\u2640\ufe0f, Atletismo \ud83c\udfc3\u200d\u2642\ufe0f e Voleibol \ud83c\udfd0<\/a><\/h2>\n\n<div class=\"wp-block-post-excerpt\"><p class=\"wp-block-post-excerpt__excerpt\">No passado dia 22 de Novembro a nossa escola participou nas atividades dinamizadas pela Direc\u00e7\u00e3o de Servi\u00e7os do Desporto Escolar [&hellip;] <\/p><\/div>\n<\/li><li class=\"wp-block-post post-4753 post type-post status-publish format-standard hentry category-projeto-desporto-escolar category-pp\">\n<h2 style=\"text-transform:none; padding-top:var(--wp--preset--spacing--20);padding-bottom:var(--wp--preset--spacing--20);padding-left:var(--wp--preset--spacing--20);padding-right:var(--wp--preset--spacing--20);margin-top:0;margin-bottom:0;margin-left:0;margin-right:0;\" class=\"has-link-color ticss-8292264e wp-elements-99cd3e407278882b8c98e70b0545a0f9 wp-block-post-title has-text-color has-ast-global-color-2-color has-medium-font-size\"><a href=\"https:\/\/escoladigital.madeira.gov.pt\/ebsscruz\/2025\/11\/16\/desporto-escolar-badminton-padel-e-tenis-de-mesa\/\" target=\"_self\" >Desporto Escolar &#8211; Badminton, Padel e T\u00e9nis de Mesa<\/a><\/h2>\n\n<div class=\"wp-block-post-excerpt\"><p class=\"wp-block-post-excerpt__excerpt\">No passado dia 14 de Novembro a nossa escola participou nas atividades dinamizadas pela Dire\u00e7\u00e3o de Servi\u00e7os do Desporto Escolar [&hellip;] <\/p><\/div>\n<\/li><li class=\"wp-block-post post-4290 post type-post status-publish format-standard hentry category-projeto-desporto-escolar category-pp\">\n<h2 style=\"text-transform:none; padding-top:var(--wp--preset--spacing--20);padding-bottom:var(--wp--preset--spacing--20);padding-left:var(--wp--preset--spacing--20);padding-right:var(--wp--preset--spacing--20);margin-top:0;margin-bottom:0;margin-left:0;margin-right:0;\" class=\"has-link-color ticss-8292264e wp-elements-99cd3e407278882b8c98e70b0545a0f9 wp-block-post-title has-text-color has-ast-global-color-2-color has-medium-font-size\"><a href=\"https:\/\/escoladigital.madeira.gov.pt\/ebsscruz\/2025\/10\/28\/vai-acontecer\/\" target=\"_self\" >Vai acontecer!<\/a><\/h2>\n\n<div class=\"wp-block-post-excerpt\"><p class=\"wp-block-post-excerpt__excerpt\">No pr\u00f3ximo dia 04 de novembro, os docentes de Educa\u00e7\u00e3o F\u00edsica ir\u00e3o organizar o \ud835\udcd3\ud835\udcf2\ud835\udcea \ud835\udced\ud835\udcea\ud835\udcfc \ud835\udcd0\ud835\udcfd\ud835\udcf2\ud835\udcff\ud835\udcf2\ud835\udced\ud835\udcea\ud835\udced\ud835\udcee\ud835\udcfc \ud835\udcdd\u00e1\ud835\udcfe\ud835\udcfd\ud835\udcf2\ud835\udcec\ud835\udcea\ud835\udcfc. Esta \u00e9 [&hellip;] <\/p><\/div>\n<\/li><\/ul>\n\n<nav class=\"wp-block-query-pagination is-layout-flex wp-block-query-pagination-is-layout-flex\" aria-label=\"Pagina\u00e7\u00e3o\">\n\n\n<div class=\"wp-block-query-pagination-numbers\"><span aria-current=\"page\" class=\"page-numbers current\">1<\/span>\n<a class=\"page-numbers\" href=\"?query-1-page=2\">2<\/a><\/div>\n\n<a href=\"\/ebsscruz\/wp-json\/wp\/v2\/pages\/1347?query-1-page=2\" class=\"wp-block-query-pagination-next\">P\u00e1gina seguinte<\/a>\n<\/nav>\n\n<\/div>\n\n\n\n<div id=\"wp-block-themeisle-blocks-advanced-columns-1d1a49ad\" class=\"wp-block-themeisle-blocks-advanced-columns has-1-columns has-desktop-equal-layout has-tablet-equal-layout has-mobile-equal-layout has-vertical-unset\"><div class=\"wp-block-themeisle-blocks-advanced-columns-overlay\"><\/div><div class=\"innerblocks-wrap\">\n<div id=\"wp-block-themeisle-blocks-advanced-column-0ecef88d\" class=\"wp-block-themeisle-blocks-advanced-column\">\n<div class=\"wp-block-group is-layout-flow wp-block-group-is-layout-flow\" style=\"padding-top:30px;padding-right:30px;padding-bottom:30px;padding-left:30px\">\n<div class=\"wp-block-columns is-layout-flex wp-container-core-columns-is-layout-28f84493 wp-block-columns-is-layout-flex\">\n<div class=\"wp-block-column is-layout-flow wp-block-column-is-layout-flow\"><\/div>\n<\/div>\n<\/div>\n<\/div>\n<\/div><\/div>\n<\/div>\n<\/div><\/div>\n\n\n\n<p><\/p>\n","protected":false},"excerpt":{"rendered":"","protected":false},"author":37,"featured_media":0,"parent":0,"menu_order":0,"comment_status":"closed","ping_status":"closed","template":"","meta":{"site-sidebar-layout":"default","site-content-layout":"","ast-site-content-layout":"default","site-content-style":"default","site-sidebar-style":"default","ast-global-header-display":"","ast-banner-title-visibility":"","ast-main-header-display":"","ast-hfb-above-header-display":"","ast-hfb-below-header-display":"","ast-hfb-mobile-header-display":"","site-post-title":"","ast-breadcrumbs-content":"","ast-featured-img":"","footer-sml-layout":"","ast-disable-related-posts":"","theme-transparent-header-meta":"","adv-header-id-meta":"","stick-header-meta":"","header-above-stick-meta":"","header-main-stick-meta":"","header-below-stick-meta":"","astra-migrate-meta-layouts":"default","ast-page-background-enabled":"default","ast-page-background-meta":{"desktop":{"background-color":"var(--ast-global-color-4)","background-image":"","background-repeat":"repeat","background-position":"center center","background-size":"auto","background-attachment":"scroll","background-type":"","background-media":"","overlay-type":"","overlay-color":"","overlay-opacity":"","overlay-gradient":""},"tablet":{"background-color":"","background-image":"","background-repeat":"repeat","background-position":"center center","background-size":"auto","background-attachment":"scroll","background-type":"","background-media":"","overlay-type":"","overlay-color":"","overlay-opacity":"","overlay-gradient":""},"mobile":{"background-color":"","background-image":"","background-repeat":"repeat","background-position":"center center","background-size":"auto","background-attachment":"scroll","background-type":"","background-media":"","overlay-type":"","overlay-color":"","overlay-opacity":"","overlay-gradient":""}},"ast-content-background-meta":{"desktop":{"background-color":"var(--ast-global-color-5)","background-image":"","background-repeat":"repeat","background-position":"center center","background-size":"auto","background-attachment":"scroll","background-type":"","background-media":"","overlay-type":"","overlay-color":"","overlay-opacity":"","overlay-gradient":""},"tablet":{"background-color":"var(--ast-global-color-5)","background-image":"","background-repeat":"repeat","background-position":"center center","background-size":"auto","background-attachment":"scroll","background-type":"","background-media":"","overlay-type":"","overlay-color":"","overlay-opacity":"","overlay-gradient":""},"mobile":{"background-color":"var(--ast-global-color-5)","background-image":"","background-repeat":"repeat","background-position":"center center","background-size":"auto","background-attachment":"scroll","background-type":"","background-media":"","overlay-type":"","overlay-color":"","overlay-opacity":"","overlay-gradient":""}},"_themeisle_gutenberg_block_has_review":false,"footnotes":""},"class_list":["post-1347","page","type-page","status-publish","hentry"],"_links":{"self":[{"href":"https:\/\/escoladigital.madeira.gov.pt\/ebsscruz\/wp-json\/wp\/v2\/pages\/1347","targetHints":{"allow":["GET"]}}],"collection":[{"href":"https:\/\/escoladigital.madeira.gov.pt\/ebsscruz\/wp-json\/wp\/v2\/pages"}],"about":[{"href":"https:\/\/escoladigital.madeira.gov.pt\/ebsscruz\/wp-json\/wp\/v2\/types\/page"}],"author":[{"embeddable":true,"href":"https:\/\/escoladigital.madeira.gov.pt\/ebsscruz\/wp-json\/wp\/v2\/users\/37"}],"replies":[{"embeddable":true,"href":"https:\/\/escoladigital.madeira.gov.pt\/ebsscruz\/wp-json\/wp\/v2\/comments?post=1347"}],"version-history":[{"count":24,"href":"https:\/\/escoladigital.madeira.gov.pt\/ebsscruz\/wp-json\/wp\/v2\/pages\/1347\/revisions"}],"predecessor-version":[{"id":3866,"href":"https:\/\/escoladigital.madeira.gov.pt\/ebsscruz\/wp-json\/wp\/v2\/pages\/1347\/revisions\/3866"}],"wp:attachment":[{"href":"https:\/\/escoladigital.madeira.gov.pt\/ebsscruz\/wp-json\/wp\/v2\/media?parent=1347"}],"curies":[{"name":"wp","href":"https:\/\/api.w.org\/{rel}","templated":true}]}}