{"id":2395,"date":"2025-04-16T09:44:58","date_gmt":"2025-04-16T09:44:58","guid":{"rendered":"https:\/\/escoladigital.madeira.gov.pt\/ebsscruz\/?page_id=2395"},"modified":"2026-03-03T17:14:27","modified_gmt":"2026-03-03T17:14:27","slug":"calendarizacao-exames-e-provas","status":"publish","type":"page","link":"https:\/\/escoladigital.madeira.gov.pt\/ebsscruz\/calendarizacao-exames-e-provas\/","title":{"rendered":"Calendariza\u00e7\u00e3o \u2013 Exames e Provas"},"content":{"rendered":"\n<section style=\"margin: 50px 0;padding: 20px;background-color: #f9fbe7;border-radius: 12px\">\n  <h2 style=\"font-size: 1.8rem;color: #33691e;text-align: center;margin-bottom: 30px;border-bottom: 3px solid #689f38;padding-bottom: 10px\">\n    \ud83d\udcc5 Calendariza\u00e7\u00e3o \u2013 Exames e Provas 2025\/2026\n  <\/h2>\n\n  <!-- Introdu\u00e7\u00e3o -->\n  <p style=\"font-size: 1rem;color: #333;margin-bottom: 25px;text-align: center\">\n    As datas exatas para o ano letivo <strong>2025\/2026<\/strong> foram anunciadas e publicadas pelo <strong>IAVE<\/strong> (Instituto de Avalia\u00e7\u00e3o Educativa e Cient\u00edfica).\n  <\/p>\n\n<div style=\"background: #ffffff;border: 2px solid #aed581;border-radius: 12px;padding: 20px;margin-bottom: 30px\">\n  <h3 style=\"color: #558b2f;font-size: 1.3rem\">\ud83d\udd35 Provas de Monitoriza\u00e7\u00e3o da Aprendizagem (ModA)<\/h3>\n\n  <p style=\"font-size: 1rem;color: #444\">\n    Realizam-se entre <strong>maio e junho de 2026<\/strong>.\n  <\/p>\n\n  <\/p>\n\n  <!-- IMAGEM -->\n  <div style=\"margin-top:15px\">\n    <img decoding=\"async\" src=\"https:\/\/escoladigital.madeira.gov.pt\/ebsscruz\/wp-content\/uploads\/sites\/6\/2026\/03\/Calendario-Provas-ModA_25-26.jpg\" alt=\"Calend\u00e1rio das Provas de Monitoriza\u00e7\u00e3o da Aprendizagem\" style=\"max-width:100%;border-radius:8px\">\n  <\/div>\n<\/div>\n\n  <!-- Provas Finais do 9.\u00ba Ano -->\n <div style=\"background: #ffffff;border: 2px solid #81c784;border-radius: 12px;padding: 20px;margin-bottom: 30px\">\n\n  <h3 style=\"color: #2e7d32;font-size: 1.3rem\">\ud83d\udfe2 Provas Finais \u2013 9.\u00ba Ano<\/h3>\n\n  <!-- 1\u00aa FASE -->\n  <p><strong>\ud83d\udccc 1.\u00aa Fase \u2013 junho de 2026<\/strong><\/p>\n  <ul>\n    <li><strong>17 de junho<\/strong> \u2013 Portugu\u00eas (Turno 1 e Turno 2)<\/li>\n    <li><strong>22 de junho<\/strong> \u2013 Matem\u00e1tica (Turno 1 e Turno 2)<\/li>\n  <\/ul>\n\n  <!-- IMAGEM 1\u00aa FASE -->\n  <div style=\"margin:15px 0\">\n    <img decoding=\"async\" src=\"https:\/\/escoladigital.madeira.gov.pt\/ebsscruz\/wp-content\/uploads\/sites\/6\/2026\/03\/1Fase_Provas9ano_25-26.jpg\" alt=\"Calend\u00e1rio da 1.\u00aa Fase das Provas Finais do 9.\u00ba Ano\" style=\"max-width:100%;border-radius:8px\">\n  <\/div>\n\n  <!-- 2\u00aa FASE -->\n  <p><strong>\ud83d\udccc 2.\u00aa Fase \u2013 julho de 2026<\/strong><\/p>\n  <ul>\n    <li><strong>16 de julho<\/strong> \u2013 Portugu\u00eas<\/li>\n    <li><strong>20 de julho<\/strong> \u2013 Matem\u00e1tica<\/li>\n  <\/ul>\n\n  <!-- IMAGEM 2\u00aa FASE -->\n  <div style=\"margin:15px 0\">\n    <img decoding=\"async\" src=\"https:\/\/escoladigital.madeira.gov.pt\/ebsscruz\/wp-content\/uploads\/sites\/6\/2026\/03\/2Fase_Provas9ano_25-26.jpg\" alt=\"Calend\u00e1rio da 2.\u00aa Fase das Provas Finais do 9.\u00ba Ano\" style=\"max-width:100%;border-radius:8px\">\n  <\/div>\n\n  <p style=\"font-size: 0.9rem;color: #888;margin-top:10px\">\n    <em>Calend\u00e1rio definido pelo IAVE.<\/em>\n  <\/p>\n\n<\/div>\n\n <!-- Exames Finais Nacionais -->\n  <div style=\"background: #ffffff;border: 2px solid #4caf50;border-radius: 12px;padding: 20px;margin-bottom: 30px\">\n    <h3 style=\"color: #1b5e20;font-size: 1.3rem\">\ud83d\udd34 Ensino Secund\u00e1rio \u2013 Exames Finais Nacionais<\/h3>\n    <p><strong>1.\u00aa Fase:<\/strong> de 16 de junho a 26 de junho de 2026<\/p>\n        <!-- IMAGEM 1\u00aa FASE -->\n  <div style=\"margin:15px 0\">\n    <img decoding=\"async\" src=\"https:\/\/escoladigital.madeira.gov.pt\/ebsscruz\/wp-content\/uploads\/sites\/6\/2026\/03\/1Fase_ExamesSecundario_25-26.jpg\" alt=\"Calend\u00e1rio da 1.\u00aa Fase dos Exames Finais Nacionais\" style=\"max-width:100%;border-radius:8px\">\n  <\/div>\n  <!-- 2\u00aa FASE -->\n  <p><strong>\ud83d\udccc 2.\u00aa Fase \u2013 de 16 a 22 de julho de 2026<\/strong><\/p>\n   <!-- IMAGEM 2\u00aa FASE -->\n  <div style=\"margin:15px 0\">\n    <img decoding=\"async\" src=\"https:\/\/escoladigital.madeira.gov.pt\/ebsscruz\/wp-content\/uploads\/sites\/6\/2026\/03\/2Fase_ExamesSecundario_25-26.jpg\" alt=\"Calend\u00e1rio da 2.\u00aa Fase dos Exames Finais Nacionais\" style=\"max-width:100%;border-radius:8px\">\n  <\/div>\n\n  <!-- Onde obter informa\u00e7\u00f5es -->\n  <div style=\"background: #ffffff;border: 2px solid #c5e1a5;border-radius: 12px;padding: 20px\">\n    <h3 style=\"color: #33691e;font-size: 1.3rem\">\u2139\ufe0f Onde obter informa\u00e7\u00f5es<\/h3>\n    <ul style=\"font-size: 1rem;color: #444;padding-left: 20px\">\n      <li>Fique atento a comunicados do <strong>Minist\u00e9rio da Educa\u00e7\u00e3o<\/strong>.<\/li>\n      <li>Verifique a informa\u00e7\u00e3o no site oficial do <strong>IAVE<\/strong> quando for publicada.<\/li>\n    <\/ul>\n  <\/div>\n<\/section>\n\n  <!-- Fonte -->\n  <p style=\"font-size: 0.95rem;color: #555;text-align: center\">\n    \ud83d\udd17 <a href=\"https:\/\/iave.pt\/provas-e-exames\/calendario\/\" target=\"_blank\" style=\"color:#33691e;text-decoration: underline;font-weight: bold\">Consultar diretamente no site do IAVE<\/a>\n  <\/p>\n<\/section>\n","protected":false},"excerpt":{"rendered":"<p>\ud83d\udcc5 Calendariza\u00e7\u00e3o \u2013 Exames e Provas 2025\/2026 As datas exatas para o ano letivo 2025\/2026 foram anunciadas e publicadas pelo [&hellip;]<\/p>\n","protected":false},"author":89,"featured_media":0,"parent":0,"menu_order":0,"comment_status":"closed","ping_status":"closed","template":"","meta":{"site-sidebar-layout":"default","site-content-layout":"","ast-site-content-layout":"default","site-content-style":"default","site-sidebar-style":"default","ast-global-header-display":"","ast-banner-title-visibility":"","ast-main-header-display":"","ast-hfb-above-header-display":"","ast-hfb-below-header-display":"","ast-hfb-mobile-header-display":"","site-post-title":"","ast-breadcrumbs-content":"","ast-featured-img":"","footer-sml-layout":"","ast-disable-related-posts":"","theme-transparent-header-meta":"","adv-header-id-meta":"","stick-header-meta":"","header-above-stick-meta":"","header-main-stick-meta":"","header-below-stick-meta":"","astra-migrate-meta-layouts":"default","ast-page-background-enabled":"default","ast-page-background-meta":{"desktop":{"background-color":"var(--ast-global-color-4)","background-image":"","background-repeat":"repeat","background-position":"center center","background-size":"auto","background-attachment":"scroll","background-type":"","background-media":"","overlay-type":"","overlay-color":"","overlay-opacity":"","overlay-gradient":""},"tablet":{"background-color":"","background-image":"","background-repeat":"repeat","background-position":"center center","background-size":"auto","background-attachment":"scroll","background-type":"","background-media":"","overlay-type":"","overlay-color":"","overlay-opacity":"","overlay-gradient":""},"mobile":{"background-color":"","background-image":"","background-repeat":"repeat","background-position":"center center","background-size":"auto","background-attachment":"scroll","background-type":"","background-media":"","overlay-type":"","overlay-color":"","overlay-opacity":"","overlay-gradient":""}},"ast-content-background-meta":{"desktop":{"background-color":"var(--ast-global-color-5)","background-image":"","background-repeat":"repeat","background-position":"center center","background-size":"auto","background-attachment":"scroll","background-type":"","background-media":"","overlay-type":"","overlay-color":"","overlay-opacity":"","overlay-gradient":""},"tablet":{"background-color":"var(--ast-global-color-5)","background-image":"","background-repeat":"repeat","background-position":"center center","background-size":"auto","background-attachment":"scroll","background-type":"","background-media":"","overlay-type":"","overlay-color":"","overlay-opacity":"","overlay-gradient":""},"mobile":{"background-color":"var(--ast-global-color-5)","background-image":"","background-repeat":"repeat","background-position":"center center","background-size":"auto","background-attachment":"scroll","background-type":"","background-media":"","overlay-type":"","overlay-color":"","overlay-opacity":"","overlay-gradient":""}},"_themeisle_gutenberg_block_has_review":false,"footnotes":""},"class_list":["post-2395","page","type-page","status-publish","hentry"],"_links":{"self":[{"href":"https:\/\/escoladigital.madeira.gov.pt\/ebsscruz\/wp-json\/wp\/v2\/pages\/2395","targetHints":{"allow":["GET"]}}],"collection":[{"href":"https:\/\/escoladigital.madeira.gov.pt\/ebsscruz\/wp-json\/wp\/v2\/pages"}],"about":[{"href":"https:\/\/escoladigital.madeira.gov.pt\/ebsscruz\/wp-json\/wp\/v2\/types\/page"}],"author":[{"embeddable":true,"href":"https:\/\/escoladigital.madeira.gov.pt\/ebsscruz\/wp-json\/wp\/v2\/users\/89"}],"replies":[{"embeddable":true,"href":"https:\/\/escoladigital.madeira.gov.pt\/ebsscruz\/wp-json\/wp\/v2\/comments?post=2395"}],"version-history":[{"count":18,"href":"https:\/\/escoladigital.madeira.gov.pt\/ebsscruz\/wp-json\/wp\/v2\/pages\/2395\/revisions"}],"predecessor-version":[{"id":5652,"href":"https:\/\/escoladigital.madeira.gov.pt\/ebsscruz\/wp-json\/wp\/v2\/pages\/2395\/revisions\/5652"}],"wp:attachment":[{"href":"https:\/\/escoladigital.madeira.gov.pt\/ebsscruz\/wp-json\/wp\/v2\/media?parent=2395"}],"curies":[{"name":"wp","href":"https:\/\/api.w.org\/{rel}","templated":true}]}}