{"id":2817,"date":"2025-05-12T12:59:26","date_gmt":"2025-05-12T12:59:26","guid":{"rendered":"https:\/\/escoladigital.madeira.gov.pt\/ebsscruz\/?page_id=2817"},"modified":"2025-09-17T13:39:55","modified_gmt":"2025-09-17T13:39:55","slug":"comissao-de-formacao","status":"publish","type":"page","link":"https:\/\/escoladigital.madeira.gov.pt\/ebsscruz\/comissao-de-formacao\/","title":{"rendered":"\ud83c\udf93Comiss\u00e3o de Forma\u00e7\u00e3o"},"content":{"rendered":"\n<div class=\"wp-block-columns is-layout-flex wp-container-core-columns-is-layout-28f84493 wp-block-columns-is-layout-flex\">\n<div class=\"wp-block-column is-layout-flow wp-block-column-is-layout-flow\" style=\"flex-basis:33.33%\">\n<figure class=\"wp-block-image aligncenter is-resized\"><img decoding=\"async\" src=\"https:\/\/escolas.madeira-edu.pt\/Portals\/71\/Formacao\/LogoCFormacao.png\" alt=\"\" style=\"width:200px;height:auto\" \/><\/figure>\n\n\n\n<h3 class=\"wp-block-heading\">Quem Somos<\/h3>\n\n\n\n<p>Equipa de coordena\u00e7\u00e3o:<\/p>\n\n\n\n<ul class=\"wp-block-list\">\n<li>Professor Carlos Sousa<\/li>\n\n\n\n<li>Professora \u00c9lia Freitas<\/li>\n<\/ul>\n\n\n\n<h3 class=\"wp-block-heading\">Objetivos<\/h3>\n\n\n\n<p>Divulgar&nbsp;as atividades e a\u00e7\u00f5es de forma\u00e7\u00e3o organizadas pela Comiss\u00e3o de Forma\u00e7\u00e3o da Escola B\u00e1sica e Secund\u00e1ria de Santa Cruz<\/p>\n\n\n\n<h3 class=\"wp-block-heading\">Contactos<\/h3>\n\n\n\n<p><a href=\"mailto:comformebssc@gmail.com\">comformebssc@gmail.com<\/a><\/p>\n\n\n\n<h3 class=\"wp-block-heading\">&nbsp;Inscri\u00e7\u00e3o em forma\u00e7\u00e3o<\/h3>\n\n\n\n<p><a href=\"https:\/\/digital.madeira.gov.pt\/interagir\/Forma%C3%A7%C3%A3o.aspx\" target=\"_blank\" rel=\"noreferrer noopener\">Plataforma Interagir<\/a><\/p>\n<\/div>\n\n\n\n<div class=\"wp-block-column is-layout-flow wp-block-column-is-layout-flow\" style=\"flex-basis:66.66%\">\n<h2 class=\"wp-block-heading\">Forma\u00e7\u00f5es \/ Confer\u00eancias<\/h2>\n\n\n<ul class=\"wp-block-latest-posts__list has-dates wp-block-latest-posts\"><li><a class=\"wp-block-latest-posts__post-title\" href=\"https:\/\/escoladigital.madeira.gov.pt\/ebsscruz\/2025\/10\/17\/inteligencia-artificial-na-sala-de-aula-transformando-a-dinamica-professor-aluno\/\">A\u00e7\u00e3o de Forma\u00e7\u00e3o: Intelig\u00eancia Artificial na Sala de Aula &#8211; Transformando a Din\u00e2mica Professor\/Aluno<\/a><time datetime=\"2025-10-17T20:33:37+00:00\" class=\"wp-block-latest-posts__post-date\">17 de Outubro, 2025<\/time><div class=\"wp-block-latest-posts__post-excerpt\">Esta forma\u00e7\u00e3o de 13 horas prop\u00f5e capacitar professores a integrar a IA na sala de aula de forma \u00e9tica e estrat\u00e9gica, transformando a rela\u00e7\u00e3o professor\/aluno numa din\u00e2mica mais colaborativa e personalizada.. Com foco pr\u00e1tico em ferramentas como o Microsoft Copilot, a forma\u00e7\u00e3o aborda personaliza\u00e7\u00e3o do ensino, avalia\u00e7\u00e3o adaptativa, redu\u00e7\u00e3o de tarefas administrativas e uso respons\u00e1vel\u2026 <a class=\"wp-block-latest-posts__read-more\" href=\"https:\/\/escoladigital.madeira.gov.pt\/ebsscruz\/2025\/10\/17\/inteligencia-artificial-na-sala-de-aula-transformando-a-dinamica-professor-aluno\/\" rel=\"noopener noreferrer\">Leia mais<span class=\"screen-reader-text\">: A\u00e7\u00e3o de Forma\u00e7\u00e3o: Intelig\u00eancia Artificial na Sala de Aula &#8211; Transformando a Din\u00e2mica Professor\/Aluno<\/span><\/a><\/div><\/li>\n<li><a class=\"wp-block-latest-posts__post-title\" href=\"https:\/\/escoladigital.madeira.gov.pt\/ebsscruz\/2025\/09\/09\/indisciplina-e-o-conflito-na-sala-de-aula-e-na-escola-parte-ii-1a-edicao\/\">Indisciplina e o Conflito na Sala de Aula e na Escola \u2013 Parte II (1\u00aa Edi\u00e7\u00e3o)<\/a><time datetime=\"2025-09-09T08:40:25+00:00\" class=\"wp-block-latest-posts__post-date\">9 de Setembro, 2025<\/time><div class=\"wp-block-latest-posts__post-excerpt\">Objetivos: Formador: Jos\u00e9 Carlos de Abreu Gon\u00e7alves&nbsp; Dura\u00e7\u00e3o:&nbsp;15 horas&nbsp; Cr\u00e9ditos:&nbsp;0.6 Local: Escola B\u00e1sica e Secund\u00e1ria de Santa Cruz Calendariza\u00e7\u00e3o: &#8211;&nbsp;27 de setembro, 4 e 11&nbsp;de&nbsp;outubro&nbsp;de 2025, das 9h \u00e0s 14h. Destinat\u00e1rios: Educadores de Inf\u00e2ncia, Professores dos Ensinos B\u00e1sico e Secund\u00e1rio e Professores de Educa\u00e7\u00e3o Especial Informa\u00e7\u00f5es Taxa de inscri\u00e7\u00e3o: s\u00f3cios &#8211; gratuito; n\u00e3o s\u00f3cios EBS\u2026 <a class=\"wp-block-latest-posts__read-more\" href=\"https:\/\/escoladigital.madeira.gov.pt\/ebsscruz\/2025\/09\/09\/indisciplina-e-o-conflito-na-sala-de-aula-e-na-escola-parte-ii-1a-edicao\/\" rel=\"noopener noreferrer\">Leia mais<span class=\"screen-reader-text\">: Indisciplina e o Conflito na Sala de Aula e na Escola \u2013 Parte II (1\u00aa Edi\u00e7\u00e3o)<\/span><\/a><\/div><\/li>\n<li><a class=\"wp-block-latest-posts__post-title\" href=\"https:\/\/escoladigital.madeira.gov.pt\/ebsscruz\/2025\/07\/29\/formacao-inteligencia-artificial-e-avaliacao-pedagogica\/\">Forma\u00e7\u00e3o: Intelig\u00eancia Artificial e Avalia\u00e7\u00e3o Pedag\u00f3gica<\/a><time datetime=\"2025-07-29T21:13:36+00:00\" class=\"wp-block-latest-posts__post-date\">29 de Julho, 2025<\/time><div class=\"wp-block-latest-posts__post-excerpt\">EM OUTUBRO! Transforme a forma como avalia os seus alunos com o apoio da Intelig\u00eancia Artificial! Entenda os conceitos-chave de IA aplicados \u00e0 educa\u00e7\u00e3o Explore ferramentas de IA para avalia\u00e7\u00e3o formativa e sumativa Desenvolva compet\u00eancias para aplicar IA na cria\u00e7\u00e3o e monitoriza\u00e7\u00e3o de instrumentos de avalia\u00e7\u00e3o Reflita sobre os desafios \u00e9ticos e de seguran\u00e7a no\u2026 <a class=\"wp-block-latest-posts__read-more\" href=\"https:\/\/escoladigital.madeira.gov.pt\/ebsscruz\/2025\/07\/29\/formacao-inteligencia-artificial-e-avaliacao-pedagogica\/\" rel=\"noopener noreferrer\">Leia mais<span class=\"screen-reader-text\">: Forma\u00e7\u00e3o: Intelig\u00eancia Artificial e Avalia\u00e7\u00e3o Pedag\u00f3gica<\/span><\/a><\/div><\/li>\n<li><a class=\"wp-block-latest-posts__post-title\" href=\"https:\/\/escoladigital.madeira.gov.pt\/ebsscruz\/2025\/07\/29\/formacao-aprender-e-ensinar-com-o-uso-de-video-e-jogos\/\">Forma\u00e7\u00e3o: Aprender e Ensinar com o Uso de V\u00eddeo e Jogos<\/a><time datetime=\"2025-07-29T21:11:15+00:00\" class=\"wp-block-latest-posts__post-date\">29 de Julho, 2025<\/time><div class=\"wp-block-latest-posts__post-excerpt\">EM SETEMBRO!Transforme a sua sala de aula com v\u00eddeos e jogos! Ensine de forma mais envolvente, criativa e eficaz! Neste curso de forma\u00e7\u00e3o, vai: Aprender a usar v\u00eddeos e jogos como ferramentas pedag\u00f3gicas poderosas Otimizar a sua produtividade com recursos digitais interativos Criar experi\u00eancias de aprendizagem mais din\u00e2micas e significativas Ensinar pode (e deve!) ser\u2026 <a class=\"wp-block-latest-posts__read-more\" href=\"https:\/\/escoladigital.madeira.gov.pt\/ebsscruz\/2025\/07\/29\/formacao-aprender-e-ensinar-com-o-uso-de-video-e-jogos\/\" rel=\"noopener noreferrer\">Leia mais<span class=\"screen-reader-text\">: Forma\u00e7\u00e3o: Aprender e Ensinar com o Uso de V\u00eddeo e Jogos<\/span><\/a><\/div><\/li>\n<li><a class=\"wp-block-latest-posts__post-title\" href=\"https:\/\/escoladigital.madeira.gov.pt\/ebsscruz\/2025\/07\/29\/formacao-desenvolvimento-de-videojogos-educativos-com-makecode-arcade\/\">Forma\u00e7\u00e3o: Desenvolvimento de Videojogos Educativos com Makecode Arcade<\/a><time datetime=\"2025-07-29T21:08:05+00:00\" class=\"wp-block-latest-posts__post-date\">29 de Julho, 2025<\/time><div class=\"wp-block-latest-posts__post-excerpt\">EM SETEMBRO! Quer levar a criatividade e a tecnologia para a sua sala de aula? Esta forma\u00e7\u00e3o \u00e9 para si! O que vai aprender: Linguagens de Programa\u00e7\u00e3o por Blocos Explore os fundamentos da programa\u00e7\u00e3o com MakeCode e compreenda como transformar blocos em c\u00f3digo real. Cria\u00e7\u00e3o de Videojogos Educativos Desenvolva jogos interativos com MakeCode Arcade, aprenda\u2026 <a class=\"wp-block-latest-posts__read-more\" href=\"https:\/\/escoladigital.madeira.gov.pt\/ebsscruz\/2025\/07\/29\/formacao-desenvolvimento-de-videojogos-educativos-com-makecode-arcade\/\" rel=\"noopener noreferrer\">Leia mais<span class=\"screen-reader-text\">: Forma\u00e7\u00e3o: Desenvolvimento de Videojogos Educativos com Makecode Arcade<\/span><\/a><\/div><\/li>\n<li><a class=\"wp-block-latest-posts__post-title\" href=\"https:\/\/escoladigital.madeira.gov.pt\/ebsscruz\/2025\/07\/29\/formacao-construcao-de-cenarios-de-aprendizagem-com-minecraft-education\/\">Forma\u00e7\u00e3o:  Constru\u00e7\u00e3o de Cen\u00e1rios de Aprendizagem com Minecraft Education<\/a><time datetime=\"2025-07-29T21:02:35+00:00\" class=\"wp-block-latest-posts__post-date\">29 de Julho, 2025<\/time><div class=\"wp-block-latest-posts__post-excerpt\">EM SETEMBRO! Transforme a sua sala de aula num mundo de aprendizagem interativa! Nesta forma\u00e7\u00e3o, vai aprender a: Explorar a plataforma Minecraft Education Crie mundos educativos alinhados com os conte\u00fados das suas disciplinas e promova o ensino de forma l\u00fadica e envolvente. Utilizar ferramentas avan\u00e7adas de cria\u00e7\u00e3o Desenvolva mundos complexos com mensagens, NPCs e conte\u00fados\u2026 <a class=\"wp-block-latest-posts__read-more\" href=\"https:\/\/escoladigital.madeira.gov.pt\/ebsscruz\/2025\/07\/29\/formacao-construcao-de-cenarios-de-aprendizagem-com-minecraft-education\/\" rel=\"noopener noreferrer\">Leia mais<span class=\"screen-reader-text\">: Forma\u00e7\u00e3o:  Constru\u00e7\u00e3o de Cen\u00e1rios de Aprendizagem com Minecraft Education<\/span><\/a><\/div><\/li>\n<li><a class=\"wp-block-latest-posts__post-title\" href=\"https:\/\/escoladigital.madeira.gov.pt\/ebsscruz\/2025\/07\/29\/formacao-ferramentas-microsoft-para-o-ensino\/\">Forma\u00e7\u00e3o: Ferramentas Microsoft para o Ensino<\/a><time datetime=\"2025-07-29T21:00:01+00:00\" class=\"wp-block-latest-posts__post-date\">29 de Julho, 2025<\/time><div class=\"wp-block-latest-posts__post-excerpt\">EM SETEMBRO! \u00c9 professor\/a e quer tornar as suas aulas mais organizadas, criativas e eficientes? Este curso \u00e9 para si! O que vai aprender? Gest\u00e3o de turmas e projetos Domine o uso do Teams, Planner, Project, OneDrive e OneNote para organizar conte\u00fados, blocos e tarefas com facilidade. Cria\u00e7\u00e3o de conte\u00fados educativos Explore ferramentas como Sway,\u2026 <a class=\"wp-block-latest-posts__read-more\" href=\"https:\/\/escoladigital.madeira.gov.pt\/ebsscruz\/2025\/07\/29\/formacao-ferramentas-microsoft-para-o-ensino\/\" rel=\"noopener noreferrer\">Leia mais<span class=\"screen-reader-text\">: Forma\u00e7\u00e3o: Ferramentas Microsoft para o Ensino<\/span><\/a><\/div><\/li>\n<li><a class=\"wp-block-latest-posts__post-title\" href=\"https:\/\/escoladigital.madeira.gov.pt\/ebsscruz\/2025\/05\/12\/a-conferencia-a-inteligencia-artificial-na-escola\/\">A\u00a0Confer\u00eancia\u00a0\u00a0&#8220;A\u00a0Intelig\u00eancia\u00a0Artificial\u00a0na Escola&#8221;<\/a><time datetime=\"2025-05-12T14:37:30+00:00\" class=\"wp-block-latest-posts__post-date\">12 de Maio, 2025<\/time><div class=\"wp-block-latest-posts__post-excerpt\">A&nbsp;Confer\u00eancia&nbsp;&nbsp;&#8220;A&nbsp;Intelig\u00eancia&nbsp;Artificial&nbsp;na Escola&#8221;(6 horas validadas pela DRE)&nbsp;que se vai realizar&nbsp;no Audit\u00f3rio da Escola EB23 Hor\u00e1cio Bento de Gouveia, no dia&nbsp;14 de junho (s\u00e1bado),&nbsp;das 09h00 \u00e0s13h30 e que ter\u00e1 como oradores convidados os Professores&nbsp;Lu\u00eds Varela, autor do blogue&nbsp;Educatech.pt&nbsp;e fundador da Academia Digital Educatech, e&nbsp;Marco Bento, da Escola Superior de Educa\u00e7\u00e3o de Coimbra.&nbsp;&nbsp; Valor da Inscri\u00e7\u00e3o: S\u00f3cios da\u2026 <a class=\"wp-block-latest-posts__read-more\" href=\"https:\/\/escoladigital.madeira.gov.pt\/ebsscruz\/2025\/05\/12\/a-conferencia-a-inteligencia-artificial-na-escola\/\" rel=\"noopener noreferrer\">Leia mais<span class=\"screen-reader-text\">: A\u00a0Confer\u00eancia\u00a0\u00a0&#8220;A\u00a0Intelig\u00eancia\u00a0Artificial\u00a0na Escola&#8221;<\/span><\/a><\/div><\/li>\n<\/ul><\/div>\n<\/div>\n\n\n\n<p><\/p>\n","protected":false},"excerpt":{"rendered":"<p>Quem Somos Equipa de coordena\u00e7\u00e3o: Objetivos Divulgar&nbsp;as atividades e a\u00e7\u00f5es de forma\u00e7\u00e3o organizadas pela Comiss\u00e3o de Forma\u00e7\u00e3o da Escola B\u00e1sica [&hellip;]<\/p>\n","protected":false},"author":37,"featured_media":0,"parent":0,"menu_order":0,"comment_status":"closed","ping_status":"closed","template":"","meta":{"site-sidebar-layout":"default","site-content-layout":"","ast-site-content-layout":"default","site-content-style":"default","site-sidebar-style":"default","ast-global-header-display":"","ast-banner-title-visibility":"","ast-main-header-display":"","ast-hfb-above-header-display":"","ast-hfb-below-header-display":"","ast-hfb-mobile-header-display":"","site-post-title":"","ast-breadcrumbs-content":"","ast-featured-img":"","footer-sml-layout":"","ast-disable-related-posts":"","theme-transparent-header-meta":"","adv-header-id-meta":"","stick-header-meta":"","header-above-stick-meta":"","header-main-stick-meta":"","header-below-stick-meta":"","astra-migrate-meta-layouts":"default","ast-page-background-enabled":"default","ast-page-background-meta":{"desktop":{"background-color":"var(--ast-global-color-4)","background-image":"","background-repeat":"repeat","background-position":"center center","background-size":"auto","background-attachment":"scroll","background-type":"","background-media":"","overlay-type":"","overlay-color":"","overlay-opacity":"","overlay-gradient":""},"tablet":{"background-color":"","background-image":"","background-repeat":"repeat","background-position":"center center","background-size":"auto","background-attachment":"scroll","background-type":"","background-media":"","overlay-type":"","overlay-color":"","overlay-opacity":"","overlay-gradient":""},"mobile":{"background-color":"","background-image":"","background-repeat":"repeat","background-position":"center center","background-size":"auto","background-attachment":"scroll","background-type":"","background-media":"","overlay-type":"","overlay-color":"","overlay-opacity":"","overlay-gradient":""}},"ast-content-background-meta":{"desktop":{"background-color":"var(--ast-global-color-5)","background-image":"","background-repeat":"repeat","background-position":"center center","background-size":"auto","background-attachment":"scroll","background-type":"","background-media":"","overlay-type":"","overlay-color":"","overlay-opacity":"","overlay-gradient":""},"tablet":{"background-color":"var(--ast-global-color-5)","background-image":"","background-repeat":"repeat","background-position":"center center","background-size":"auto","background-attachment":"scroll","background-type":"","background-media":"","overlay-type":"","overlay-color":"","overlay-opacity":"","overlay-gradient":""},"mobile":{"background-color":"var(--ast-global-color-5)","background-image":"","background-repeat":"repeat","background-position":"center center","background-size":"auto","background-attachment":"scroll","background-type":"","background-media":"","overlay-type":"","overlay-color":"","overlay-opacity":"","overlay-gradient":""}},"_themeisle_gutenberg_block_has_review":false,"footnotes":""},"class_list":["post-2817","page","type-page","status-publish","hentry"],"_links":{"self":[{"href":"https:\/\/escoladigital.madeira.gov.pt\/ebsscruz\/wp-json\/wp\/v2\/pages\/2817","targetHints":{"allow":["GET"]}}],"collection":[{"href":"https:\/\/escoladigital.madeira.gov.pt\/ebsscruz\/wp-json\/wp\/v2\/pages"}],"about":[{"href":"https:\/\/escoladigital.madeira.gov.pt\/ebsscruz\/wp-json\/wp\/v2\/types\/page"}],"author":[{"embeddable":true,"href":"https:\/\/escoladigital.madeira.gov.pt\/ebsscruz\/wp-json\/wp\/v2\/users\/37"}],"replies":[{"embeddable":true,"href":"https:\/\/escoladigital.madeira.gov.pt\/ebsscruz\/wp-json\/wp\/v2\/comments?post=2817"}],"version-history":[{"count":14,"href":"https:\/\/escoladigital.madeira.gov.pt\/ebsscruz\/wp-json\/wp\/v2\/pages\/2817\/revisions"}],"predecessor-version":[{"id":3810,"href":"https:\/\/escoladigital.madeira.gov.pt\/ebsscruz\/wp-json\/wp\/v2\/pages\/2817\/revisions\/3810"}],"wp:attachment":[{"href":"https:\/\/escoladigital.madeira.gov.pt\/ebsscruz\/wp-json\/wp\/v2\/media?parent=2817"}],"curies":[{"name":"wp","href":"https:\/\/api.w.org\/{rel}","templated":true}]}}