{"id":2913,"date":"2025-05-14T14:22:09","date_gmt":"2025-05-14T14:22:09","guid":{"rendered":"https:\/\/escoladigital.madeira.gov.pt\/ebsscruz\/?page_id=2913"},"modified":"2025-10-22T14:06:36","modified_gmt":"2025-10-22T14:06:36","slug":"2913-2","status":"publish","type":"page","link":"https:\/\/escoladigital.madeira.gov.pt\/ebsscruz\/2913-2\/","title":{"rendered":"\u231bAtividades de Enriquecimento Curricular"},"content":{"rendered":"\n<section style=\"background:#f4f7fa;padding:40px 20px;text-align:center\">\n   <h2 style=\"text-align: center;color: #003366;font-size: 1.8rem;border-bottom: 3px solid #0073e6;padding-bottom: 10px\">Atividades de Enriquecimento Curricular<\/h2>\n  <p style=\"font-size:18px;max-width:700px;margin:20px auto;color:#444\">\n   As Atividades de Enriquecimento Curricular (AEC) da Escola B\u00e1sica e Secund\u00e1ria de Santa Cruz s\u00e3o complementares ao curr\u00edculo obrigat\u00f3rio e visam proporcionar aos alunos experi\u00eancias educativas diversificadas e enriquecedoras. Estas atividades, de car\u00e1ter l\u00fadico, formativo e cultural, contribuem para o desenvolvimento integral dos estudantes, promovendo compet\u00eancias nas \u00e1reas das artes, desporto, ci\u00eancias, cidadania, entre outras e pretendem criar um ambiente escolar mais estimulante, incentivando o gosto pelo saber e a participa\u00e7\u00e3o ativa na vida escolar.\n  <\/p>\n<\/section>\n<section style=\"padding:40px 20px;background:white\">\n     <h3 style=\"color: #004080;border-left: 5px solid #0073e6;padding-left: 10px\">Compet\u00eancias do Coordenador das Atividades de Enriquecimento Curricular<\/h3>\n<ul>\n<li>Elaborar,\u00a0 a\u00a0 cada\u00a0 ano,\u00a0 o\u00a0 Plano\u00a0 de\u00a0 Atividades\u00a0 N\u00e3o\u00a0 Curriculares,\u00a0 a aprovar pelo Conselho da Comunidade;<\/li>\n<li>Propor,\u00a0 dinamizar\u00a0 e\u00a0 coordenar\u00a0 exposi\u00e7\u00f5es,\u00a0 confer\u00eancias,\u00a0 debates, semin\u00e1rios e outras atividades, no \u00e2mbito das atividades\u00a0 recreativas e culturais;<\/li>\n<li>Promover\u00a0 a\u00a0 articula\u00e7\u00e3o\u00a0 entre\u00a0 os\u00a0 diferentes\u00a0 clubes\u00a0 da\u00a0 escola, nomeadamente\u00a0 atrav\u00e9s\u00a0 da\u00a0 coordena\u00e7\u00e3o\u00a0 da\u00a0 apresenta\u00e7\u00e3o\u00a0 \u00e0 comunidade educativa das atividades desenvolvidas pelos mesmos;<\/li>\n<li>Propor \u00e0 Dire\u00e7\u00e3o Executiva e incrementar a divulga\u00e7\u00e3o junto da comunidade local das atividades desenvolvidas pela escola;<\/li>\n<li>Propor \u00e0 Dire\u00e7\u00e3o Executiva os recursos humanos, f\u00edsicos e materiais necess\u00e1rios ao desenvolvimento das atividades n\u00e3o curriculares;<\/li>\n<li>Apresentar ao Conselho Pedag\u00f3gico, no final de cada ano escolar, o relat\u00f3rio das atividades desenvolvidas.<\/li>\n <\/ul>\n<section style=\"padding:40px 20px;background:white\">\n     <h3 style=\"color: #004080;border-left: 5px solid #0073e6;padding-left: 10px\">Perfil do Coordenador das Atividades de Enriquecimento Curricular<\/h3>\n<p>A designa\u00e7\u00e3o do(s) Coordenador(es) das Atividades de Enriquecimento Curricular deve ter em conta:<\/P>\n<ul>\n<li>Dinamismo;<\/li>\n<li>Abertura \u00e0 mudan\u00e7a;<\/li>\n<li>Sociabilidade, capacidade de di\u00e1logo e disponibilidade para ouvir os outros;<\/li>\n<li>Capacidade para a interven\u00e7\u00e3o cultural, sabendo descobrir e estimular as potencialidades individuais e coletivas;<\/li>\n<li>Capacidade de previs\u00e3o dos recursos humanos e materiais necess\u00e1rios.<\/li>\n <\/ul>\n<h3 style=\"color: #004080;border-left: 5px solid #0073e6;padding-left: 10px\">Docentes Respons\u00e1veis| Contacto<\/h3>\n<ul>\n<li>Prof.\u00aa Ana Isabel Rodrigues<\/li>\n<li>Prof.\u00aa Lucr\u00e9cia Ara\u00fajo<\/li>\n<li>\ud83d\udce7pancacscruz@gmail.com<\/li>\n<\/ul>\n\n<h3 style=\"color: #004080;border-left: 5px solid #0073e6;padding-left: 10px\">Acesso Online<\/h3>\nAtrav\u00e9s do acesso com a sua conta @edu, poder\u00e1 preencher os seguintes tipos de documenta\u00e7\u00e3o:\n<ul><a href=\"https:\/\/emaei.ebssc.net\/index.php\" target=\"_blank\"> \n<li>Planifica\u00e7\u00e3o de Atividades<\/li>\n<li>Requisi\u00e7\u00f5es<\/li>\n<li>Visitas de Estudo<\/li> <\/a>\n<\/section>\n\n\n\n<div style=\"font-family: Arial, sans-serif;padding: 20px\">\n  <h2 style=\"font-size: 24px;color: #003366;margin-bottom: 20px\">Clubes e Projetos &#8211; 2025\/2026<\/h2>\n\n  <div style=\"display: flex;flex-wrap: wrap;gap: 16px\">\n\n    <div style=\"background:#e7f2fa;padding:16px;border-radius:12px;width:300px\">\n      <div style=\"font-size: 18px;font-weight: bold;color: #005baa\">\ud83c\udf0a Escola Azul<\/div>\n      <div style=\"font-size: 14px\">Prof.\u00aa M\u00f3nica Velosa: monicafilipa@edu.madeira.gov.pt<\/div>\n      <div style=\"font-size: 14px\">Prof. Arnaldo N\u00f3brega: criativooo.arny1@edu.madeira.gov.pt<\/div>\n    <\/div>\n <div style=\"background:#e7f2fa;padding:16px;border-radius:12px;width:400px\">\n      <div style=\"font-size: 18px;font-weight: bold;color: #005baa\">\ud83d\udcfa Telejornal Digital<\/div>\n       <div style=\"font-size: 14px\">Prof.\u00aa M\u00f3nica Pereira: monica-pereira@edu.madeira.gov.pt<\/div>\n      <div style=\"font-size: 14px\">Prof.\u00aa M\u00f3nica Velosa: monicafilipa@edu.madeira.gov.pt<\/div>\n      <div style=\"font-size: 14px\">Prof. Arnaldo N\u00f3brega: criativooo.arny1@edu.madeira.gov.pt<\/div>\n    <\/div>\n    <div style=\"background:#e7f2fa;padding:16px;border-radius:12px;width:300px\">\n      <div style=\"font-size: 18px;font-weight: bold;color: #005baa\">\ud83c\udfbcBanda Instrumental<\/div>\n      <div style=\"font-size: 14px\">Prof.\u00aa Ana Cristina Vasconcelos: ana.1305@edu.madeira.gov.pt<\/div>\n       <\/div>\n\n    <div style=\"background:#e7f2fa;padding:16px;border-radius:12px;width:300px\">\n      <div style=\"font-size: 18px;font-weight: bold;color: #005baa\">\ud83c\udffa Cer\u00e2mica<\/div>\n      <div style=\"font-size: 14px\">Prof.\u00aa Rita Fernandes: ritagoncalves@edu.madeira.gov.pt<\/div>\n     <\/div>\n\n    <div style=\"background:#e7f2fa;padding:16px;border-radius:12px;width:400px\">\n      <div style=\"font-size: 18px;font-weight: bold;color: #005baa\">\ud83d\udcbb L\u00edderes Digitais<\/div>\n     <div style=\"font-size: 14px\">Prof.\u00aa M\u00f3nica Velosa: monicafilipa@edu.madeira.gov.pt<\/div>\n      <div style=\"font-size: 14px\">Prof. Arnaldo N\u00f3brega: criativooo.arny1@edu.madeira.gov.pt<\/div>\n    <\/div>\n\n    <div style=\"background:#e7f2fa;padding:16px;border-radius:12px;width:300px\">\n      <div style=\"font-size: 18px;font-weight: bold;color: #005baa\">\ud83c\udfac Cinemateca<\/div>\n      <div style=\"font-size: 14px\">Prof.\u00aa Teresa Andrade: teresaquintal37@edu.madeira.gov.pt<\/div>\n          <\/div>\n\n        <div style=\"background:#e7f2fa;padding:16px;border-radius:12px;width:300px\">\n      <div style=\"font-size: 18px;font-weight: bold;color: #005baa\">\ud83c\udf0d Al\u00e9m da Ilha<\/div>\n      <div style=\"font-size: 14px\">Prof.\u00aa Ana Cristina Vasconcelos: ana.1305@edu.madeira.gov.pt<\/div>\n       <div style=\"font-size: 14px\">Prof.\u00aa S\u00f3nia Santos: soniasantos@edu.madeira.gov.pt<\/div>\n    <\/div>\n<div style=\"background:#e7f2fa;padding:16px;border-radius:12px;width:400px\">\n      <div style=\"font-size: 18px;font-weight: bold;color: #005baa\">\ud83d\udee3\ufe0f PRER<\/div>\n      <div style=\"font-size: 14px\">Prof.\u00aa Ana Lu\u00edsa Duarte: anaduarte@edu.madeira.gov.pt<\/div>\n      <div style=\"font-size: 14px\">Prof.\u00aa Carla Jesus: carla.jesus@edu.madeira.gov.pt<\/div>\n      <div style=\"font-size: 14px\">Prof. Jos\u00e9 Duarte Silva: silva.joseduarte@edu.madeira.gov.pt<\/div>\n    <\/div>\n\n    <div style=\"background:#e7f2fa;padding:16px;border-radius:12px;width:300px\">\n      <div style=\"font-size: 18px;font-weight: bold;color: #005baa\">\ud83d\udcf1 Coordena\u00e7\u00e3o Manuais Digitais<\/div>\n       <div style=\"font-size: 14px\">Prof.\u00aa M\u00f3nica Velosa: monicafilipa@edu.madeira.gov.pt<\/div>\n      <div style=\"font-size: 14px\">Prof.\u00aa Carina Silva: carinamatos80@edu.madeira.gov.pt<\/div>\n    <\/div>\n\n    <div style=\"background:#e7f2fa;padding:16px;border-radius:12px;width:300px\">\n      <div style=\"font-size: 18px;font-weight: bold;color: #005baa\">\ud83e\uddba Delegado de Seguran\u00e7a<\/div>\n      <div style=\"font-size: 14px\">Prof.\u00aa Cristina Termentina: cristina.4562@edu.madeira.gov.pt<\/div>\n      <div style=\"font-size: 14px\">Prof. Jos\u00e9 Duarte Silva: silva.joseduarte@edu.madeira.gov.pt<\/div>\n    <\/div>\n\n    <div style=\"background:#e7f2fa;padding:16px;border-radius:12px;width:400px\">\n      <div style=\"font-size: 18px;font-weight: bold;color: #005baa\">\u267b\ufe0f Eco Escolas<\/div>\n      <div style=\"font-size: 14px\">Prof.\u00aa Dalila Vieira: dalilavieira@edu.madeira.gov.pt<\/div>\n      <div style=\"font-size: 14px\">Prof.\u00aa Lucr\u00e9cia Ara\u00fajo: lucreciaaraujo@edu.madeira.gov.pt<\/div>\n    <\/div>\n\n    <div style=\"background:#e7f2fa;padding:16px;border-radius:12px;width:300px\">\n      <div style=\"font-size: 18px;font-weight: bold;color: #005baa\">\ud83c\udfb5 Canto Coral<\/div>\n      <div style=\"font-size: 14px\">Prof.\u00aa Elsa Cabrita: elsacabrita@edu.madeira.gov.pt<\/div>\n         <\/div>\n\n    <div style=\"background:#e7f2fa;padding:16px;border-radius:12px;width:300px\">\n      <div style=\"font-size: 18px;font-weight: bold;color: #005baa\">\u265f\ufe0f Xadrez<\/div>\n       <div style=\"font-size: 14px\">Prof.\u00aa Mar\u00edlia Gouveia: marilia.teresa65@edu.madeira.gov.pt<\/div>\n       <div style=\"font-size: 14px\">Prof. Lu\u00eds Vieira: luisvieira@edu.madeira.gov.pt<\/div>\n    <\/div>\n \n     <div style=\"background:#e7f2fa;padding:16px;border-radius:12px;width:400px\">\n      <div style=\"font-size: 18px;font-weight: bold;color: #005baa\">\u2764\ufe0f Viver com Amor e Afecto<\/div>\n       <div style=\"font-size: 14px\">Prof.\u00aa M\u00e1rcia Le\u00e3o: marcialeao@edu.madeira.gov.pt<\/div>\n       <div style=\"font-size: 14px\">Prof.\u00aa Ana Costa: anacosta@edu.madeira.gov.pt<\/div>\n       <div style=\"font-size: 14px\">Prof.\u00aa Anabela Pires: anabelapires@edu.madeira.gov.pt<\/div>\n      <div style=\"font-size: 14px\">V\u00e1rios hor\u00e1rios<\/div>\n    <\/div>\n    <div style=\"background:#e7f2fa;padding:16px;border-radius:12px;width:300px\">\n      <div style=\"font-size: 18px;font-weight: bold;color: #005baa\">\ud83e\uddee Turma M | Agente X<\/div>\n      <div style=\"font-size: 14px\">Prof.\u00aa Carina Silva: carinamatos80@edu.madeira.gov.pt<\/div>\n      <\/div>\n\n    <div style=\"background:#e7f2fa;padding:16px;border-radius:12px;width:300px\">\n      <div style=\"font-size: 18px;font-weight: bold;color: #005baa\">\u270d\ufe0f Ponto e V\u00edrgula<\/div>\n      <div style=\"font-size: 14px\">Prof. Eurico Santos: euricosantos@edu.madeira.gov.pt<\/div>\n    <\/div>\n\n     <div style=\"background:#e7f2fa;padding:16px;border-radius:12px;width:400px\">\n      <div style=\"font-size: 18px;font-weight: bold;color: #005baa\"> \ud83c\uddea\ud83c\uddfa Europe Calling <\/div>\n      <div style=\"font-size: 14px\">Prof.\u00aa Arlinda Vieira: arlindavieira@edu.madeira.gov.pt<\/div>\n      <div style=\"font-size: 14px\">Prof.\u00aa Concepcion Rodrigues: coarodrigues@edu.madeira.gov.pt<\/div>\n      <\/div>\n\n      <div style=\"background:#e7f2fa;padding:16px;border-radius:12px;width:300px\">\n      <div style=\"font-size: 18px;font-weight: bold;color: #005baa\">\ud83d\udc6b Roda de Amigos <\/div>\n      <div style=\"font-size: 14px\">Prof.\u00aa Arlinda Vieira: arlindavieira@edu.madeira.gov.pt<\/div>\n      <div style=\"font-size: 14px\">Prof.\u00aa Concepcion Rodrigues: coarodrigues@edu.madeira.gov.pt<\/div>\n      <\/div>\n\n      <div style=\"background:#e7f2fa;padding:16px;border-radius:12px;width:300px\">\n      <div style=\"font-size: 18px;font-weight: bold;color: #005baa\">\ud83c\udf0d Clube Europeu<\/div>\n     <div style=\"font-size: 14px\">Prof.\u00aa Cid\u00e1lia Moreira: cidaliam@edu.madeira.gov.pt<\/div>\n      <div style=\"font-size: 14px\">Prof.\u00aa \u00c9lia Freitas: eliafreitas@edu.madeira.gov.pt<\/div>\n    <\/div>\n<div style=\"background:#e7f2fa;padding:16px;border-radius:12px;width:400px\">\n      <div style=\"font-size: 18px;font-weight: bold;color: #005baa\">\ud83d\uddfa\ufe0f eTwinning<\/div>\n       <div style=\"font-size: 14px\">Prof.\u00aa M\u00f3nica Pereira: monica-pereira@edu.madeira.gov.pt<\/div>\n      <div style=\"font-size: 14px\">Prof.\u00aa M\u00f3nica Velosa: monicafilipa@edu.madeira.gov.pt<\/div>\n      <div style=\"font-size: 14px\">Prof. Arnaldo N\u00f3brega: criativooo.arny1@edu.madeira.gov.pt<\/div>\n    <\/div>\n     <div style=\"background:#e7f2fa;padding:16px;border-radius:12px;width:300px\">\n      <div style=\"font-size: 18px;font-weight: bold;color: #005baa\">\ud83c\udfb8Modalidade Cordofones<\/div>\n      <div style=\"font-size: 14px\">Prof.\u00aa Susana Abrantes: professorasusana@edu.madeira.gov.pt<\/div>\n       <\/div>\n\n     <div style=\"background:#e7f2fa;padding:16px;border-radius:12px;width:300px\">\n      <div style=\"font-size: 18px;font-weight: bold;color: #005baa\"> \ud83c\udfdb Parlamento dos Jovens <\/div>\n      <div style=\"font-size: 14px\">Prof.\u00aa Cristina Pita: cristinapita@edu.madeira.gov.pt<\/div>\n       <\/div>\n\n     <div style=\"background:#e7f2fa;padding:16px;border-radius:12px;width:400px\">\n      <div style=\"font-size: 18px;font-weight: bold;color: #005baa\">\ud83e\udde0 Jogos Matem\u00e1ticos<\/div>\n      <div style=\"font-size: 14px\">Prof.\u00aa Regina Alves: reginaalves@edu.madeira.gov.pt<\/div>\n      <div style=\"font-size: 14px\">Prof. Pedro Correia: pcorreia@edu.madeira.gov.pt<\/div>\n    <\/div>\n\n     <div style=\"background:#e7f2fa;padding:16px;border-radius:12px;width:300px\">\n      <div style=\"font-size: 18px;font-weight: bold;color: #005baa\"> \ud83c\udfbd Desporto Escolar <\/div>\n      <div style=\"font-size: 14px\">Prof. Lu\u00eds Miguel Vieira: migvieira10@edu.madeira.gov.pt<\/div>\n       <\/div>\n\n <div style=\"background:#e7f2fa;padding:16px;border-radius:12px;width:300px\">\n      <div style=\"font-size: 18px;font-weight: bold;color: #005baa\">\ud83c\udfde\ufe0f TerraMar<\/div>\n      <div style=\"font-size: 14px\">Prof. Diogo Sousa: diogosousa@edu.madeira.gov.pt<\/div>\n      <div style=\"font-size: 14px\">Prof. Sim\u00e3o Perdig\u00e3o: perdigao.s@edu.madeira.gov.pt<\/div>\n    <\/div>\n\n   <div style=\"background:#e7f2fa;padding:16px;border-radius:12px;width:400px\">\n      <div style=\"font-size: 18px;font-weight: bold;color: #005baa\">\u2696\ufe0f CEME &#8211; Convivialidade, \u00c9tica e Media\u00e7\u00e3o Escolar <\/div>\n      <div style=\"font-size: 14px\">Prof.\u00aa Mara Martins: maramartins@edu.madeira.gov.pt<\/div>\n      <div style=\"font-size: 14px\">Prof.\u00aa Maria da Luz Sp\u00ednola: luzfs@edu.madeira.gov.pt<\/div>\n       <\/div>\n\n   <div style=\"background:#e7f2fa;padding:16px;border-radius:12px;width:300px\">\n      <div style=\"font-size: 18px;font-weight: bold;color: #005baa\">\ud83c\udfb7 Grupo Instrumental <\/div>\n      <div style=\"font-size: 14px\">Prof.\u00aa Cristina Nat\u00e1lia: cristina.1306@edu.madeira.gov.pt <\/div>\n        <\/div>\n   <div style=\"background:#e7f2fa;padding:16px;border-radius:12px;width:300px\">\n      <div style=\"font-size: 18px;font-weight: bold;color: #005baa\">\ud83d\udd28 Madeiras <\/div>\n      <div style=\"font-size: 14px\">Prof. Miguel \u00c2ngelo Freitas: micasfreitas@edu.madeira.gov.pt <\/div>\n        <\/div>\n\n\n\n<p><\/p>\n","protected":false},"excerpt":{"rendered":"<p>Atividades de Enriquecimento Curricular As Atividades de Enriquecimento Curricular (AEC) da Escola B\u00e1sica e Secund\u00e1ria de Santa Cruz s\u00e3o complementares [&hellip;]<\/p>\n","protected":false},"author":37,"featured_media":0,"parent":0,"menu_order":0,"comment_status":"closed","ping_status":"closed","template":"","meta":{"site-sidebar-layout":"default","site-content-layout":"","ast-site-content-layout":"","site-content-style":"default","site-sidebar-style":"default","ast-global-header-display":"","ast-banner-title-visibility":"","ast-main-header-display":"","ast-hfb-above-header-display":"","ast-hfb-below-header-display":"","ast-hfb-mobile-header-display":"","site-post-title":"","ast-breadcrumbs-content":"","ast-featured-img":"","footer-sml-layout":"","ast-disable-related-posts":"","theme-transparent-header-meta":"","adv-header-id-meta":"","stick-header-meta":"","header-above-stick-meta":"","header-main-stick-meta":"","header-below-stick-meta":"","astra-migrate-meta-layouts":"default","ast-page-background-enabled":"default","ast-page-background-meta":{"desktop":{"background-color":"var(--ast-global-color-4)","background-image":"","background-repeat":"repeat","background-position":"center center","background-size":"auto","background-attachment":"scroll","background-type":"","background-media":"","overlay-type":"","overlay-color":"","overlay-opacity":"","overlay-gradient":""},"tablet":{"background-color":"","background-image":"","background-repeat":"repeat","background-position":"center center","background-size":"auto","background-attachment":"scroll","background-type":"","background-media":"","overlay-type":"","overlay-color":"","overlay-opacity":"","overlay-gradient":""},"mobile":{"background-color":"","background-image":"","background-repeat":"repeat","background-position":"center center","background-size":"auto","background-attachment":"scroll","background-type":"","background-media":"","overlay-type":"","overlay-color":"","overlay-opacity":"","overlay-gradient":""}},"ast-content-background-meta":{"desktop":{"background-color":"var(--ast-global-color-5)","background-image":"","background-repeat":"repeat","background-position":"center center","background-size":"auto","background-attachment":"scroll","background-type":"","background-media":"","overlay-type":"","overlay-color":"","overlay-opacity":"","overlay-gradient":""},"tablet":{"background-color":"var(--ast-global-color-5)","background-image":"","background-repeat":"repeat","background-position":"center center","background-size":"auto","background-attachment":"scroll","background-type":"","background-media":"","overlay-type":"","overlay-color":"","overlay-opacity":"","overlay-gradient":""},"mobile":{"background-color":"var(--ast-global-color-5)","background-image":"","background-repeat":"repeat","background-position":"center center","background-size":"auto","background-attachment":"scroll","background-type":"","background-media":"","overlay-type":"","overlay-color":"","overlay-opacity":"","overlay-gradient":""}},"_themeisle_gutenberg_block_has_review":false,"footnotes":""},"class_list":["post-2913","page","type-page","status-publish","hentry"],"_links":{"self":[{"href":"https:\/\/escoladigital.madeira.gov.pt\/ebsscruz\/wp-json\/wp\/v2\/pages\/2913","targetHints":{"allow":["GET"]}}],"collection":[{"href":"https:\/\/escoladigital.madeira.gov.pt\/ebsscruz\/wp-json\/wp\/v2\/pages"}],"about":[{"href":"https:\/\/escoladigital.madeira.gov.pt\/ebsscruz\/wp-json\/wp\/v2\/types\/page"}],"author":[{"embeddable":true,"href":"https:\/\/escoladigital.madeira.gov.pt\/ebsscruz\/wp-json\/wp\/v2\/users\/37"}],"replies":[{"embeddable":true,"href":"https:\/\/escoladigital.madeira.gov.pt\/ebsscruz\/wp-json\/wp\/v2\/comments?post=2913"}],"version-history":[{"count":58,"href":"https:\/\/escoladigital.madeira.gov.pt\/ebsscruz\/wp-json\/wp\/v2\/pages\/2913\/revisions"}],"predecessor-version":[{"id":4221,"href":"https:\/\/escoladigital.madeira.gov.pt\/ebsscruz\/wp-json\/wp\/v2\/pages\/2913\/revisions\/4221"}],"wp:attachment":[{"href":"https:\/\/escoladigital.madeira.gov.pt\/ebsscruz\/wp-json\/wp\/v2\/media?parent=2913"}],"curies":[{"name":"wp","href":"https:\/\/api.w.org\/{rel}","templated":true}]}}