{"id":81,"date":"2024-02-22T19:39:41","date_gmt":"2024-02-22T19:39:41","guid":{"rendered":"https:\/\/escoladigital.madeira.gov.pt\/ebsscruz\/?page_id=81"},"modified":"2025-10-02T16:20:41","modified_gmt":"2025-10-02T16:20:41","slug":"historia","status":"publish","type":"page","link":"https:\/\/escoladigital.madeira.gov.pt\/ebsscruz\/escola\/historia\/","title":{"rendered":"\ud83d\udcd6Hist\u00f3ria"},"content":{"rendered":"\n<p>A Escola Preparat\u00f3ria de Santa Cruz, na sequ\u00eancia de v\u00e1rias solicita\u00e7\u00f5es por parte da popula\u00e7\u00e3o do Concelho de Santa Cruz ao Secret\u00e1rio de Estado da Administra\u00e7\u00e3o Escolar e ao Director Geral do Ensino B\u00e1sico, no sentido da convers\u00e3o urgente do Ciclo Preparat\u00f3rio TV numa Escola Preparat\u00f3ria, foi criada pela Portaria n.\u00ba 791\/75, de 31 de Dezembro.<\/p>\n\n\n\n<p>A Escola iniciou a sua actividade em Outubro de 1975 com uma Comiss\u00e3o Instaladora e 4 Funcion\u00e1rios, para 6 turmas do 1.\u00ba Ano do Ciclo Preparat\u00f3rio, 4 turmas do 2.\u00ba Ano do Ciclo Preparat\u00f3rio e 2 turmas do Ensino Nocturno.<\/p>\n\n\n\n<p>Em 1977, foram alargadas as suas instala\u00e7\u00f5es, com utiliza\u00e7\u00e3o do edif\u00edcio \u201cImperial\u201d, situado no centro de Santa Cruz, onde passaram a ser leccionados o 1.\u00ba e 2.\u00ba Anos do Ensino Unificado.<\/p>\n\n\n\n<p>Nas d\u00e9cadas de 80 e 90, entraram em funcionamento os Anexos I, II e III, situados a alguma dist\u00e2ncia da escola-sede, passando a oferta da escola a incluir o 3.\u00ba Ciclo e o Ensino Secund\u00e1rio.<\/p>\n\n\n\n<p>No ano lectivo de 1996\/97, em consequ\u00eancia das obras de amplia\u00e7\u00e3o do Aeroporto de Santa Catarina, os anexos II e III foram desactivados, abrindo-se novas instala\u00e7\u00f5es, com adapta\u00e7\u00e3o do Edif\u00edcio Trist\u00e3o a espa\u00e7o escolar.<\/p>\n\n\n\n<p>Na sequ\u00eancia de um processo moroso e conturbado, foi inaugurado, no dia 25 de Abril de 1998, o edif\u00edcio no qual funciona a Escola B\u00e1sica e Secund\u00e1ria de Santa Cruz.<\/p>\n\n\n\n<p>No entanto, j\u00e1 em fins de Novembro de 1997, o novo edif\u00edcio escolar se encontrava finalizado, tendo-se desmantelado os anexos. Em Fevereiro de 1998, tr\u00eas meses mais tarde, foi abandonado o edif\u00edcio sede, passando a escola a funcionar como um estabelecimento unificado, o que veio trazer melhorias a v\u00e1rios n\u00edveis: maior facilidade de acesso aos servi\u00e7os administrativos, condi\u00e7\u00f5es mais condignas para o trabalho di\u00e1rio e menor isolamento da escola em rela\u00e7\u00e3o \u00e0 zona urbana.<\/p>\n\n\n\n<p><\/p>\n\n\n\n<p><\/p>\n\n\n\n<p><\/p>\n\n\n\n<title>Estat\u00edsticas da Escola<\/title>\n\n\n    <div style=\"text-align: center;padding: 20px;font-family: Arial, sans-serif\">\n        <h2>Quem somos em n\u00fameros<\/h2>\n        \n        <table align=\"center\" cellpadding=\"20\" cellspacing=\"0\" style=\"margin: 20px auto\">\n            <tr>\n                <td style=\"text-align: center;padding: 20px;background-color: #8092ac;color: white;border-radius: 10px;margin: 10px\">\n                    <h3 style=\"margin: 0;font-size: 48px;font-weight: bold\">638<\/h3>\n                    <p style=\"margin: 10px 0 0 0;font-size: 18px\">Discentes<\/p>\n                <\/td>\n                <td style=\"width: 20px\"><\/td>\n                <td style=\"text-align: center;padding: 20px;background-color: #fbe292;color: white;border-radius: 10px;margin: 10px\">\n                    <h3 style=\"margin: 0;font-size: 48px;font-weight: bold\">132<\/h3>\n                    <p style=\"margin: 10px 0 0 0;font-size: 18px\">Docentes<\/p>\n                <\/td>\n                <td style=\"width: 20px\"><\/td>\n                <td style=\"text-align: center;padding: 20px;background-color: #abeeb6;color: white;border-radius: 10px;margin: 10px\">\n                    <h3 style=\"margin: 0;font-size: 48px;font-weight: bold\">52<\/h3>\n                    <p style=\"margin: 10px 0 0 0;font-size: 18px\">N\u00e3o Docentes<\/p>\n                <\/td>\n            <\/tr>\n        <\/table>\n    <\/div>\n\n\n\n<div id=\"wp-block-themeisle-blocks-advanced-columns-ae2ebdc5\" class=\"wp-block-themeisle-blocks-advanced-columns alignfull has-0-columns has-desktop-equal-layout has-tablet-oneTwo-layout has-mobile-collapsedRows-layout has-vertical-center ticss-c00aadba\"><div class=\"wp-block-themeisle-blocks-advanced-columns-overlay\"><\/div><div class=\"innerblocks-wrap\"><\/div><\/div>\n","protected":false},"excerpt":{"rendered":"<p>A Escola Preparat\u00f3ria de Santa Cruz, na sequ\u00eancia de v\u00e1rias solicita\u00e7\u00f5es por parte da popula\u00e7\u00e3o do Concelho de Santa Cruz [&hellip;]<\/p>\n","protected":false},"author":37,"featured_media":0,"parent":79,"menu_order":10,"comment_status":"closed","ping_status":"closed","template":"","meta":{"site-sidebar-layout":"default","site-content-layout":"","ast-site-content-layout":"default","site-content-style":"default","site-sidebar-style":"default","ast-global-header-display":"","ast-banner-title-visibility":"","ast-main-header-display":"","ast-hfb-above-header-display":"","ast-hfb-below-header-display":"","ast-hfb-mobile-header-display":"","site-post-title":"disabled","ast-breadcrumbs-content":"","ast-featured-img":"","footer-sml-layout":"","ast-disable-related-posts":"","theme-transparent-header-meta":"","adv-header-id-meta":"","stick-header-meta":"","header-above-stick-meta":"","header-main-stick-meta":"","header-below-stick-meta":"","astra-migrate-meta-layouts":"default","ast-page-background-enabled":"default","ast-page-background-meta":{"desktop":{"background-color":"var(--ast-global-color-4)","background-image":"","background-repeat":"repeat","background-position":"center center","background-size":"auto","background-attachment":"scroll","background-type":"","background-media":"","overlay-type":"","overlay-color":"","overlay-opacity":"","overlay-gradient":""},"tablet":{"background-color":"","background-image":"","background-repeat":"repeat","background-position":"center center","background-size":"auto","background-attachment":"scroll","background-type":"","background-media":"","overlay-type":"","overlay-color":"","overlay-opacity":"","overlay-gradient":""},"mobile":{"background-color":"","background-image":"","background-repeat":"repeat","background-position":"center center","background-size":"auto","background-attachment":"scroll","background-type":"","background-media":"","overlay-type":"","overlay-color":"","overlay-opacity":"","overlay-gradient":""}},"ast-content-background-meta":{"desktop":{"background-color":"var(--ast-global-color-5)","background-image":"","background-repeat":"repeat","background-position":"center center","background-size":"auto","background-attachment":"scroll","background-type":"","background-media":"","overlay-type":"","overlay-color":"","overlay-opacity":"","overlay-gradient":""},"tablet":{"background-color":"var(--ast-global-color-5)","background-image":"","background-repeat":"repeat","background-position":"center center","background-size":"auto","background-attachment":"scroll","background-type":"","background-media":"","overlay-type":"","overlay-color":"","overlay-opacity":"","overlay-gradient":""},"mobile":{"background-color":"var(--ast-global-color-5)","background-image":"","background-repeat":"repeat","background-position":"center center","background-size":"auto","background-attachment":"scroll","background-type":"","background-media":"","overlay-type":"","overlay-color":"","overlay-opacity":"","overlay-gradient":""}},"_themeisle_gutenberg_block_has_review":false,"footnotes":""},"class_list":["post-81","page","type-page","status-publish","hentry"],"_links":{"self":[{"href":"https:\/\/escoladigital.madeira.gov.pt\/ebsscruz\/wp-json\/wp\/v2\/pages\/81","targetHints":{"allow":["GET"]}}],"collection":[{"href":"https:\/\/escoladigital.madeira.gov.pt\/ebsscruz\/wp-json\/wp\/v2\/pages"}],"about":[{"href":"https:\/\/escoladigital.madeira.gov.pt\/ebsscruz\/wp-json\/wp\/v2\/types\/page"}],"author":[{"embeddable":true,"href":"https:\/\/escoladigital.madeira.gov.pt\/ebsscruz\/wp-json\/wp\/v2\/users\/37"}],"replies":[{"embeddable":true,"href":"https:\/\/escoladigital.madeira.gov.pt\/ebsscruz\/wp-json\/wp\/v2\/comments?post=81"}],"version-history":[{"count":24,"href":"https:\/\/escoladigital.madeira.gov.pt\/ebsscruz\/wp-json\/wp\/v2\/pages\/81\/revisions"}],"predecessor-version":[{"id":4040,"href":"https:\/\/escoladigital.madeira.gov.pt\/ebsscruz\/wp-json\/wp\/v2\/pages\/81\/revisions\/4040"}],"up":[{"embeddable":true,"href":"https:\/\/escoladigital.madeira.gov.pt\/ebsscruz\/wp-json\/wp\/v2\/pages\/79"}],"wp:attachment":[{"href":"https:\/\/escoladigital.madeira.gov.pt\/ebsscruz\/wp-json\/wp\/v2\/media?parent=81"}],"curies":[{"name":"wp","href":"https:\/\/api.w.org\/{rel}","templated":true}]}}