{"id":45,"date":"2025-11-26T15:55:29","date_gmt":"2025-11-26T15:55:29","guid":{"rendered":"https:\/\/escoladigital.madeira.gov.pt\/extsalesprazeres\/?page_id=45"},"modified":"2025-12-17T21:32:41","modified_gmt":"2025-12-17T21:32:41","slug":"escola-ativa","status":"publish","type":"page","link":"https:\/\/escoladigital.madeira.gov.pt\/extsalesprazeres\/escola-ativa\/","title":{"rendered":"Projeto Escola Ativa"},"content":{"rendered":"\n<p><\/p>\n\n\n\n<h2 class=\"wp-block-heading has-text-align-center\">Projeto Escola Ativa<\/h2>\n\n\n\n<div class=\"wp-block-columns is-layout-flex wp-container-core-columns-is-layout-28f84493 wp-block-columns-is-layout-flex\">\n<div class=\"wp-block-column is-layout-flow wp-block-column-is-layout-flow\">\n<div class=\"wp-block-columns is-layout-flex wp-container-core-columns-is-layout-28f84493 wp-block-columns-is-layout-flex\">\n<div class=\"wp-block-column is-layout-flow wp-block-column-is-layout-flow\">\n<div id=\"wp-block-themeisle-blocks-slider-176e1462\" class=\"wp-block-themeisle-blocks-slider glide\" data-per-view=\"1\" data-gap=\"0\" data-peek=\"0\" data-autoplay=\"true\" data-height=\"400px\" data-hide-arrows=\"false\"><div class=\"glide__track\" data-glide-el=\"track\"><div class=\"glide__slides\"><div class=\"wp-block-themeisle-blocks-slider-item-wrapper glide__slide\"><figure><img decoding=\"async\" class=\"wp-block-themeisle-blocks-slider-item\" src=\"https:\/\/escoladigital.madeira.gov.pt\/extsalesprazeres\/wp-content\/uploads\/sites\/78\/2025\/12\/WhatsApp-Image-2025-12-09-at-19.47.08-1-6.jpeg\" alt=\"\" title=\"\" data-id=\"145\" \/><\/figure><\/div><div class=\"wp-block-themeisle-blocks-slider-item-wrapper glide__slide\"><figure><img decoding=\"async\" class=\"wp-block-themeisle-blocks-slider-item\" src=\"https:\/\/escoladigital.madeira.gov.pt\/extsalesprazeres\/wp-content\/uploads\/sites\/78\/2025\/12\/Captura-de-ecra-2025-12-17-as-17.34.16.png\" alt=\"\" title=\"\" data-id=\"384\" \/><\/figure><\/div><div class=\"wp-block-themeisle-blocks-slider-item-wrapper glide__slide\"><figure><img decoding=\"async\" class=\"wp-block-themeisle-blocks-slider-item\" src=\"https:\/\/escoladigital.madeira.gov.pt\/extsalesprazeres\/wp-content\/uploads\/sites\/78\/2025\/12\/WhatsApp-Image-2025-12-09-at-19.47.08-3-6.jpeg\" alt=\"\" title=\"\" data-id=\"144\" \/><\/figure><\/div><div class=\"wp-block-themeisle-blocks-slider-item-wrapper glide__slide\"><figure><img decoding=\"async\" class=\"wp-block-themeisle-blocks-slider-item\" src=\"https:\/\/escoladigital.madeira.gov.pt\/extsalesprazeres\/wp-content\/uploads\/sites\/78\/2025\/12\/Captura-de-ecra-2025-12-17-as-17.35.13.png\" alt=\"\" title=\"\" data-id=\"383\" \/><\/figure><\/div><div class=\"wp-block-themeisle-blocks-slider-item-wrapper glide__slide\"><figure><img decoding=\"async\" class=\"wp-block-themeisle-blocks-slider-item\" src=\"https:\/\/escoladigital.madeira.gov.pt\/extsalesprazeres\/wp-content\/uploads\/sites\/78\/2025\/12\/Captura-de-ecra-2025-12-09-as-23.07.22-3.png\" alt=\"\" title=\"\" data-id=\"143\" \/><\/figure><\/div><\/div><div class=\"glide__bullets\" data-glide-el=\"controls[nav]\"><button class=\"glide__bullet\" data-glide-dir=\"=0\"><\/button><button class=\"glide__bullet\" data-glide-dir=\"=1\"><\/button><button class=\"glide__bullet\" data-glide-dir=\"=2\"><\/button><button class=\"glide__bullet\" data-glide-dir=\"=3\"><\/button><button class=\"glide__bullet\" data-glide-dir=\"=4\"><\/button><\/div><\/div><\/div>\n<\/div>\n\n\n\n<div class=\"wp-block-column is-layout-flow wp-block-column-is-layout-flow\">\n<p><\/p>\n\n\n\n<p class=\"has-text-align-left\" style=\"border-style:none;border-width:0px;border-top-left-radius:0px;border-top-right-radius:0px;border-bottom-left-radius:0px;border-bottom-right-radius:0px\">O&nbsp;<strong>Projeto Escola Ativa<\/strong>&nbsp;pretende promover o desenvolvimento integral dos alunos atrav\u00e9s da atividade f\u00edsica, do contacto com a natureza e da ado\u00e7\u00e3o de estilos de vida saud\u00e1veis. O projeto estimula a consci\u00eancia ambiental, sensibilizando os alunos para a preserva\u00e7\u00e3o da natureza e para a utiliza\u00e7\u00e3o respons\u00e1vel dos espa\u00e7os ao ar livre.<\/p>\n\n\n\n<p class=\"has-text-align-left\"><strong>Escola Ativa<\/strong>, assim, contribui para formar crian\u00e7as mais saud\u00e1veis, respons\u00e1veis e conscientes do seu papel na escola e na comunidade.<\/p>\n<\/div>\n<\/div>\n<\/div>\n<\/div>\n\n\n\n<p>     <\/p>\n\n\n\n<p><\/p>\n","protected":false},"excerpt":{"rendered":"<p>Projeto Escola Ativa O&nbsp;Projeto Escola Ativa&nbsp;pretende promover o desenvolvimento integral dos alunos atrav\u00e9s da atividade f\u00edsica, do contacto com a natureza e da ado\u00e7\u00e3o de estilos de vida saud\u00e1veis. O projeto estimula a consci\u00eancia ambiental, sensibilizando os alunos para a preserva\u00e7\u00e3o da natureza e para a utiliza\u00e7\u00e3o respons\u00e1vel dos espa\u00e7os ao ar livre. Escola Ativa, [&hellip;]<\/p>\n","protected":false},"author":108,"featured_media":0,"parent":0,"menu_order":0,"comment_status":"closed","ping_status":"closed","template":"","meta":{"site-sidebar-layout":"default","site-content-layout":"","ast-site-content-layout":"default","site-content-style":"default","site-sidebar-style":"default","ast-global-header-display":"","ast-banner-title-visibility":"","ast-main-header-display":"","ast-hfb-above-header-display":"","ast-hfb-below-header-display":"","ast-hfb-mobile-header-display":"","site-post-title":"disabled","ast-breadcrumbs-content":"","ast-featured-img":"","footer-sml-layout":"","ast-disable-related-posts":"","theme-transparent-header-meta":"","adv-header-id-meta":"","stick-header-meta":"","header-above-stick-meta":"","header-main-stick-meta":"","header-below-stick-meta":"","astra-migrate-meta-layouts":"default","ast-page-background-enabled":"default","ast-page-background-meta":{"desktop":{"background-color":"var(--ast-global-color-5)","background-image":"","background-repeat":"repeat","background-position":"center center","background-size":"auto","background-attachment":"scroll","background-type":"","background-media":"","overlay-type":"","overlay-color":"","overlay-opacity":"","overlay-gradient":""},"tablet":{"background-color":"","background-image":"","background-repeat":"repeat","background-position":"center center","background-size":"auto","background-attachment":"scroll","background-type":"","background-media":"","overlay-type":"","overlay-color":"","overlay-opacity":"","overlay-gradient":""},"mobile":{"background-color":"","background-image":"","background-repeat":"repeat","background-position":"center center","background-size":"auto","background-attachment":"scroll","background-type":"","background-media":"","overlay-type":"","overlay-color":"","overlay-opacity":"","overlay-gradient":""}},"ast-content-background-meta":{"desktop":{"background-color":"var(--ast-global-color-4)","background-image":"","background-repeat":"repeat","background-position":"center center","background-size":"auto","background-attachment":"scroll","background-type":"","background-media":"","overlay-type":"","overlay-color":"","overlay-opacity":"","overlay-gradient":""},"tablet":{"background-color":"var(--ast-global-color-4)","background-image":"","background-repeat":"repeat","background-position":"center center","background-size":"auto","background-attachment":"scroll","background-type":"","background-media":"","overlay-type":"","overlay-color":"","overlay-opacity":"","overlay-gradient":""},"mobile":{"background-color":"var(--ast-global-color-4)","background-image":"","background-repeat":"repeat","background-position":"center center","background-size":"auto","background-attachment":"scroll","background-type":"","background-media":"","overlay-type":"","overlay-color":"","overlay-opacity":"","overlay-gradient":""}},"_themeisle_gutenberg_block_has_review":false,"footnotes":""},"class_list":["post-45","page","type-page","status-publish","hentry"],"_links":{"self":[{"href":"https:\/\/escoladigital.madeira.gov.pt\/extsalesprazeres\/wp-json\/wp\/v2\/pages\/45","targetHints":{"allow":["GET"]}}],"collection":[{"href":"https:\/\/escoladigital.madeira.gov.pt\/extsalesprazeres\/wp-json\/wp\/v2\/pages"}],"about":[{"href":"https:\/\/escoladigital.madeira.gov.pt\/extsalesprazeres\/wp-json\/wp\/v2\/types\/page"}],"author":[{"embeddable":true,"href":"https:\/\/escoladigital.madeira.gov.pt\/extsalesprazeres\/wp-json\/wp\/v2\/users\/108"}],"replies":[{"embeddable":true,"href":"https:\/\/escoladigital.madeira.gov.pt\/extsalesprazeres\/wp-json\/wp\/v2\/comments?post=45"}],"version-history":[{"count":33,"href":"https:\/\/escoladigital.madeira.gov.pt\/extsalesprazeres\/wp-json\/wp\/v2\/pages\/45\/revisions"}],"predecessor-version":[{"id":421,"href":"https:\/\/escoladigital.madeira.gov.pt\/extsalesprazeres\/wp-json\/wp\/v2\/pages\/45\/revisions\/421"}],"wp:attachment":[{"href":"https:\/\/escoladigital.madeira.gov.pt\/extsalesprazeres\/wp-json\/wp\/v2\/media?parent=45"}],"curies":[{"name":"wp","href":"https:\/\/api.w.org\/{rel}","templated":true}]}}