{"id":107,"date":"2025-05-06T20:29:47","date_gmt":"2025-05-06T20:29:47","guid":{"rendered":"https:\/\/escoladigital.madeira.gov.pt\/infantario-do-livramento\/?page_id=107"},"modified":"2025-10-26T18:00:27","modified_gmt":"2025-10-26T18:00:27","slug":"projeto-educativo","status":"publish","type":"page","link":"https:\/\/escoladigital.madeira.gov.pt\/infantario-do-livramento\/sobre-a-escola\/projeto-educativo\/","title":{"rendered":"Projeto Educativo"},"content":{"rendered":"\n<figure class=\"wp-block-image aligncenter size-large is-resized\"><img fetchpriority=\"high\" decoding=\"async\" width=\"1024\" height=\"683\" src=\"https:\/\/escoladigital.madeira.gov.pt\/infantario-do-livramento\/wp-content\/uploads\/sites\/70\/2025\/05\/Image-11_05_2025-13_26_23-1024x683.png\" alt=\"\" class=\"wp-image-188\" style=\"width:460px;height:auto\" srcset=\"https:\/\/escoladigital.madeira.gov.pt\/infantario-do-livramento\/wp-content\/uploads\/sites\/70\/2025\/05\/Image-11_05_2025-13_26_23-1024x683.png 1024w, https:\/\/escoladigital.madeira.gov.pt\/infantario-do-livramento\/wp-content\/uploads\/sites\/70\/2025\/05\/Image-11_05_2025-13_26_23-300x200.png 300w, https:\/\/escoladigital.madeira.gov.pt\/infantario-do-livramento\/wp-content\/uploads\/sites\/70\/2025\/05\/Image-11_05_2025-13_26_23-768x512.png 768w, https:\/\/escoladigital.madeira.gov.pt\/infantario-do-livramento\/wp-content\/uploads\/sites\/70\/2025\/05\/Image-11_05_2025-13_26_23.png 1536w\" sizes=\"(max-width: 1024px) 100vw, 1024px\" \/><\/figure>\n\n\n\n<div style=\"height:25px\" aria-hidden=\"true\" class=\"wp-block-spacer\"><\/div>\n\n\n\n<p class=\"has-text-align-center\">O Projeto Educativo,<strong> \u201cNa Terra no Mar e no Ar, com a Natureza vamos Brincar\u201d<\/strong>, tem<br>como principal objetivo, aproximar as crian\u00e7as da Natureza, incutir valores de respeito pela<br>mesma e proporcionar momentos de verdadeiro envolvimento com os elementos da Natureza.<br>As aprendizagens ao ar livre tornam o processo de aprendizagem mais interessante, e o<br>contacto direto com os elementos da Natureza faz com que as crian\u00e7as descubram o meio que<br>as rodeia assim com as esp\u00e9cies animais e vegetais.<\/p>\n\n\n\n<div style=\"height:27px\" aria-hidden=\"true\" class=\"wp-block-spacer\"><\/div>\n\n\n\n<h4 class=\"wp-block-heading alignwide has-text-align-center\">Miss\u00e3o<\/h4>\n\n\n\n<p class=\"has-text-align-center\">O Infant\u00e1rio tem como objetivo proporcionar um ensino diversificado e de qualidade a todas as nossas crian\u00e7as. Pretendemos dar-lhes ferramentas para desenvolvam-se na sua plenitude, que cres\u00e7am em seguran\u00e7a, com amor e capacitados de autonomia, empatia e esp\u00edrito cr\u00edtico. Compet\u00eancia que s\u00e3o indispens\u00e1veis para a sua integra\u00e7\u00e3o numa sociedade em constante mudan\u00e7a e evolu\u00e7\u00e3o.<\/p>\n\n\n\n<div style=\"height:41px\" aria-hidden=\"true\" class=\"wp-block-spacer\"><\/div>\n\n\n\n<h4 class=\"wp-block-heading has-text-align-center\">Vis\u00e3o e Valores<\/h4>\n\n\n\n<p>Pretendemos que o nosso Infant\u00e1rio ofere\u00e7a a todas as crian\u00e7as:<\/p>\n\n\n\n<ul class=\"wp-block-list\">\n<li>Ensino de qualidade;<\/li>\n\n\n\n<li>Carinho;<\/li>\n\n\n\n<li>Valoriza\u00e7\u00e3o das suas aprendizagens e saberes;<\/li>\n\n\n\n<li>Justi\u00e7a social;<\/li>\n\n\n\n<li>Inclus\u00e3o;<\/li>\n\n\n\n<li>Igualdade de oportunidades;<\/li>\n\n\n\n<li>Respeito pela individualidade\/diferen\u00e7a;<\/li>\n\n\n\n<li>Envolvimento com a Natureza;<\/li>\n\n\n\n<li>Ambientes diversificados e desafiadores do ponto de vista intelectual, emocional e motor; <\/li>\n\n\n\n<li>Diversidade das experi\u00eancias ao longo do seu crescimento.<\/li>\n<\/ul>\n\n\n\n<div style=\"height:27px\" aria-hidden=\"true\" class=\"wp-block-spacer\"><\/div>\n\n\n\n<p>Desejamos ainda que todas as crian\u00e7as tenham oportunidade de desenvolver:<\/p>\n\n\n\n<ul class=\"wp-block-list\">\n<li>O Respeito pelo outro e pela natureza;<\/li>\n\n\n\n<li>Empatia;<\/li>\n\n\n\n<li>Afetividade;<\/li>\n\n\n\n<li>Cidadania;<\/li>\n\n\n\n<li>Coopera\u00e7\u00e3o;<\/li>\n\n\n\n<li>Esp\u00edrito cr\u00edtico e reflexivo;<\/li>\n\n\n\n<li>Autonomia;<\/li>\n\n\n\n<li>Responsabilidade.<\/li>\n<\/ul>\n","protected":false},"excerpt":{"rendered":"<p>O Projeto Educativo, \u201cNa Terra no Mar e no Ar, com a Natureza vamos Brincar\u201d, temcomo principal objetivo, aproximar as [&hellip;]<\/p>\n","protected":false},"author":95,"featured_media":0,"parent":18,"menu_order":0,"comment_status":"closed","ping_status":"closed","template":"","meta":{"site-sidebar-layout":"default","site-content-layout":"","ast-site-content-layout":"default","site-content-style":"default","site-sidebar-style":"default","ast-global-header-display":"","ast-banner-title-visibility":"","ast-main-header-display":"","ast-hfb-above-header-display":"","ast-hfb-below-header-display":"","ast-hfb-mobile-header-display":"","site-post-title":"","ast-breadcrumbs-content":"","ast-featured-img":"","footer-sml-layout":"","ast-disable-related-posts":"","theme-transparent-header-meta":"","adv-header-id-meta":"","stick-header-meta":"","header-above-stick-meta":"","header-main-stick-meta":"","header-below-stick-meta":"","astra-migrate-meta-layouts":"default","ast-page-background-enabled":"default","ast-page-background-meta":{"desktop":{"background-color":"var(--ast-global-color-5)","background-image":"","background-repeat":"repeat","background-position":"center center","background-size":"auto","background-attachment":"scroll","background-type":"","background-media":"","overlay-type":"","overlay-color":"","overlay-opacity":"","overlay-gradient":""},"tablet":{"background-color":"","background-image":"","background-repeat":"repeat","background-position":"center center","background-size":"auto","background-attachment":"scroll","background-type":"","background-media":"","overlay-type":"","overlay-color":"","overlay-opacity":"","overlay-gradient":""},"mobile":{"background-color":"","background-image":"","background-repeat":"repeat","background-position":"center center","background-size":"auto","background-attachment":"scroll","background-type":"","background-media":"","overlay-type":"","overlay-color":"","overlay-opacity":"","overlay-gradient":""}},"ast-content-background-meta":{"desktop":{"background-color":"var(--ast-global-color-4)","background-image":"","background-repeat":"repeat","background-position":"center center","background-size":"auto","background-attachment":"scroll","background-type":"","background-media":"","overlay-type":"","overlay-color":"","overlay-opacity":"","overlay-gradient":""},"tablet":{"background-color":"var(--ast-global-color-4)","background-image":"","background-repeat":"repeat","background-position":"center center","background-size":"auto","background-attachment":"scroll","background-type":"","background-media":"","overlay-type":"","overlay-color":"","overlay-opacity":"","overlay-gradient":""},"mobile":{"background-color":"var(--ast-global-color-4)","background-image":"","background-repeat":"repeat","background-position":"center center","background-size":"auto","background-attachment":"scroll","background-type":"","background-media":"","overlay-type":"","overlay-color":"","overlay-opacity":"","overlay-gradient":""}},"_themeisle_gutenberg_block_has_review":false,"footnotes":""},"class_list":["post-107","page","type-page","status-publish","hentry"],"_links":{"self":[{"href":"https:\/\/escoladigital.madeira.gov.pt\/infantario-do-livramento\/wp-json\/wp\/v2\/pages\/107","targetHints":{"allow":["GET"]}}],"collection":[{"href":"https:\/\/escoladigital.madeira.gov.pt\/infantario-do-livramento\/wp-json\/wp\/v2\/pages"}],"about":[{"href":"https:\/\/escoladigital.madeira.gov.pt\/infantario-do-livramento\/wp-json\/wp\/v2\/types\/page"}],"author":[{"embeddable":true,"href":"https:\/\/escoladigital.madeira.gov.pt\/infantario-do-livramento\/wp-json\/wp\/v2\/users\/95"}],"replies":[{"embeddable":true,"href":"https:\/\/escoladigital.madeira.gov.pt\/infantario-do-livramento\/wp-json\/wp\/v2\/comments?post=107"}],"version-history":[{"count":7,"href":"https:\/\/escoladigital.madeira.gov.pt\/infantario-do-livramento\/wp-json\/wp\/v2\/pages\/107\/revisions"}],"predecessor-version":[{"id":339,"href":"https:\/\/escoladigital.madeira.gov.pt\/infantario-do-livramento\/wp-json\/wp\/v2\/pages\/107\/revisions\/339"}],"up":[{"embeddable":true,"href":"https:\/\/escoladigital.madeira.gov.pt\/infantario-do-livramento\/wp-json\/wp\/v2\/pages\/18"}],"wp:attachment":[{"href":"https:\/\/escoladigital.madeira.gov.pt\/infantario-do-livramento\/wp-json\/wp\/v2\/media?parent=107"}],"curies":[{"name":"wp","href":"https:\/\/api.w.org\/{rel}","templated":true}]}}