{"id":177,"date":"2025-05-09T15:22:43","date_gmt":"2025-05-09T15:22:43","guid":{"rendered":"https:\/\/escoladigital.madeira.gov.pt\/infantario-do-livramento\/?page_id=177"},"modified":"2025-05-26T21:55:30","modified_gmt":"2025-05-26T21:55:30","slug":"eco-escolas-2","status":"publish","type":"page","link":"https:\/\/escoladigital.madeira.gov.pt\/infantario-do-livramento\/eco-escolas-2\/","title":{"rendered":"Eco-Escolas"},"content":{"rendered":"\n<figure class=\"wp-block-image aligncenter size-large is-resized\"><img fetchpriority=\"high\" decoding=\"async\" width=\"1024\" height=\"683\" src=\"https:\/\/escoladigital.madeira.gov.pt\/infantario-do-livramento\/wp-content\/uploads\/sites\/70\/2025\/05\/ChatGPT-Image-26_05_2025-22_53_11-1024x683.png\" alt=\"\" class=\"wp-image-272\" style=\"width:340px;height:auto\" srcset=\"https:\/\/escoladigital.madeira.gov.pt\/infantario-do-livramento\/wp-content\/uploads\/sites\/70\/2025\/05\/ChatGPT-Image-26_05_2025-22_53_11-1024x683.png 1024w, https:\/\/escoladigital.madeira.gov.pt\/infantario-do-livramento\/wp-content\/uploads\/sites\/70\/2025\/05\/ChatGPT-Image-26_05_2025-22_53_11-300x200.png 300w, https:\/\/escoladigital.madeira.gov.pt\/infantario-do-livramento\/wp-content\/uploads\/sites\/70\/2025\/05\/ChatGPT-Image-26_05_2025-22_53_11-768x512.png 768w, https:\/\/escoladigital.madeira.gov.pt\/infantario-do-livramento\/wp-content\/uploads\/sites\/70\/2025\/05\/ChatGPT-Image-26_05_2025-22_53_11.png 1536w\" sizes=\"(max-width: 1024px) 100vw, 1024px\" \/><\/figure>\n\n\n\n<p class=\"has-text-align-center\">O Infant\u00e1rio do Livramento orgulha-se de fazer parte do programa Eco-Escolas, tendo sido galardoado ininterruptamente desde o ano letivo 2017\/2018. Este reconhecimento reflete o nosso compromisso com a educa\u00e7\u00e3o ambiental, a sustentabilidade e a promo\u00e7\u00e3o de boas pr\u00e1ticas ecol\u00f3gicas no dia a dia das crian\u00e7as.<\/p>\n\n\n\n<div style=\"height:59px\" aria-hidden=\"true\" class=\"wp-block-spacer\"><\/div>\n\n\n<div class=\" is-style-boxed wp-block-themeisle-blocks-posts-grid\" id=\"wp-block-themeisle-blocks-posts-grid-fc6513fb\"><div class=\"is-grid o-posts-grid-columns-1\"><div class=\"o-posts-grid-post-blog o-posts-grid-post-plain\"><div class=\"o-posts-grid-post\"><div class=\"o-posts-grid-post-body is-full\"><h4 class=\"o-posts-grid-post-title\"><a href=\"https:\/\/escoladigital.madeira.gov.pt\/infantario-do-livramento\/2025\/05\/08\/hastear-da-bandeira\/\">Hastear da bandeira<\/a><\/h4><div class=\"o-posts-grid-post-description\"><p>\ud83c\udf0d\ud83d\udc9a&nbsp;Hoje celebr\u00e1mos o Dia da Terra com um momento muito especial!&nbsp;\ud83d\udc9a\ud83c\udf0d O nosso infant\u00e1rio has\u2026<\/p><\/div><\/div><\/div><\/div><\/div> <div class=\"o-posts-grid-pag\"><\/div><\/div>\n\n\n<p><\/p>\n","protected":false},"excerpt":{"rendered":"<p>O Infant\u00e1rio do Livramento orgulha-se de fazer parte do programa Eco-Escolas, tendo sido galardoado ininterruptamente desde o ano letivo 2017\/2018. [&hellip;]<\/p>\n","protected":false},"author":95,"featured_media":0,"parent":0,"menu_order":0,"comment_status":"closed","ping_status":"closed","template":"","meta":{"site-sidebar-layout":"default","site-content-layout":"","ast-site-content-layout":"default","site-content-style":"default","site-sidebar-style":"default","ast-global-header-display":"","ast-banner-title-visibility":"","ast-main-header-display":"","ast-hfb-above-header-display":"","ast-hfb-below-header-display":"","ast-hfb-mobile-header-display":"","site-post-title":"","ast-breadcrumbs-content":"","ast-featured-img":"","footer-sml-layout":"","ast-disable-related-posts":"","theme-transparent-header-meta":"","adv-header-id-meta":"","stick-header-meta":"","header-above-stick-meta":"","header-main-stick-meta":"","header-below-stick-meta":"","astra-migrate-meta-layouts":"default","ast-page-background-enabled":"default","ast-page-background-meta":{"desktop":{"background-color":"var(--ast-global-color-5)","background-image":"","background-repeat":"repeat","background-position":"center center","background-size":"auto","background-attachment":"scroll","background-type":"","background-media":"","overlay-type":"","overlay-color":"","overlay-opacity":"","overlay-gradient":""},"tablet":{"background-color":"","background-image":"","background-repeat":"repeat","background-position":"center center","background-size":"auto","background-attachment":"scroll","background-type":"","background-media":"","overlay-type":"","overlay-color":"","overlay-opacity":"","overlay-gradient":""},"mobile":{"background-color":"","background-image":"","background-repeat":"repeat","background-position":"center center","background-size":"auto","background-attachment":"scroll","background-type":"","background-media":"","overlay-type":"","overlay-color":"","overlay-opacity":"","overlay-gradient":""}},"ast-content-background-meta":{"desktop":{"background-color":"var(--ast-global-color-4)","background-image":"","background-repeat":"repeat","background-position":"center center","background-size":"auto","background-attachment":"scroll","background-type":"","background-media":"","overlay-type":"","overlay-color":"","overlay-opacity":"","overlay-gradient":""},"tablet":{"background-color":"var(--ast-global-color-4)","background-image":"","background-repeat":"repeat","background-position":"center center","background-size":"auto","background-attachment":"scroll","background-type":"","background-media":"","overlay-type":"","overlay-color":"","overlay-opacity":"","overlay-gradient":""},"mobile":{"background-color":"var(--ast-global-color-4)","background-image":"","background-repeat":"repeat","background-position":"center center","background-size":"auto","background-attachment":"scroll","background-type":"","background-media":"","overlay-type":"","overlay-color":"","overlay-opacity":"","overlay-gradient":""}},"_themeisle_gutenberg_block_has_review":false,"footnotes":""},"class_list":["post-177","page","type-page","status-publish","hentry"],"_links":{"self":[{"href":"https:\/\/escoladigital.madeira.gov.pt\/infantario-do-livramento\/wp-json\/wp\/v2\/pages\/177","targetHints":{"allow":["GET"]}}],"collection":[{"href":"https:\/\/escoladigital.madeira.gov.pt\/infantario-do-livramento\/wp-json\/wp\/v2\/pages"}],"about":[{"href":"https:\/\/escoladigital.madeira.gov.pt\/infantario-do-livramento\/wp-json\/wp\/v2\/types\/page"}],"author":[{"embeddable":true,"href":"https:\/\/escoladigital.madeira.gov.pt\/infantario-do-livramento\/wp-json\/wp\/v2\/users\/95"}],"replies":[{"embeddable":true,"href":"https:\/\/escoladigital.madeira.gov.pt\/infantario-do-livramento\/wp-json\/wp\/v2\/comments?post=177"}],"version-history":[{"count":3,"href":"https:\/\/escoladigital.madeira.gov.pt\/infantario-do-livramento\/wp-json\/wp\/v2\/pages\/177\/revisions"}],"predecessor-version":[{"id":274,"href":"https:\/\/escoladigital.madeira.gov.pt\/infantario-do-livramento\/wp-json\/wp\/v2\/pages\/177\/revisions\/274"}],"wp:attachment":[{"href":"https:\/\/escoladigital.madeira.gov.pt\/infantario-do-livramento\/wp-json\/wp\/v2\/media?parent=177"}],"curies":[{"name":"wp","href":"https:\/\/api.w.org\/{rel}","templated":true}]}}

<figure class="wp-block-image aligncenter size-large is-resized"><img fetchpriority="high" decoding="async" width="1024" height="683" src="https://escoladigital.madeira.gov.pt/infantario-do-livramento/wp-content/uploads/sites/70/2025/05/ChatGPT-Image-26_05_2025-22_53_11-1024x683.png" alt="" class="wp-image-272" style="width:340px;height:auto" srcset="https://escoladigital.madeira.gov.pt/infantario-do-livramento/wp-content/uploads/sites/70/2025/05/ChatGPT-Image-26_05_2025-22_53_11-1024x683.png 1024w, https://escoladigital.madeira.gov.pt/infantario-do-livramento/wp-content/uploads/sites/70/2025/05/ChatGPT-Image-26_05_2025-22_53_11-300x200.png 300w, https://escoladigital.madeira.gov.pt/infantario-do-livramento/wp-content/uploads/sites/70/2025/05/ChatGPT-Image-26_05_2025-22_53_11-768x512.png 768w, https://escoladigital.madeira.gov.pt/infantario-do-livramento/wp-content/uploads/sites/70/2025/05/ChatGPT-Image-26_05_2025-22_53_11.png 1536w" sizes="(max-width: 1024px) 100vw, 1024px" /></figure>



<p class="has-text-align-center">O Infantário do Livramento orgulha-se de fazer parte do programa Eco-Escolas, tendo sido galardoado ininterruptamente desde o ano letivo 2017/2018. Este reconhecimento reflete o nosso compromisso com a educação ambiental, a sustentabilidade e a promoção de boas práticas ecológicas no dia a dia das crianças.</p>



<div style="height:59px" aria-hidden="true" class="wp-block-spacer"></div>


<div class=" is-style-boxed wp-block-themeisle-blocks-posts-grid" id="wp-block-themeisle-blocks-posts-grid-fc6513fb"><div class="is-grid o-posts-grid-columns-1"><div class="o-posts-grid-post-blog o-posts-grid-post-plain"><div class="o-posts-grid-post"><div class="o-posts-grid-post-body is-full"><h4 class="o-posts-grid-post-title"><a href="https://escoladigital.madeira.gov.pt/infantario-do-livramento/2025/05/08/hastear-da-bandeira/">Hastear da bandeira</a></h4><div class="o-posts-grid-post-description"><p>🌍💚&nbsp;Hoje celebrámos o Dia da Terra com um momento muito especial!&nbsp;💚🌍 O nosso infantário has…</p></div></div></div></div></div> <div class="o-posts-grid-pag"></div></div>


<p></p>

<p>O Infantário do Livramento orgulha-se de fazer parte do programa Eco-Escolas, tendo sido galardoado ininterruptamente desde o ano letivo 2017/2018. [&hellip;]</p>
